{"id":1073,"date":"2024-10-12T19:06:03","date_gmt":"2024-10-12T10:06:03","guid":{"rendered":"https:\/\/listman.shop\/autoparts-br\/product\/1005006691716043\/"},"modified":"2026-04-15T00:04:07","modified_gmt":"2026-04-14T15:04:07","slug":"1005006691716043","status":"publish","type":"product","link":"https:\/\/listman.shop\/autoparts-br\/product\/1005006691716043\/","title":{"rendered":"5 PCS KEYDIY NB11-2 Chave remota universal multifuncional para KD900 + URG200 KD-X2 NB-Series, (todas as fun\u00e7\u00f5es chips em uma chave)"},"content":{"rendered":"<div class=\"detailmodule_html\">\n<div class=\"detail-desc-decorate-richtext\">\n<p>5 PCS KEYDIY NB11-3 Chave Remota Universal Multifuncional para KD900 + URG200 KD-X2 NB-Series, (todas as fun\u00e7\u00f5es de chips em uma chave)<\/p>\n<p>Pacote inclu\u00eddo:<\/p>\n<p>5 PCS * Controle remoto NB11<\/p>\n<p><img data-recalc-dims=\"1\" decoding=\"async\" src=\"https:\/\/i0.wp.com\/ae01.alicdn.com\/kf\/Aacb7394e0c8045acb8dd82ffeb624536s.jpg?w=1200&#038;ssl=1\"><img data-recalc-dims=\"1\" decoding=\"async\" src=\"https:\/\/i0.wp.com\/ae01.alicdn.com\/kf\/A148ba8ad6a6b473bb208480199e492d8q.jpg?w=1200&#038;ssl=1\"><img data-recalc-dims=\"1\" decoding=\"async\" src=\"https:\/\/i0.wp.com\/ae01.alicdn.com\/kf\/Ab6424d52a2eb4e2d998236145463a980U.jpg?w=1200&#038;ssl=1\"><img data-recalc-dims=\"1\" decoding=\"async\" src=\"https:\/\/i0.wp.com\/ae01.alicdn.com\/kf\/A7e46015ce397432eafa41b7f27d58fc8k.jpg?w=1200&#038;ssl=1\"><\/p>\n<\/div>\n<\/div>\n","protected":false},"excerpt":{"rendered":"<p>5 PCS KEYDIY NB11-3 Chave Remota Universal Multifuncional para KD900 + URG200 KD-X2 NB-Series, (todas as fun\u00e7\u00f5es de chips em uma chave) Pacote inclu\u00eddo: 5 PCS * Controle remoto NB11<\/p>\n","protected":false},"featured_media":1068,"template":"","meta":{"neve_meta_sidebar":"","neve_meta_container":"","neve_meta_enable_content_width":"","neve_meta_content_width":0,"neve_meta_title_alignment":"","neve_meta_author_avatar":"","neve_post_elements_order":"","neve_meta_disable_header":"","neve_meta_disable_footer":"","neve_meta_disable_title":""},"product_brand":[],"product_cat":[51,17,30],"product_tag":[],"class_list":{"0":"post-1073","1":"product","2":"type-product","3":"status-publish","4":"has-post-thumbnail","6":"product_cat-chave-do-carro","7":"product_cat-pecas-e-acessorios-automotivos","8":"product_cat-starters","10":"first","11":"instock","12":"shipping-taxable","13":"purchasable","14":"product-type-variable","15":"has-default-attributes"},"jetpack_sharing_enabled":true,"_links":{"self":[{"href":"https:\/\/listman.shop\/autoparts-br\/wp-json\/wp\/v2\/product\/1073","targetHints":{"allow":["GET"]}}],"collection":[{"href":"https:\/\/listman.shop\/autoparts-br\/wp-json\/wp\/v2\/product"}],"about":[{"href":"https:\/\/listman.shop\/autoparts-br\/wp-json\/wp\/v2\/types\/product"}],"wp:featuredmedia":[{"embeddable":true,"href":"https:\/\/listman.shop\/autoparts-br\/wp-json\/wp\/v2\/media\/1068"}],"wp:attachment":[{"href":"https:\/\/listman.shop\/autoparts-br\/wp-json\/wp\/v2\/media?parent=1073"}],"wp:term":[{"taxonomy":"product_brand","embeddable":true,"href":"https:\/\/listman.shop\/autoparts-br\/wp-json\/wp\/v2\/product_brand?post=1073"},{"taxonomy":"product_cat","embeddable":true,"href":"https:\/\/listman.shop\/autoparts-br\/wp-json\/wp\/v2\/product_cat?post=1073"},{"taxonomy":"product_tag","embeddable":true,"href":"https:\/\/listman.shop\/autoparts-br\/wp-json\/wp\/v2\/product_tag?post=1073"}],"curies":[{"name":"wp","href":"https:\/\/api.w.org\/{rel}","templated":true}]}}