{"id":12427,"date":"2024-11-30T11:15:28","date_gmt":"2024-11-30T02:15:28","guid":{"rendered":"https:\/\/listman.shop\/autoparts-br\/product\/1005006294010268\/"},"modified":"2026-04-14T15:31:06","modified_gmt":"2026-04-14T06:31:06","slug":"1005006294010268","status":"publish","type":"product","link":"https:\/\/listman.shop\/autoparts-br\/product\/1005006294010268\/","title":{"rendered":"Para mercedes benz clk w209 2002-2009 led vermelho traseiro 3o terceira luz de parada de freio de alto n\u00edvel"},"content":{"rendered":"<div class=\"detailmodule_html\">\n<div class=\"detail-desc-decorate-richtext\">\n<div class=\"detailmodule_html\">\n<div class=\"detail-desc-decorate-richtext\">\n<div><strong><span style=\"font-size:20px\">1 pe\u00e7a adequada para Mercedes Benz CLK W209 2002-2009 LED traseira 3a terceira luz de freio de alto n\u00edvel<\/span><\/strong><\/div>\n<p style=\"font-family:Arial;font-size:15px;line-height:inherit;border:0px;margin:0px;margin-bottom:0px;margin-top:0px;margin-left:0px;margin-right:0px;padding:0px;padding-bottom:0px;padding-top:0px;padding-left:0px;padding-right:0px\"><span style=\"font-size:14px;font-family:inherit\"><span style=\"font-size:inherit;font-family:arial, helvetica, sans-serif\"><u><span style=\"font-size:inherit;font-family:inherit\">Descri\u00e7\u00e3o<\/span><\/u><\/span><\/span><span style=\"font-size:14px;font-family:inherit\"><span style=\"font-size:inherit;font-family:arial, helvetica, sans-serif\">:<\/span><\/span><\/p>\n<ul style=\"font-family:Arial;font-size:15px;line-height:inherit;border:0px;margin:0px 0px 0px 20px;margin-bottom:0px;margin-top:0px;margin-left:20px;margin-right:0px;padding-left:0px;padding-right:0px\">\n<li style=\"font-family:inherit;font-size:inherit;font-weight:inherit;line-height:inherit;border:0px;margin:0px;margin-bottom:0px;margin-top:0px;margin-left:0px;margin-right:0px;padding:0px;padding-bottom:0px;padding-top:0px;padding-left:0px;padding-right:0px\">\n<p><span style=\"font-size:14px;font-family:inherit\"><span style=\"font-size:inherit;font-family:arial, helvetica, sans-serif\">1pc led lente vermelha traseira 3o terceiro l\u00e2mpada de luz de freio de alto n\u00edvel para mercedes benz clk w209 2002-2009<\/span><\/span><\/p>\n<\/li>\n<li style=\"font-family:inherit;font-size:inherit;font-weight:inherit;line-height:inherit;border:0px;margin:0px;margin-bottom:0px;margin-top:0px;margin-left:0px;margin-right:0px;padding:0px;padding-bottom:0px;padding-top:0px;padding-left:0px;padding-right:0px\">\n<p><span style=\"font-size:14px;font-family:inherit\"><span style=\"font-size:inherit;font-family:arial, helvetica, sans-serif\">Temperatura de cor vermelha brilhante.luz<\/span><\/span><\/p>\n<\/li>\n<li style=\"font-family:inherit;font-size:inherit;font-weight:inherit;line-height:inherit;border:0px;margin:0px;margin-bottom:0px;margin-top:0px;margin-left:0px;margin-right:0px;padding:0px;padding-bottom:0px;padding-top:0px;padding-left:0px;padding-right:0px\">\n<p><span style=\"font-size:14px;font-family:inherit\"><span style=\"font-size:inherit;font-family:arial, helvetica, sans-serif\">Com tampa de lente vermelha<\/span><\/span><\/p>\n<\/li>\n<li style=\"font-family:inherit;font-size:inherit;font-weight:inherit;line-height:inherit;border:0px;margin:0px;margin-bottom:0px;margin-top:0px;margin-left:0px;margin-right:0px;padding:0px;padding-bottom:0px;padding-top:0px;padding-left:0px;padding-right:0px\">\n<p><span style=\"font-size:14px;font-family:inherit\"><span style=\"font-size:inherit;font-family:arial, helvetica, sans-serif\">Tens\u00e3o: 12V CC<\/span><\/span><\/p>\n<\/li>\n<li style=\"font-family:inherit;font-size:inherit;font-weight:inherit;line-height:inherit;border:0px;margin:0px;margin-bottom:0px;margin-top:0px;margin-left:0px;margin-right:0px;padding:0px;padding-bottom:0px;padding-top:0px;padding-left:0px;padding-right:0px\">\n<p><span style=\"font-size:14px;font-family:inherit\"><span style=\"font-size:inherit;font-family:arial, helvetica, sans-serif\">Com 16pcs chips LED de alta pot\u00eancia l\u00e2mpada de montagem do refletor traseiro<\/span><\/span><\/p>\n<\/li>\n<li style=\"font-family:inherit;font-size:inherit;font-weight:inherit;line-height:inherit;border:0px;margin:0px;margin-bottom:0px;margin-top:0px;margin-left:0px;margin-right:0px;padding:0px;padding-bottom:0px;padding-top:0px;padding-left:0px;padding-right:0px\">\n<p><span style=\"font-size:14px;font-family:inherit\"><span style=\"font-size:inherit;font-family:arial, helvetica, sans-serif\">Ele pode substituir a luz de freio traseira de alto n\u00edvel em montagem OEM<\/span><\/span><\/p>\n<\/li>\n<li style=\"font-family:inherit;font-size:inherit;font-weight:inherit;line-height:inherit;border:0px;margin:0px;margin-bottom:0px;margin-top:0px;margin-left:0px;margin-right:0px;padding:0px;padding-bottom:0px;padding-top:0px;padding-left:0px;padding-right:0px\">\n<p><span style=\"font-size:14px;font-family:inherit\"><span style=\"font-size:inherit;font-family:arial, helvetica, sans-serif\">Esta l\u00e2mpada \u00e9 a luz de freio de n\u00edvel de montagem alta de reposi\u00e7\u00e3o de terceiros<\/span><\/span><\/p>\n<\/li>\n<li style=\"font-family:inherit;font-size:inherit;font-weight:inherit;line-height:inherit;border:0px;margin:0px;margin-bottom:0px;margin-top:0px;margin-left:0px;margin-right:0px;padding:0px;padding-bottom:0px;padding-top:0px;padding-left:0px;padding-right:0px\">\n<p><span style=\"font-size:14px;font-family:inherit\"><span style=\"font-size:inherit;font-family:arial, helvetica, sans-serif\">N\u00c3O \u00e9 um item genu\u00edno<\/span><\/span><\/p>\n<\/li>\n<\/ul>\n<p style=\"font-family:Arial;font-size:15px;line-height:inherit;border:0px;margin:0px;margin-bottom:0px;margin-top:0px;margin-left:0px;margin-right:0px;padding:0px;padding-bottom:0px;padding-top:0px;padding-left:0px;padding-right:0px\"><span style=\"font-size:14px;font-family:inherit\"><span style=\"font-size:inherit;font-family:arial, helvetica, sans-serif\"><span style=\"font-size:inherit;font-family:inherit\"><u><span style=\"font-size:inherit;font-family:inherit\">Aplica\u00e7\u00f5es Montagem desta l\u00e2mpada de luz de freio traseira LED de alto n\u00edvel:<\/span><\/u><\/span><\/span><\/span><\/p>\n<p><\/p>\n<p style=\"font-family:Arial;font-size:15px;line-height:inherit;border:0px;margin:0px;margin-bottom:0px;margin-top:0px;margin-left:0px;margin-right:0px;padding:0px;padding-bottom:0px;padding-top:0px;padding-left:0px;padding-right:0px\"><span style=\"font-size:inherit;font-family:inherit\"><span style=\"font-size:inherit;font-family:inherit\"><span style=\"font-size:14px;font-family:inherit\"><span style=\"font-size:inherit;font-family:arial, helvetica, sans-serif\">Estoque OEM original\/n\u00fameros de pe\u00e7as:<\/span><\/span><\/span><\/span><\/p>\n<p style=\"font-family:Arial;font-size:15px;line-height:inherit;border:0px;margin:0px;margin-bottom:0px;margin-top:0px;margin-left:0px;margin-right:0px;padding:0px;padding-bottom:0px;padding-top:0px;padding-left:0px;padding-right:0px\"><span style=\"font-size:inherit;font-family:inherit\"><span style=\"font-size:14px;font-family:arial\">A2098200156, A2098200556, A2098200956, A2098201056<\/span><\/span><\/p>\n<p><\/p>\n<p style=\"font-family:Arial;font-size:15px;line-height:inherit;border:0px;margin:0px;margin-bottom:0px;margin-top:0px;margin-left:0px;margin-right:0px;padding:0px;padding-bottom:0px;padding-top:0px;padding-left:0px;padding-right:0px\"><span style=\"font-size:14px;font-family:inherit\"><span style=\"font-size:inherit;font-family:arial, helvetica, sans-serif\"><u><span style=\"font-size:inherit;font-family:inherit\">Para Mercedes Benz:<\/span><\/u><\/span><\/span><\/p>\n<p><\/p>\n<p style=\"font-family:Arial;font-size:15px;line-height:inherit;border:0px;margin:0px;margin-bottom:0px;margin-top:0px;margin-left:0px;margin-right:0px;padding:0px;padding-bottom:0px;padding-top:0px;padding-left:0px;padding-right:0px\"><span style=\"font-size:inherit;font-family:inherit\"><span style=\"font-size:14px;font-family:inherit\"><span style=\"font-size:inherit;font-family:arial, helvetica, sans-serif\">2002 &#8211; 2009 Mercedes Benz CLK W209<\/span><\/span><\/span><\/p>\n<p><\/p>\n<p style=\"font-family:Arial;font-size:15px;line-height:inherit;border:0px;margin:0px;margin-bottom:0px;margin-top:0px;margin-left:0px;margin-right:0px;padding:0px;padding-bottom:0px;padding-top:0px;padding-left:0px;padding-right:0px\"><span style=\"font-size:14px;font-family:inherit\"><span style=\"font-size:inherit;font-family:arial, helvetica, sans-serif\"><span style=\"font-size:inherit;font-family:inherit\"><span style=\"font-size:inherit;font-family:inherit\">VERIFIQUE O MONTAGEM CORRETO ANTES DE COMPRAR!!!<\/span><\/span><\/span><\/span><\/p>\n<p><\/p>\n<p style=\"font-family:Arial;font-size:15px;line-height:inherit;border:0px;margin:0px;margin-bottom:0px;margin-top:0px;margin-left:0px;margin-right:0px;padding:0px;padding-bottom:0px;padding-top:0px;padding-left:0px;padding-right:0px\"><span style=\"font-size:14px;font-family:inherit\"><span style=\"font-size:inherit;font-family:arial, helvetica, sans-serif\"><u><span style=\"font-size:inherit;font-family:inherit\">Pacote inclu\u00eddo:<\/span><\/u><\/span><\/span><\/p>\n<p style=\"font-family:Arial;font-size:15px;line-height:inherit;border:0px;margin:0px;margin-bottom:0px;margin-top:0px;margin-left:0px;margin-right:0px;padding:0px;padding-bottom:0px;padding-top:0px;padding-left:0px;padding-right:0px\"><span style=\"font-size:14px;font-family:inherit\"><span style=\"font-size:inherit;font-family:arial, helvetica, sans-serif\">1x Vermelho<\/span><\/span><span style=\"font-size:14px;font-family:inherit\"><span style=\"font-size:inherit;font-family:arial, helvetica, sans-serif\"><span style=\"font-size:inherit;font-family:inherit\">Lente LED traseira terceira l\u00e2mpada de luz de freio de alto n\u00edvel para Mercedes Benz W209<\/span><\/span><\/span><br \/><img data-recalc-dims=\"1\" decoding=\"async\" src=\"https:\/\/i0.wp.com\/ae01.alicdn.com\/kf\/He715e6970c384a1ca74a99b3865538feR.jpg?w=1200&#038;ssl=1\"><br \/><img data-recalc-dims=\"1\" decoding=\"async\" src=\"https:\/\/i0.wp.com\/ae01.alicdn.com\/kf\/H7ebace1a30104d249183c58bb5ee6c45L.jpg?w=1200&#038;ssl=1\"><br \/><img data-recalc-dims=\"1\" decoding=\"async\" src=\"https:\/\/i0.wp.com\/ae01.alicdn.com\/kf\/H1203e08c01d14f27a9729d2521470e57F.jpg?w=1200&#038;ssl=1\"><br \/><img data-recalc-dims=\"1\" decoding=\"async\" src=\"https:\/\/i0.wp.com\/ae01.alicdn.com\/kf\/Haa9e1438fd0d4cf7ada78d1a1f3e345cg.jpg?w=1200&#038;ssl=1\"><br \/><img data-recalc-dims=\"1\" decoding=\"async\" src=\"https:\/\/i0.wp.com\/ae01.alicdn.com\/kf\/H5d37af8a3d6c46ccb42ca060fe71581dq.jpg?w=1200&#038;ssl=1\"><br \/><img data-recalc-dims=\"1\" decoding=\"async\" src=\"https:\/\/i0.wp.com\/ae01.alicdn.com\/kf\/H9dc4f3c195b44dfaa87991c79f763e36s.jpg?w=1200&#038;ssl=1\"><br \/><img data-recalc-dims=\"1\" decoding=\"async\" src=\"https:\/\/i0.wp.com\/ae01.alicdn.com\/kf\/He4fa41c0039840cb8eb08564ddb7d1ffB.jpg?w=1200&#038;ssl=1\"><br \/><img data-recalc-dims=\"1\" decoding=\"async\" src=\"https:\/\/i0.wp.com\/ae01.alicdn.com\/kf\/H31fb7707070742fc84b74f5d31cd1e04X.jpg?w=1200&#038;ssl=1\"><br \/><img data-recalc-dims=\"1\" decoding=\"async\" src=\"https:\/\/i0.wp.com\/ae01.alicdn.com\/kf\/H549995b8cd594725a494b3fde543b6c6D.jpg?w=1200&#038;ssl=1\"><br \/><img data-recalc-dims=\"1\" decoding=\"async\" src=\"https:\/\/i0.wp.com\/ae01.alicdn.com\/kf\/H44e51475520b4c629e4bee63dd8ca728z.jpg?w=1200&#038;ssl=1\"><br \/><img data-recalc-dims=\"1\" decoding=\"async\" src=\"https:\/\/i0.wp.com\/ae01.alicdn.com\/kf\/H3768fde6cd75454abf9e0aec8c5b7cf1A.jpg?w=1200&#038;ssl=1\"><br \/><img data-recalc-dims=\"1\" decoding=\"async\" src=\"https:\/\/i0.wp.com\/ae01.alicdn.com\/kf\/Hb59a51c0426846829370b24e6960c1f8v.jpg?w=1200&#038;ssl=1\"><\/p>\n<\/div>\n<\/div>\n<p><\/div>\n<\/div>\n","protected":false},"excerpt":{"rendered":"<p>1 pe\u00e7a adequada para Mercedes Benz CLK W209 2002-2009 LED traseira 3a terceira luz de freio de alto n\u00edvel Descri\u00e7\u00e3o: 1pc led lente vermelha traseira 3o terceiro l\u00e2mpada de luz de freio de alto n\u00edvel para mercedes benz clk w209 2002-2009 Temperatura de cor vermelha brilhante.luz Com tampa de lente vermelha Tens\u00e3o: 12V CC Com&hellip;&nbsp;<\/p>\n","protected":false},"featured_media":12421,"template":"","meta":{"neve_meta_sidebar":"","neve_meta_container":"","neve_meta_enable_content_width":"","neve_meta_content_width":0,"neve_meta_title_alignment":"","neve_meta_author_avatar":"","neve_post_elements_order":"","neve_meta_disable_header":"","neve_meta_disable_footer":"","neve_meta_disable_title":""},"product_brand":[],"product_cat":[95,19,17],"product_tag":[],"class_list":{"0":"post-12427","1":"product","2":"type-product","3":"status-publish","4":"has-post-thumbnail","6":"product_cat-assembleia-lampada-sinal","7":"product_cat-luzes-automotivas","8":"product_cat-pecas-e-acessorios-automotivos","10":"first","11":"instock","12":"shipping-taxable","13":"purchasable","14":"product-type-variable","15":"has-default-attributes"},"jetpack_sharing_enabled":true,"_links":{"self":[{"href":"https:\/\/listman.shop\/autoparts-br\/wp-json\/wp\/v2\/product\/12427","targetHints":{"allow":["GET"]}}],"collection":[{"href":"https:\/\/listman.shop\/autoparts-br\/wp-json\/wp\/v2\/product"}],"about":[{"href":"https:\/\/listman.shop\/autoparts-br\/wp-json\/wp\/v2\/types\/product"}],"wp:featuredmedia":[{"embeddable":true,"href":"https:\/\/listman.shop\/autoparts-br\/wp-json\/wp\/v2\/media\/12421"}],"wp:attachment":[{"href":"https:\/\/listman.shop\/autoparts-br\/wp-json\/wp\/v2\/media?parent=12427"}],"wp:term":[{"taxonomy":"product_brand","embeddable":true,"href":"https:\/\/listman.shop\/autoparts-br\/wp-json\/wp\/v2\/product_brand?post=12427"},{"taxonomy":"product_cat","embeddable":true,"href":"https:\/\/listman.shop\/autoparts-br\/wp-json\/wp\/v2\/product_cat?post=12427"},{"taxonomy":"product_tag","embeddable":true,"href":"https:\/\/listman.shop\/autoparts-br\/wp-json\/wp\/v2\/product_tag?post=12427"}],"curies":[{"name":"wp","href":"https:\/\/api.w.org\/{rel}","templated":true}]}}