{"id":1333,"date":"2024-10-12T19:10:24","date_gmt":"2024-10-12T10:10:24","guid":{"rendered":"https:\/\/listman.shop\/autoparts-br\/product\/1005007011075220\/"},"modified":"2026-05-07T22:01:56","modified_gmt":"2026-05-07T13:01:56","slug":"1005007011075220","status":"publish","type":"product","link":"https:\/\/listman.shop\/autoparts-br\/product\/1005007011075220\/","title":{"rendered":"PMFC-l\u00e2mpada da cauda da luz da parada do carro, l\u00e2mpada do sinal de volta para Audi A6, C6, S6, Quattro, RS6, sal\u00e3o, Sedan, 2009, 2010, 2011, 4F5945095J, 4F5945096J"},"content":{"rendered":"<div class=\"detailmodule_html\">\n<div class=\"detail-desc-decorate-richtext\">\n<div class=\"detailmodule_text\">\n<p style=\"font-size:20px;font-weight:bold;text-align:left;margin-bottom:12px\" class=\"detail-desc-decorate-title\" align=\"left\" id=\"tl_1\">Montagem:<\/p>\n<p style=\"font-size:16px;font-weight:normal;text-align:left;margin-bottom:12px\" class=\"detail-desc-decorate-content\" align=\"left\" id=\"tl_2\">Para Audi A6 C6 S6 Quattro RS6 Sedan Saloon 2009-2011 <\/p>\n<\/div>\n<div class=\"detailmodule_text\">\n<p style=\"font-size:20px;font-weight:bold;text-align:left;margin-bottom:12px\" class=\"detail-desc-decorate-title\" align=\"left\" id=\"tl_3\">Especifica&ccedil;&otilde;es:<\/p>\n<p style=\"font-size:16px;font-weight:normal;text-align:left;margin-bottom:12px\" class=\"detail-desc-decorate-content\" align=\"left\" id=\"tl_4\">Condi&ccedil;&atilde;o: 100% Brand new <br \/>Material: alta qualidade <br \/>Cor: Mesmos que a mostra da imagem <br \/>Luz traseira traseira do lado exterior esquerdo, 3 pinos (n&uacute;mero da pe&ccedil;a: 4F5 945 095 J\/K) <br \/>Luz traseira lateral exterior direita traseira, 3 pinos (n&uacute;mero da pe&ccedil;a: 4F5 945 096 J\/K) <\/p>\n<\/div>\n<div class=\"detailmodule_text\">\n<p style=\"font-size:20px;font-weight:bold;text-align:left;margin-bottom:12px\" class=\"detail-desc-decorate-title\" align=\"left\" id=\"tl_5\">Nota:<\/p>\n<p style=\"font-size:16px;font-weight:normal;text-align:left;margin-bottom:12px\" class=\"detail-desc-decorate-content\" align=\"left\" id=\"tl_6\">Apenas para refer&ecirc;ncia, Pls confirmar o produto se ele corresponde ao seu carro antes de comprar. <\/p>\n<\/div>\n<div class=\"detailmodule_image clickDiv\">\n <img data-recalc-dims=\"1\" decoding=\"async\" class=\"detail-desc-decorate-image\" src=\"https:\/\/i0.wp.com\/ae01.alicdn.com\/kf\/S243f53042ce64c7da4a534b6ef0b7031J.jpg?w=1200&#038;ssl=1\" \/><br \/>\n <br \/> <br \/>\n <img data-recalc-dims=\"1\" decoding=\"async\" class=\"detail-desc-decorate-image\" src=\"https:\/\/i0.wp.com\/ae01.alicdn.com\/kf\/S12b86e7d0961468fbfde672627edc1df9.jpg?w=1200&#038;ssl=1\" \/><br \/>\n <br \/> \n<\/div>\n<div class=\"detailmodule_text-image\">\n<p style=\"font-size:20px;font-weight:bold;text-align:left;margin-bottom:12px\" class=\"detail-desc-decorate-title\" align=\"left\" id=\"tl_7\">Fora:<\/p>\n<div>\n  <br \/> \n <\/div>\n<div class=\"detailmodule_image\">\n  <img data-recalc-dims=\"1\" decoding=\"async\" class=\"detail-desc-decorate-image\" src=\"https:\/\/i0.wp.com\/ae01.alicdn.com\/kf\/S546edd1e6e3c45c2b4fe8600a8384946K.jpg?w=1200&#038;ssl=1\" \/><br \/>\n  <br \/> <br \/>\n  <img data-recalc-dims=\"1\" decoding=\"async\" class=\"detail-desc-decorate-image\" src=\"https:\/\/i0.wp.com\/ae01.alicdn.com\/kf\/S658fab5f2a4c41a4b98884a4ccb8ee8a7.jpg?w=1200&#038;ssl=1\" \/><br \/>\n  <br \/> <br \/>\n  <img data-recalc-dims=\"1\" decoding=\"async\" class=\"detail-desc-decorate-image\" src=\"https:\/\/i0.wp.com\/ae01.alicdn.com\/kf\/S75552efd78d84953b43ff8f9ad06478aF.jpg?w=1200&#038;ssl=1\" \/><br \/>\n  <br \/> <br \/>\n  <img data-recalc-dims=\"1\" decoding=\"async\" class=\"detail-desc-decorate-image\" src=\"https:\/\/i0.wp.com\/ae01.alicdn.com\/kf\/Sb3c5580f62be4eeda2be76bb0ecf26659.jpg?w=1200&#038;ssl=1\" \/><br \/>\n  <br \/> <br \/>\n  <img data-recalc-dims=\"1\" decoding=\"async\" class=\"detail-desc-decorate-image\" src=\"https:\/\/i0.wp.com\/ae01.alicdn.com\/kf\/S1a2ebcbdcb7e4a82b25971edad2b5e9aN.jpg?w=1200&#038;ssl=1\" \/><br \/>\n  <br \/> <br \/>\n  <img data-recalc-dims=\"1\" decoding=\"async\" class=\"detail-desc-decorate-image\" src=\"https:\/\/i0.wp.com\/ae01.alicdn.com\/kf\/S334ead6f8762433c829df103c2d24268D.jpg?w=1200&#038;ssl=1\" \/><br \/>\n  <br \/> <br \/>\n  <img data-recalc-dims=\"1\" decoding=\"async\" class=\"detail-desc-decorate-image\" src=\"https:\/\/i0.wp.com\/ae01.alicdn.com\/kf\/Sbd01a703f3414212beee7e2aca0239bfu.jpg?w=1200&#038;ssl=1\" \/><br \/>\n  <br \/> <br \/>\n  <img data-recalc-dims=\"1\" decoding=\"async\" class=\"detail-desc-decorate-image\" src=\"https:\/\/i0.wp.com\/ae01.alicdn.com\/kf\/S8114ba791a304f98a70a312b06c111c4o.jpg?w=1200&#038;ssl=1\" \/><br \/>\n  <br \/> <br \/>\n  <img data-recalc-dims=\"1\" decoding=\"async\" class=\"detail-desc-decorate-image\" src=\"https:\/\/i0.wp.com\/ae01.alicdn.com\/kf\/S7d8a552170b94534acab2c66d68590f06.jpg?w=1200&#038;ssl=1\" \/><br \/>\n  <br \/> <br \/>\n  <img data-recalc-dims=\"1\" decoding=\"async\" class=\"detail-desc-decorate-image\" src=\"https:\/\/i0.wp.com\/ae01.alicdn.com\/kf\/S5a48d4aab44143cc9f65c5990200a524r.jpg?w=1200&#038;ssl=1\" \/><br \/>\n  <br \/> <br \/>\n  <img data-recalc-dims=\"1\" decoding=\"async\" class=\"detail-desc-decorate-image\" src=\"https:\/\/i0.wp.com\/ae01.alicdn.com\/kf\/S0330bc4a7bd74112a3cd8b8a1edf2997P.jpg?w=1200&#038;ssl=1\" \/><br \/>\n  <br \/> <br \/>\n  <img data-recalc-dims=\"1\" decoding=\"async\" class=\"detail-desc-decorate-image\" src=\"https:\/\/i0.wp.com\/ae01.alicdn.com\/kf\/S24f14ee87e53433b9356c12decd139462.jpg?w=1200&#038;ssl=1\" \/><br \/>\n  <br \/> <br \/>\n  <img data-recalc-dims=\"1\" decoding=\"async\" class=\"detail-desc-decorate-image\" src=\"https:\/\/i0.wp.com\/ae01.alicdn.com\/kf\/S3d9ce4cc4e444ae39af24e1f17386d01F.jpg?w=1200&#038;ssl=1\" \/><br \/>\n  <br \/> <br \/>\n  <img data-recalc-dims=\"1\" decoding=\"async\" class=\"detail-desc-decorate-image\" src=\"https:\/\/i0.wp.com\/ae01.alicdn.com\/kf\/Sc989afcbb1ad4df4aa3f7f7236cd40c0G.jpg?w=1200&#038;ssl=1\" \/><br \/>\n  <br \/> <br \/>\n  <img data-recalc-dims=\"1\" decoding=\"async\" class=\"detail-desc-decorate-image\" src=\"https:\/\/i0.wp.com\/ae01.alicdn.com\/kf\/S8978f3fe81ad4db387202b26e795a228E.jpg?w=1200&#038;ssl=1\" \/><br \/>\n  <br \/> \n <\/div>\n<\/div>\n<div class=\"detailmodule_text-image\">\n<p style=\"font-size:20px;font-weight:bold;text-align:left;margin-bottom:12px\" class=\"detail-desc-decorate-title\" align=\"left\" id=\"tl_8\">No interior:<\/p>\n<div>\n  <br \/> \n <\/div>\n<div class=\"detailmodule_image\">\n  <img data-recalc-dims=\"1\" decoding=\"async\" class=\"detail-desc-decorate-image\" src=\"https:\/\/i0.wp.com\/ae01.alicdn.com\/kf\/Sf6f36e40f4ef4e45bcf599d2ff6a43baV.jpg?w=1200&#038;ssl=1\" \/><br \/>\n  <br \/> <br \/>\n  <img data-recalc-dims=\"1\" decoding=\"async\" class=\"detail-desc-decorate-image\" src=\"https:\/\/i0.wp.com\/ae01.alicdn.com\/kf\/Se366b5122654415f815f87fe6aabe02dp.jpg?w=1200&#038;ssl=1\" \/><br \/>\n  <br \/> <br \/>\n  <img data-recalc-dims=\"1\" decoding=\"async\" class=\"detail-desc-decorate-image\" src=\"https:\/\/i0.wp.com\/ae01.alicdn.com\/kf\/S6cfa3275416e4290acdc7ffef2985958W.jpg?w=1200&#038;ssl=1\" \/><br \/>\n  <br \/> <br \/>\n  <img data-recalc-dims=\"1\" decoding=\"async\" class=\"detail-desc-decorate-image\" src=\"https:\/\/i0.wp.com\/ae01.alicdn.com\/kf\/S11ac5d03b33746b89b0eab1a7f9d717cQ.jpg?w=1200&#038;ssl=1\" \/><br \/>\n  <br \/> <br \/>\n  <img data-recalc-dims=\"1\" decoding=\"async\" class=\"detail-desc-decorate-image\" src=\"https:\/\/i0.wp.com\/ae01.alicdn.com\/kf\/S3c0e768b11c84df2a73bf50aab567338H.jpg?w=1200&#038;ssl=1\" \/><br \/>\n  <br \/> <br \/>\n  <img data-recalc-dims=\"1\" decoding=\"async\" class=\"detail-desc-decorate-image\" src=\"https:\/\/i0.wp.com\/ae01.alicdn.com\/kf\/S03d7ca2ca587483c86d82fec76dd089c9.jpg?w=1200&#038;ssl=1\" \/><br \/>\n  <br \/> <br \/>\n  <img data-recalc-dims=\"1\" decoding=\"async\" class=\"detail-desc-decorate-image\" src=\"https:\/\/i0.wp.com\/ae01.alicdn.com\/kf\/Sf745f684236348eca17de90714cd4cf80.jpg?w=1200&#038;ssl=1\" \/><br \/>\n  <br \/> <br \/>\n  <img data-recalc-dims=\"1\" decoding=\"async\" class=\"detail-desc-decorate-image\" src=\"https:\/\/i0.wp.com\/ae01.alicdn.com\/kf\/S70c2df8efe524e4f91200cebe83e5754k.jpg?w=1200&#038;ssl=1\" \/><br \/>\n  <br \/> <br \/>\n  <img data-recalc-dims=\"1\" decoding=\"async\" class=\"detail-desc-decorate-image\" src=\"https:\/\/i0.wp.com\/ae01.alicdn.com\/kf\/Sf4aded038f384f57b023156b5a2d152ae.jpg?w=1200&#038;ssl=1\" \/><br \/>\n  <br \/> <br \/>\n  <img data-recalc-dims=\"1\" decoding=\"async\" class=\"detail-desc-decorate-image\" src=\"https:\/\/i0.wp.com\/ae01.alicdn.com\/kf\/S4154c59b1d084442a471401e549c6cefQ.jpg?w=1200&#038;ssl=1\" \/><br \/>\n  <br \/> <br \/>\n  <img data-recalc-dims=\"1\" decoding=\"async\" class=\"detail-desc-decorate-image\" src=\"https:\/\/i0.wp.com\/ae01.alicdn.com\/kf\/Se5c6fd22f4b84a0b8afe44439e5dc2bex.jpg?w=1200&#038;ssl=1\" \/><br \/>\n  <br \/> <br \/>\n  <img data-recalc-dims=\"1\" decoding=\"async\" class=\"detail-desc-decorate-image\" src=\"https:\/\/i0.wp.com\/ae01.alicdn.com\/kf\/Sc43b9256266d472585e66cbbe641ece87.jpg?w=1200&#038;ssl=1\" \/><br \/>\n  <br \/> <br \/>\n  <img data-recalc-dims=\"1\" decoding=\"async\" class=\"detail-desc-decorate-image\" src=\"https:\/\/i0.wp.com\/ae01.alicdn.com\/kf\/Sc65a30ffdf3341a6bedb162eeedb1148j.jpg?w=1200&#038;ssl=1\" \/><br \/>\n  <br \/> \n <\/div>\n<\/div>\n<p><\/p>\n<\/div>\n<\/div>\n","protected":false},"excerpt":{"rendered":"<p>Montagem: Para Audi A6 C6 S6 Quattro RS6 Sedan Saloon 2009-2011 Especifica&ccedil;&otilde;es: Condi&ccedil;&atilde;o: 100% Brand new Material: alta qualidade Cor: Mesmos que a mostra da imagem Luz traseira traseira do lado exterior esquerdo, 3 pinos (n&uacute;mero da pe&ccedil;a: 4F5 945 095 J\/K) Luz traseira lateral exterior direita traseira, 3 pinos (n&uacute;mero da pe&ccedil;a: 4F5 945&hellip;&nbsp;<\/p>\n","protected":false},"featured_media":1327,"template":"","meta":{"neve_meta_sidebar":"","neve_meta_container":"","neve_meta_enable_content_width":"","neve_meta_content_width":0,"neve_meta_title_alignment":"","neve_meta_author_avatar":"","neve_post_elements_order":"","neve_meta_disable_header":"","neve_meta_disable_footer":"","neve_meta_disable_title":""},"product_brand":[],"product_cat":[95,19,17],"product_tag":[],"class_list":{"0":"post-1333","1":"product","2":"type-product","3":"status-publish","4":"has-post-thumbnail","6":"product_cat-assembleia-lampada-sinal","7":"product_cat-luzes-automotivas","8":"product_cat-pecas-e-acessorios-automotivos","10":"first","11":"instock","12":"shipping-taxable","13":"purchasable","14":"product-type-variable","15":"has-default-attributes"},"jetpack_sharing_enabled":true,"_links":{"self":[{"href":"https:\/\/listman.shop\/autoparts-br\/wp-json\/wp\/v2\/product\/1333","targetHints":{"allow":["GET"]}}],"collection":[{"href":"https:\/\/listman.shop\/autoparts-br\/wp-json\/wp\/v2\/product"}],"about":[{"href":"https:\/\/listman.shop\/autoparts-br\/wp-json\/wp\/v2\/types\/product"}],"wp:featuredmedia":[{"embeddable":true,"href":"https:\/\/listman.shop\/autoparts-br\/wp-json\/wp\/v2\/media\/1327"}],"wp:attachment":[{"href":"https:\/\/listman.shop\/autoparts-br\/wp-json\/wp\/v2\/media?parent=1333"}],"wp:term":[{"taxonomy":"product_brand","embeddable":true,"href":"https:\/\/listman.shop\/autoparts-br\/wp-json\/wp\/v2\/product_brand?post=1333"},{"taxonomy":"product_cat","embeddable":true,"href":"https:\/\/listman.shop\/autoparts-br\/wp-json\/wp\/v2\/product_cat?post=1333"},{"taxonomy":"product_tag","embeddable":true,"href":"https:\/\/listman.shop\/autoparts-br\/wp-json\/wp\/v2\/product_tag?post=1333"}],"curies":[{"name":"wp","href":"https:\/\/api.w.org\/{rel}","templated":true}]}}