{"id":1495,"date":"2024-10-12T19:13:19","date_gmt":"2024-10-12T10:13:19","guid":{"rendered":"https:\/\/listman.shop\/autoparts-br\/product\/1005007199262237\/"},"modified":"2026-04-07T18:40:08","modified_gmt":"2026-04-07T09:40:08","slug":"1005007199262237","status":"publish","type":"product","link":"https:\/\/listman.shop\/autoparts-br\/product\/1005007199262237\/","title":{"rendered":"Para byd golfinho selo ato 3 atto 3 yuan can\u00e7\u00e3o tang ev dvr tra\u00e7o cam adas carro ve\u00edculo-montado gravador c\u00e2mera acess\u00f3rio original"},"content":{"rendered":"<div class=\"detailmodule_html\">\n<div class=\"detail-desc-decorate-richtext\">\n<p><span style=\"font-size:24px\" id=\"tl_1\">Para BYD Atto 3 EV, c&acirc;mera de painel, ADAS, GPS, para carros, DVR, acess&oacute;rio original de autom&oacute;vel, veicular BYD act 3<\/span><\/p>\n<p><\/p>\n<p><span style=\"font-size:20px\" id=\"tl_2\">BYD c&acirc;mera do carro el&eacute;trico. Antes da instala&ccedil;&atilde;o, verifique se o carro original tem uma cablagem reservada. Se n&atilde;o, ele precisa comprar op&ccedil;&atilde;o de c&acirc;mera e fio<\/span><\/p>\n<p><\/p>\n<p><span style=\"font-size:20px\" id=\"tl_3\">Modelo do produto: EL-3776900<\/span><\/p>\n<p><\/p>\n<p><span style=\"font-size:20px\" id=\"tl_4\">Adequado para<\/span><\/p>\n<p><\/p>\n<p><span style=\"font-size:20px\" id=\"tl_5\">Para ATTO 3<\/span><\/p>\n<p><span style=\"font-size:20px\" id=\"tl_6\">Para o golfinho<\/span><\/p>\n<p><span style=\"font-size:20px\" id=\"tl_7\">Para o selo<\/span><\/p>\n<p><span style=\"font-size:20px\" id=\"tl_8\">Para Tang EV<\/span><\/p>\n<p><span style=\"font-size:20px\" id=\"tl_9\">Para Can&ccedil;&atilde;o Pro DM-I\/DM<\/span><\/p>\n<p><span style=\"font-size:20px\" id=\"tl_10\">Para Can&ccedil;&atilde;o PLUS DM-I\/EV<\/span><\/p>\n<p><span style=\"font-size:20px\" id=\"tl_11\">Para Can&ccedil;&atilde;o MAX DMi, Destruidor 05<\/span><\/p>\n<p><span style=\"font-size:20px\" id=\"tl_12\">Para Han DM\/EV\/ Dm-I Para Qin PLUS EV\/ DM-I<\/span><\/p>\n<p><span style=\"font-size:20px\" id=\"tl_13\">Para Han EV vers&atilde;o campe&atilde;o<\/span><\/p>\n<p><span style=\"font-size:20px\" id=\"tl_14\">Para Tang DMi campe&atilde;o vers&atilde;o azul interface c&acirc;mera gravador<\/span><\/p>\n<p><span style=\"font-size:20px\" id=\"tl_15\">Para a vers&atilde;o de Han EV Genesis da nova gera&ccedil;&atilde;o de Tang DM-P\/DM-i<\/span><\/p>\n<p><\/p>\n<p><span style=\"font-size:20px\" id=\"tl_16\">1. Verifique se h&aacute; uma posi&ccedil;&atilde;o reservada da instala&ccedil;&atilde;o.<\/span><img data-recalc-dims=\"1\" decoding=\"async\" src=\"https:\/\/i0.wp.com\/ae01.alicdn.com\/kf\/S7cb4440a077440dfbfd2d124057d73ece.jpg?w=1200&#038;ssl=1\" \/><img data-recalc-dims=\"1\" decoding=\"async\" src=\"https:\/\/i0.wp.com\/ae01.alicdn.com\/kf\/S5224a6fab1c64f4db046bfa3602bab9fl.jpg?w=1200&#038;ssl=1\" \/><img data-recalc-dims=\"1\" decoding=\"async\" src=\"https:\/\/i0.wp.com\/ae01.alicdn.com\/kf\/Sddeac3d258c2438887a8fe537b799cb8o.jpg?w=1200&#038;ssl=1\" \/><\/p>\n<p><img data-recalc-dims=\"1\" decoding=\"async\" src=\"https:\/\/i0.wp.com\/ae01.alicdn.com\/kf\/See6566c2d4094a5fbd058815c31fa02eJ.jpg?w=1200&#038;ssl=1\" \/><\/p>\n<p><img data-recalc-dims=\"1\" decoding=\"async\" src=\"https:\/\/i0.wp.com\/ae01.alicdn.com\/kf\/Sdad2b0b689854a279f068008a2c516c0W.jpg?w=1200&#038;ssl=1\" \/><img data-recalc-dims=\"1\" decoding=\"async\" src=\"https:\/\/i0.wp.com\/ae01.alicdn.com\/kf\/S801805925fcd4fdfa73d360bdfb10d17U.jpg?w=1200&#038;ssl=1\" \/><img data-recalc-dims=\"1\" decoding=\"async\" src=\"https:\/\/i0.wp.com\/ae01.alicdn.com\/kf\/S37f640f14ea04560a05b2e18e04716fep.jpg?w=1200&#038;ssl=1\" \/><img data-recalc-dims=\"1\" decoding=\"async\" src=\"https:\/\/i0.wp.com\/ae01.alicdn.com\/kf\/S1a745b8df82e4885902a3b4fb03e0ee7a.jpg?w=1200&#038;ssl=1\" \/><img data-recalc-dims=\"1\" decoding=\"async\" src=\"https:\/\/i0.wp.com\/ae01.alicdn.com\/kf\/S13983ea928494b26bac6c740df14ac86C.jpg?w=1200&#038;ssl=1\" \/><\/p>\n<p><\/p>\n<p><span style=\"font-size:20px\" id=\"tl_17\">2. preste aten&ccedil;&atilde;o se h&aacute; um cabo de dados sobressalente na seta vermelha do carro, se n&atilde;o houver necessidade de comprar este chicote de fios.<\/span><\/p>\n<p><\/p>\n<p><img data-recalc-dims=\"1\" decoding=\"async\" src=\"https:\/\/i0.wp.com\/ae01.alicdn.com\/kf\/Sc17b4db06e5c442689508c9990852cbe3.jpg?w=1200&#038;ssl=1\" \/><\/p>\n<p><\/p>\n<p><span style=\"font-size:20px\" id=\"tl_18\">3. Conecte o cabo de dados &agrave; c&acirc;mera e &agrave; porta azul na parte inferior do host e n&atilde;o possa ser conectado &agrave; porta branca. (H&aacute; algumas diferen&ccedil;as na posi&ccedil;&atilde;o da rela&ccedil;&atilde;o azul dos modelos produzidos em anos diferentes, paga por favor a aten&ccedil;&atilde;o &agrave; instala&ccedil;&atilde;o).<\/span><\/p>\n<p><\/p>\n<p><img data-recalc-dims=\"1\" decoding=\"async\" src=\"https:\/\/i0.wp.com\/ae01.alicdn.com\/kf\/S0906614dd96d417d9fd9c18bd3b613864.jpg?w=1200&#038;ssl=1\" \/><img data-recalc-dims=\"1\" decoding=\"async\" src=\"https:\/\/i0.wp.com\/ae01.alicdn.com\/kf\/S357f8dc99e5f4f26b858a148bef243643.jpg?w=1200&#038;ssl=1\" \/><\/p>\n<p><\/p>\n<p><span style=\"font-size:20px\" id=\"tl_19\">4. Ap&oacute;s a conclus&atilde;o da instala&ccedil;&atilde;o, pressione e segure o bot&atilde;o de volume por 10 segundos para reiniciar o sistema do ve&iacute;culo e identific&aacute;-lo.<\/span><\/p>\n<p><\/p>\n<p><img data-recalc-dims=\"1\" decoding=\"async\" src=\"https:\/\/i0.wp.com\/ae01.alicdn.com\/kf\/Sc864eb9f807e44f28e73c1c805c6f077P.jpg?w=1200&#038;ssl=1\" \/><\/p>\n<p><\/p>\n<p><span style=\"font-size:20px\" id=\"tl_20\">4.After the installation is complete, press and hold the volume button for 10 seconds to restart the vehicle system and identify it.<\/span><\/p>\n<\/div>\n<\/div>\n","protected":false},"excerpt":{"rendered":"<p>Para BYD Atto 3 EV, c&acirc;mera de painel, ADAS, GPS, para carros, DVR, acess&oacute;rio original de autom&oacute;vel, veicular BYD act 3 BYD c&acirc;mera do carro el&eacute;trico. Antes da instala&ccedil;&atilde;o, verifique se o carro original tem uma cablagem reservada. Se n&atilde;o, ele precisa comprar op&ccedil;&atilde;o de c&acirc;mera e fio Modelo do produto: EL-3776900 Adequado para Para&hellip;&nbsp;<\/p>\n","protected":false},"featured_media":1489,"template":"","meta":{"neve_meta_sidebar":"","neve_meta_container":"","neve_meta_enable_content_width":"","neve_meta_content_width":0,"neve_meta_title_alignment":"","neve_meta_author_avatar":"","neve_post_elements_order":"","neve_meta_disable_header":"","neve_meta_disable_footer":"","neve_meta_disable_title":""},"product_brand":[],"product_cat":[40,20,17],"product_tag":[],"class_list":{"0":"post-1495","1":"product","2":"type-product","3":"status-publish","4":"has-post-thumbnail","6":"product_cat-dvr-para-carro","7":"product_cat-eletronicos-automotivos","8":"product_cat-pecas-e-acessorios-automotivos","10":"first","11":"instock","12":"shipping-taxable","13":"purchasable","14":"product-type-variable","15":"has-default-attributes"},"jetpack_sharing_enabled":true,"_links":{"self":[{"href":"https:\/\/listman.shop\/autoparts-br\/wp-json\/wp\/v2\/product\/1495","targetHints":{"allow":["GET"]}}],"collection":[{"href":"https:\/\/listman.shop\/autoparts-br\/wp-json\/wp\/v2\/product"}],"about":[{"href":"https:\/\/listman.shop\/autoparts-br\/wp-json\/wp\/v2\/types\/product"}],"wp:featuredmedia":[{"embeddable":true,"href":"https:\/\/listman.shop\/autoparts-br\/wp-json\/wp\/v2\/media\/1489"}],"wp:attachment":[{"href":"https:\/\/listman.shop\/autoparts-br\/wp-json\/wp\/v2\/media?parent=1495"}],"wp:term":[{"taxonomy":"product_brand","embeddable":true,"href":"https:\/\/listman.shop\/autoparts-br\/wp-json\/wp\/v2\/product_brand?post=1495"},{"taxonomy":"product_cat","embeddable":true,"href":"https:\/\/listman.shop\/autoparts-br\/wp-json\/wp\/v2\/product_cat?post=1495"},{"taxonomy":"product_tag","embeddable":true,"href":"https:\/\/listman.shop\/autoparts-br\/wp-json\/wp\/v2\/product_tag?post=1495"}],"curies":[{"name":"wp","href":"https:\/\/api.w.org\/{rel}","templated":true}]}}