{"id":22003,"date":"2024-12-22T03:40:53","date_gmt":"2024-12-21T18:40:53","guid":{"rendered":"https:\/\/listman.shop\/autoparts-br\/product\/1005006439012635\/"},"modified":"2026-04-08T03:52:37","modified_gmt":"2026-04-07T18:52:37","slug":"1005006439012635","status":"publish","type":"product","link":"https:\/\/listman.shop\/autoparts-br\/product\/1005006439012635\/","title":{"rendered":"Medidor de n\u00edvel de \u00e1gua com luz de fundo de 7 cores, 52mm, 0-190 ohm, sensor de n\u00edvel de \u00e1gua, \u00e0 prova d&#8217;\u00e1gua, indicador de tanque de \u00e1gua para barco, carro, 12v, 24v"},"content":{"rendered":"<div class=\"detailmodule_html\">\n<div class=\"detail-desc-decorate-richtext\">\n<div class=\"detailmodule_text-image\">\n<p style=\"font-family:OpenSans;font-size:20px;font-weight:900;line-height:28px;white-space:pre-wrap;margin-bottom:12px\" class=\"detail-desc-decorate-title\">Se voc&ecirc; precisar de medidor de n&iacute;vel de combust&iacute;vel, clique neste link da foto para compr&aacute;-lo<\/p>\n<div>\n  <a href=\"https:\/\/www.aliexpress.com\/item\/1005004959472163.html\" target=\"_self\" class=\"\"><img data-recalc-dims=\"1\" decoding=\"async\" class=\"detail-desc-decorate-image\" src=\"https:\/\/i0.wp.com\/ae01.alicdn.com\/kf\/S5f48475cd2fb4a23ad26596a5f6cb043l.jpg?w=1200&#038;ssl=1\" \/><\/a>\n <\/div>\n<\/div>\n<div class=\"detailmodule_text-image\">\n<p style=\"font-family:OpenSans;font-size:20px;font-weight:900;line-height:28px;white-space:pre-wrap;margin-bottom:12px\" class=\"detail-desc-decorate-title\">Se voc&ecirc; precisar do sensor de 600 mm com medidor, clique neste link de foto para compr&aacute;-lo<\/p>\n<div>\n  <a href=\"https:\/\/www.aliexpress.com\/item\/3256806288718553.html\" target=\"_self\" class=\"\"><img data-recalc-dims=\"1\" decoding=\"async\" class=\"detail-desc-decorate-image\" src=\"https:\/\/i0.wp.com\/ae01.alicdn.com\/kf\/Sc26576aa142c4a63a2f898de4c57fec7I.jpg?w=1200&#038;ssl=1\" \/><\/a>\n <\/div>\n<\/div>\n<div class=\"detailmodule_text\">\n<p>Recurso do sensor:<\/p>\n<\/div>\n<div class=\"detailmodule_text\">\n<p>&#8211; Prote&ccedil;&atilde;o no tornozelo: IP67<\/p>\n<\/div>\n<div class=\"detailmodule_text\">\n<p>Faixa de resolu&ccedil;&atilde;o: 21 mm<\/p>\n<\/div>\n<div class=\"detailmodule_text\">\n<p>Montagem: padr&atilde;o SAE 5 furos<\/p>\n<\/div>\n<div class=\"detailmodule_text\">\n<p>&#8211; Corrente nominal para interruptor de alarme: 500mA<\/p>\n<\/div>\n<div class=\"detailmodule_text\">\n<p>&#8211; Temperaturas de opera&ccedil;&atilde;o: &#8211; 40 a 85 Celsius<\/p>\n<\/div>\n<div class=\"detailmodule_text\">\n<p>&#8211; Adequado para medidor de n&iacute;vel de combust&iacute;vel e medidor de n&iacute;vel de &aacute;gua<\/p>\n<\/div>\n<div class=\"detailmodule_text\">\n<p>Comprimento do sensor: 100-600 mm<\/p>\n<\/div>\n<div class=\"detailmodule_text\">\n<p>&#8211; Montagem: 5 parafusos M5 e junta de 2 mm de espessura<\/p>\n<\/div>\n<div class=\"detailmodule_text\">\n<p>&#8211; Sinal de sa&iacute;da: 0 ~ 190 ohm (padr&atilde;o europeu)<\/p>\n<\/div>\n<div class=\"detailmodule_text\">\n<p>&#8211; Montagem: para gasolina, diesel, combust&iacute;vel de metanol, combust&iacute;vel de etanol<\/p>\n<\/div>\n<div class=\"detailmodule_text\">\n<p>Conex&atilde;o do sensor:<\/p>\n<\/div>\n<div class=\"detailmodule_text\">\n<p>Fio azul: conecte o fio terra<\/p>\n<\/div>\n<div class=\"detailmodule_text\">\n<p>Fio marrom: conecte o fio de sinal do medidor<\/p>\n<\/div>\n<div class=\"detailmodule_text\">\n<p>\u2606N&iacute;vel de &oacute;leo vazio 0 ohm<\/p>\n<\/div>\n<div class=\"detailmodule_text\">\n<p>\u2605N&iacute;vel total de &oacute;leo 190 ohm<\/p>\n<\/div>\n<div class=\"detailmodule_image\">\n <img data-recalc-dims=\"1\" decoding=\"async\" class=\"detail-desc-decorate-image\" src=\"https:\/\/i0.wp.com\/ae01.alicdn.com\/kf\/Sf2815aa926c04a6887660e6a1ae98d8aK.jpg?w=1200&#038;ssl=1\" \/><br \/>\n <img data-recalc-dims=\"1\" decoding=\"async\" class=\"detail-desc-decorate-image\" src=\"https:\/\/i0.wp.com\/ae01.alicdn.com\/kf\/Sf66ae82f1b024aa5afb64fb52660a36bB.jpg?w=1200&#038;ssl=1\" \/><br \/>\n <img data-recalc-dims=\"1\" decoding=\"async\" class=\"detail-desc-decorate-image\" src=\"https:\/\/i0.wp.com\/ae01.alicdn.com\/kf\/S03dc901af1fe46c79eab719441a717fcE.jpg?w=1200&#038;ssl=1\" \/><br \/>\n <img data-recalc-dims=\"1\" decoding=\"async\" class=\"detail-desc-decorate-image\" src=\"https:\/\/i0.wp.com\/ae01.alicdn.com\/kf\/S7b53cee360e241ada5a061ab15bd9d3eb.jpg?w=1200&#038;ssl=1\" \/><br \/>\n <img data-recalc-dims=\"1\" decoding=\"async\" class=\"detail-desc-decorate-image\" src=\"https:\/\/i0.wp.com\/ae01.alicdn.com\/kf\/S1496ad8730be4b4990f985ce51300ce1Z.jpg?w=1200&#038;ssl=1\" \/><br \/>\n <img data-recalc-dims=\"1\" decoding=\"async\" class=\"detail-desc-decorate-image\" src=\"https:\/\/i0.wp.com\/ae01.alicdn.com\/kf\/S6252fb86d8fe42b2a4d884d97d71822e1.jpg?w=1200&#038;ssl=1\" \/>\n<\/div>\n<div class=\"detailmodule_text\">\n<p>Medidor de n&iacute;vel de &aacute;gua:<\/p>\n<\/div>\n<div class=\"detailmodule_text\">\n<p>Faixa de indica&ccedil;&atilde;o: E-1\/4-1\/2-3\/4-F<\/p>\n<\/div>\n<div class=\"detailmodule_text\">\n<p>Nome: medidor de n&iacute;vel de &aacute;gua<\/p>\n<\/div>\n<div class=\"detailmodule_text\">\n<p>&#8211; Dimens&atilde;o de fixa&ccedil;&atilde;o: 52 mm ou 2-1\/16&quot;<\/p>\n<\/div>\n<div class=\"detailmodule_text\">\n<p>Tens&atilde;o operacional: 9-32V\/ajuste 12V-24V<\/p>\n<\/div>\n<div class=\"detailmodule_text\">\n<p>&#8211; Materiais: a&ccedil;o inoxid&aacute;vel + pl&aacute;stico niquelado<\/p>\n<\/div>\n<div class=\"detailmodule_text\">\n<p>&#8211; Sinal de entrada: 0 ~ 190ohm (padr&atilde;o europeu),<\/p>\n<\/div>\n<div class=\"detailmodule_text\">\n<p>-Cor da luz de fundo: 7 cores<\/p>\n<\/div>\n<div class=\"detailmodule_text\">\n<p>Pacote:<\/p>\n<\/div>\n<div class=\"detailmodule_text\">\n<p>1 PCS medidor + cabo + manual<\/p>\n<\/div>\n<div class=\"detailmodule_text\">\n<p>ou<\/p>\n<\/div>\n<div class=\"detailmodule_text\">\n<p>1 PCS Medidor + Sensor + Cabo + Manual<\/p>\n<\/div>\n<div class=\"detailmodule_image\">\n <img data-recalc-dims=\"1\" decoding=\"async\" class=\"detail-desc-decorate-image\" src=\"https:\/\/i0.wp.com\/ae01.alicdn.com\/kf\/S494291d26f3b418e9064cba755160e88v.jpg?w=1200&#038;ssl=1\" \/><br \/>\n <img data-recalc-dims=\"1\" decoding=\"async\" class=\"detail-desc-decorate-image\" src=\"https:\/\/i0.wp.com\/ae01.alicdn.com\/kf\/S205faaff620d4a20bb54ac621ed29f1ai.jpg?w=1200&#038;ssl=1\" \/><br \/>\n <img data-recalc-dims=\"1\" decoding=\"async\" class=\"detail-desc-decorate-image\" src=\"https:\/\/i0.wp.com\/ae01.alicdn.com\/kf\/S5858f3d891274edfb1ee7a53f7f375deo.jpg?w=1200&#038;ssl=1\" \/><br \/>\n <img data-recalc-dims=\"1\" decoding=\"async\" class=\"detail-desc-decorate-image\" src=\"https:\/\/i0.wp.com\/ae01.alicdn.com\/kf\/S8da6cac336054329b6856a7e951e0a28Z.jpg?w=1200&#038;ssl=1\" \/><br \/>\n <img data-recalc-dims=\"1\" decoding=\"async\" class=\"detail-desc-decorate-image\" src=\"https:\/\/i0.wp.com\/ae01.alicdn.com\/kf\/Saa19a36949f8489993914de9223230fcs.jpg?w=1200&#038;ssl=1\" \/><br \/>\n <img data-recalc-dims=\"1\" decoding=\"async\" class=\"detail-desc-decorate-image\" src=\"https:\/\/i0.wp.com\/ae01.alicdn.com\/kf\/S1392e44ed533402695564c57e707d6071.jpg?w=1200&#038;ssl=1\" \/><br \/>\n <img data-recalc-dims=\"1\" decoding=\"async\" class=\"detail-desc-decorate-image\" src=\"https:\/\/i0.wp.com\/ae01.alicdn.com\/kf\/S0f1a6f20f63049d0b5478dff1888e1995.jpg?w=1200&#038;ssl=1\" \/><br \/>\n <img data-recalc-dims=\"1\" decoding=\"async\" class=\"detail-desc-decorate-image\" src=\"https:\/\/i0.wp.com\/ae01.alicdn.com\/kf\/Sdae76da7ce7a494eb1e875fe0e2d263co.jpg?w=1200&#038;ssl=1\" \/><br \/>\n <img data-recalc-dims=\"1\" decoding=\"async\" class=\"detail-desc-decorate-image\" src=\"https:\/\/i0.wp.com\/ae01.alicdn.com\/kf\/S993cb5a7af154f7492f4c1837ffc75242.jpg?w=1200&#038;ssl=1\" \/><br \/>\n <img data-recalc-dims=\"1\" decoding=\"async\" class=\"detail-desc-decorate-image\" src=\"https:\/\/i0.wp.com\/ae01.alicdn.com\/kf\/S5ead5a3481e9408fbda2b8d1b496bce4B.jpg?w=1200&#038;ssl=1\" \/>\n<\/div>\n<div class=\"detailmodule_image\">\n <img data-recalc-dims=\"1\" decoding=\"async\" class=\"detail-desc-decorate-image\" src=\"https:\/\/i0.wp.com\/ae01.alicdn.com\/kf\/Sff60d2254f394526b1c74a81d3806d99i.jpg?w=1200&#038;ssl=1\" \/><br \/>\n <img data-recalc-dims=\"1\" decoding=\"async\" class=\"detail-desc-decorate-image\" src=\"https:\/\/i0.wp.com\/ae01.alicdn.com\/kf\/S3f8023d8a07c4f889d0645f8968627843.jpg?w=1200&#038;ssl=1\" \/>\n<\/div>\n<p><\/div>\n<\/div>\n","protected":false},"excerpt":{"rendered":"<p>Se voc&ecirc; precisar de medidor de n&iacute;vel de combust&iacute;vel, clique neste link da foto para compr&aacute;-lo Se voc&ecirc; precisar do sensor de 600 mm com medidor, clique neste link de foto para compr&aacute;-lo Recurso do sensor: &#8211; Prote&ccedil;&atilde;o no tornozelo: IP67 Faixa de resolu&ccedil;&atilde;o: 21 mm Montagem: padr&atilde;o SAE 5 furos &#8211; Corrente nominal para&hellip;&nbsp;<\/p>\n","protected":false},"featured_media":21997,"template":"","meta":{"neve_meta_sidebar":"","neve_meta_container":"","neve_meta_enable_content_width":"","neve_meta_content_width":0,"neve_meta_title_alignment":"","neve_meta_author_avatar":"","neve_post_elements_order":"","neve_meta_disable_header":"","neve_meta_disable_footer":"","neve_meta_disable_title":""},"product_brand":[],"product_cat":[42,22,17],"product_tag":[],"class_list":{"0":"post-22003","1":"product","2":"type-product","3":"status-publish","4":"has-post-thumbnail","6":"product_cat-medidores","7":"product_cat-partes-interiores","8":"product_cat-pecas-e-acessorios-automotivos","10":"first","11":"instock","12":"shipping-taxable","13":"purchasable","14":"product-type-variable","15":"has-default-attributes"},"jetpack_sharing_enabled":true,"_links":{"self":[{"href":"https:\/\/listman.shop\/autoparts-br\/wp-json\/wp\/v2\/product\/22003","targetHints":{"allow":["GET"]}}],"collection":[{"href":"https:\/\/listman.shop\/autoparts-br\/wp-json\/wp\/v2\/product"}],"about":[{"href":"https:\/\/listman.shop\/autoparts-br\/wp-json\/wp\/v2\/types\/product"}],"wp:featuredmedia":[{"embeddable":true,"href":"https:\/\/listman.shop\/autoparts-br\/wp-json\/wp\/v2\/media\/21997"}],"wp:attachment":[{"href":"https:\/\/listman.shop\/autoparts-br\/wp-json\/wp\/v2\/media?parent=22003"}],"wp:term":[{"taxonomy":"product_brand","embeddable":true,"href":"https:\/\/listman.shop\/autoparts-br\/wp-json\/wp\/v2\/product_brand?post=22003"},{"taxonomy":"product_cat","embeddable":true,"href":"https:\/\/listman.shop\/autoparts-br\/wp-json\/wp\/v2\/product_cat?post=22003"},{"taxonomy":"product_tag","embeddable":true,"href":"https:\/\/listman.shop\/autoparts-br\/wp-json\/wp\/v2\/product_tag?post=22003"}],"curies":[{"name":"wp","href":"https:\/\/api.w.org\/{rel}","templated":true}]}}