{"id":24984,"date":"2025-03-10T08:15:18","date_gmt":"2025-03-09T23:15:18","guid":{"rendered":"https:\/\/listman.shop\/autoparts-br\/product\/1005008005556713\/"},"modified":"2026-04-17T16:34:09","modified_gmt":"2026-04-17T07:34:09","slug":"1005008005556713","status":"publish","type":"product","link":"https:\/\/listman.shop\/autoparts-br\/product\/1005008005556713\/","title":{"rendered":"Filme de pintura de graffiti de carro para corpo autom\u00e1tico cap\u00f4 espelho retrovisor motocicleta bicicleta graffiti adesivo decora\u00e7\u00e3o embrulho de vinil \u00e0 prova d&#8217;\u00e1gua"},"content":{"rendered":"<div class=\"detailmodule_html\">\n<div class=\"detail-desc-decorate-richtext\">\n<div class=\"detailmodule_html\">\n<div class=\"detail-desc-decorate-richtext\">\n<p style=\"margin: 0px;padding: 0px;line-height: inherit\"><span style=\"margin: 0px;padding: 0px;max-width: 100%\"><span style=\"margin: 0px;padding: 0px;max-width: 100%;font-size: 18px\"><span style=\"margin: 0px;padding: 0px;max-width: 100%;, Times, serif\"><span style=\"margin: 0px;padding: 0px;max-width: 100%\">Descri\u00e7\u00e3o detalhada:<\/span><\/span><\/span><\/span><\/p>\n<ul style=\"margin: 0px;padding: 0px;padding-inline-start: 40px\">\n<li style=\"margin: 0px;padding: 0px\">\n<p style=\"margin: 0px;padding: 0px;line-height: inherit\"><span style=\"margin: 0px;padding: 0px;max-width: 100%;, Times, serif\"><span style=\"margin: 0px;padding: 0px;max-width: 100%;font-size: 16px\"><span style=\"margin: 0px;padding: 0px;max-width: 100%\">Filme de PVC polim\u00e9rico altamente flex\u00edvel<\/span><\/span><\/span><\/p>\n<\/li>\n<li style=\"margin: 0px;padding: 0px\">\n<p style=\"margin: 0px;padding: 0px;line-height: inherit\"><span style=\"margin: 0px;padding: 0px;max-width: 100%;, Times, serif\"><span style=\"margin: 0px;padding: 0px;max-width: 100%;font-size: 16px\"><span style=\"margin: 0px;padding: 0px;max-width: 100%\">Boa resist\u00eancia \u00e0s intemp\u00e9ries<\/span><\/span><\/span><\/p>\n<\/li>\n<li style=\"margin: 0px;padding: 0px\">\n<p style=\"margin: 0px;padding: 0px;line-height: inherit\"><span style=\"margin: 0px;padding: 0px;max-width: 100%;, Times, serif\"><span style=\"margin: 0px;padding: 0px;max-width: 100%;font-size: 16px\"><span style=\"margin: 0px;padding: 0px;max-width: 100%\">Sem cola residual ap\u00f3s remo\u00e7\u00e3o<\/span><\/span><\/span><\/p>\n<\/li>\n<li style=\"margin: 0px;padding: 0px\">\n<p style=\"margin: 0px;padding: 0px;line-height: inherit\"><span style=\"margin: 0px;padding: 0px;max-width: 100%;, Times, serif\"><span style=\"margin: 0px;padding: 0px;max-width: 100%;font-size: 16px\"><span style=\"margin: 0px;padding: 0px;max-width: 100%\">Longa durabilidade: interior 5 anos, exterior 3 anos<\/span><\/span><\/span><\/p>\n<\/li>\n<li style=\"margin: 0px;padding: 0px\">\n<p style=\"margin: 0px;padding: 0px;line-height: inherit\"><span style=\"margin: 0px;padding: 0px;max-width: 100%;, Times, serif\"><span style=\"margin: 0px;padding: 0px;max-width: 100%;font-size: 16px\"><span style=\"margin: 0px;padding: 0px;max-width: 100%\">Sem ondula\u00e7\u00e3o ap\u00f3s aplica\u00e7\u00f5es<\/span><\/span><\/span><\/p>\n<\/li>\n<li style=\"margin: 0px;padding: 0px\">\n<p style=\"margin: 0px;padding: 0px;line-height: inherit\"><span style=\"margin: 0px;padding: 0px;max-width: 100%;, Times, serif\"><span style=\"margin: 0px;padding: 0px;max-width: 100%;font-size: 16px\"><span style=\"margin: 0px;padding: 0px;max-width: 100%\">Parte traseira com drenagem de ar, bolhas sem ar<\/span><\/span><\/span><\/p>\n<\/li>\n<li style=\"margin: 0px;padding: 0px\">\n<p style=\"margin: 0px;padding: 0px;line-height: inherit\"><span style=\"margin: 0px;padding: 0px;max-width: 100%;, Times, serif\"><span style=\"margin: 0px;padding: 0px;max-width: 100%;font-size: 16px\"><span style=\"margin: 0px;padding: 0px;max-width: 100%\">Tamanho: 50cmx150cm<\/span><\/span><\/span><\/p>\n<p>\t<strong><span style=\"margin: 0px;padding: 0px;max-width: 100%\"><span style=\"margin: 0px;padding: 0px;max-width: 100%;, Times, serif\"><span style=\"margin: 0px;padding: 0px;max-width: 100%;font-size: 18px\">Dicas de instala\u00e7\u00e3o:<\/span><\/span><\/span><\/strong><\/p>\n<\/li>\n<li style=\"margin: 0px;padding: 0px\">\n<p style=\"margin: 0px;padding: 0px;line-height: inherit\"><span style=\"margin: 0px;padding: 0px;max-width: 100%;font-size: 16px\"><span style=\"margin: 0px;padding: 0px;max-width: 100%;, Times, serif\"><span style=\"margin: 0px;padding: 0px;max-width: 100%\">Limpar a superf\u00edcie com \u00e1lcool isoprop\u00edlico antes de instalar o vinil ajudar\u00e1 na ades\u00e3o e<\/span><\/span><\/span><\/p>\n<\/li>\n<li style=\"margin: 0px;padding: 0px\">\n<p style=\"margin: 0px;padding: 0px;line-height: inherit\"><span style=\"margin: 0px;padding: 0px;max-width: 100%;font-size: 16px\"><span style=\"margin: 0px;padding: 0px;max-width: 100%;, Times, serif\"><span style=\"margin: 0px;padding: 0px;max-width: 100%\">Limpe quaisquer contaminantes que possam causar imperfei\u00e7\u00f5es.<\/span><\/span><\/span><\/p>\n<\/li>\n<li style=\"margin: 0pt 0px;padding: 0px;font-family: arial, helvetica;line-height: 13.5pt;border: 0px\">\n<p style=\"margin: 0px;padding: 0px;line-height: inherit\"><span style=\"margin: 0px;padding: 0px;max-width: 100%;font-size: 16px\"><span style=\"margin: 0px;padding: 0px;max-width: 100%;, Times, serif\"><span style=\"margin: 0px;padding: 0px;max-width: 100%\">Usar uma pistola de ar quente pode auxiliar na instala\u00e7\u00e3o, tornando o vinil mais flex\u00edvel e tamb\u00e9m ajudar a remover rugas<\/span><\/span><\/span><\/p>\n<\/li>\n<li style=\"margin: 0pt 0px;padding: 0px;font-family: arial, helvetica;line-height: 13.5pt;border: 0px\">\n<p style=\"margin: 0px;padding: 0px;line-height: inherit\"><span style=\"margin: 0px;padding: 0px;max-width: 100%;font-size: 16px\"><span style=\"margin: 0px;padding: 0px;max-width: 100%;, Times, serif\"><span style=\"margin: 0px;padding: 0px;max-width: 100%\">Usar um rodo de borracha macia ajudar\u00e1 a suavizar bolhas e rugas.<\/span><\/span><\/span><\/p>\n<\/li>\n<\/ul>\n<p style=\"margin: 0pt 0px;padding: 0px;line-height: 13.5pt;font-family: arial, helvetica;border: 0px\"><span style=\"margin: 0px;padding: 0px;max-width: 100%;, Times, serif\"><\/span><br \/>\n<span style=\"margin: 0px;padding: 0px;max-width: 100%;, Times, serif\"><span style=\"margin: 0px;padding: 0px;max-width: 100%\"><span style=\"margin: 0px;padding: 0px;max-width: 100%;font-size: 18px\"><span style=\"margin: 0px;padding: 0px;max-width: 100%\"><strong>Lembretes gentis:<\/strong><\/span><\/span><\/span><\/span><span style=\"margin: 0px;padding: 0px;max-width: 100%;, Times, serif\"><\/span><\/p>\n<ul style=\"margin: 0px;padding: 0px;padding-inline-start: 40px\">\n<li style=\"margin: 0pt 0px;padding: 0px;font-family: arial, helvetica;line-height: 13.5pt;border: 0px\">\n<p style=\"margin: 0px;padding: 0px;line-height: inherit\"><span style=\"margin: 0px;padding: 0px;max-width: 100%;, Times, serif\"><span style=\"margin: 0px;padding: 0px;max-width: 100%;font-size: 16px\"><span style=\"margin: 0px;padding: 0px;max-width: 100%\">N\u00e3o h\u00e1 colagem em tempo chuvoso ou nublado.<\/span><\/span><\/span><\/p>\n<\/li>\n<li style=\"margin: 0pt 0px;padding: 0px;font-family: arial, helvetica;line-height: 13.5pt;border: 0px\">\n<p style=\"margin: 0px;padding: 0px;line-height: inherit\"><span style=\"margin: 0px;padding: 0px;max-width: 100%;, Times, serif\"><span style=\"margin: 0px;padding: 0px;max-width: 100%;font-size: 16px\"><span style=\"margin: 0px;padding: 0px;max-width: 100%\">N\u00e3o h\u00e1 depila\u00e7\u00e3o uma semana antes de colar o adesivo do carro. (3) N\u00e3o lavar 48 horas ap\u00f3s a colagem. Se houver crimpagem ou vinco ou se a temperatura estiver baixa, \u00e9 melhor sopr\u00e1-lo primeiro com um secador de cabelo a uma certa dist\u00e2ncia e depois colar.<\/span><\/span><\/span><\/p>\n<\/li>\n<\/ul>\n<p><img data-recalc-dims=\"1\" decoding=\"async\" src=\"https:\/\/i0.wp.com\/ae01.alicdn.com\/kf\/S4becd249d3824ae6a56280923e3031aa8.jpg?w=1200&#038;ssl=1\"><\/p>\n<p style=\"margin:0;display: block;width: 100%\"><img data-recalc-dims=\"1\" decoding=\"async\" src=\"https:\/\/i0.wp.com\/ae01.alicdn.com\/kf\/Sd22e6612ef914cc98b99f538e5cba105X.jpg?w=1200&#038;ssl=1\"><br \/><img data-recalc-dims=\"1\" decoding=\"async\" src=\"https:\/\/i0.wp.com\/ae01.alicdn.com\/kf\/S01c8ea0b9f5e4172b3e2356e8b03da97I.jpg?w=1200&#038;ssl=1\"><br \/><img data-recalc-dims=\"1\" decoding=\"async\" src=\"https:\/\/i0.wp.com\/ae01.alicdn.com\/kf\/Sd22e6612ef914cc98b99f538e5cba105X.jpg?w=1200&#038;ssl=1\"><br \/><img data-recalc-dims=\"1\" decoding=\"async\" src=\"https:\/\/i0.wp.com\/ae01.alicdn.com\/kf\/S704a4d2954ba4d8080f10b123ffd7f0ff.jpg?w=1200&#038;ssl=1\"><\/p>\n<\/div>\n<\/div>\n<\/div>\n<\/div>\n","protected":false},"excerpt":{"rendered":"<p>Descri\u00e7\u00e3o detalhada: Filme de PVC polim\u00e9rico altamente flex\u00edvel Boa resist\u00eancia \u00e0s intemp\u00e9ries Sem cola residual ap\u00f3s remo\u00e7\u00e3o Longa durabilidade: interior 5 anos, exterior 3 anos Sem ondula\u00e7\u00e3o ap\u00f3s aplica\u00e7\u00f5es Parte traseira com drenagem de ar, bolhas sem ar Tamanho: 50cmx150cm Dicas de instala\u00e7\u00e3o: Limpar a superf\u00edcie com \u00e1lcool isoprop\u00edlico antes de instalar o vinil ajudar\u00e1&hellip;&nbsp;<\/p>\n","protected":false},"featured_media":24978,"template":"","meta":{"neve_meta_sidebar":"","neve_meta_container":"","neve_meta_enable_content_width":"","neve_meta_content_width":0,"neve_meta_title_alignment":"","neve_meta_author_avatar":"","neve_post_elements_order":"","neve_meta_disable_header":"","neve_meta_disable_footer":"","neve_meta_disable_title":""},"product_brand":[],"product_cat":[33,166,17],"product_tag":[],"class_list":{"0":"post-24984","1":"product","2":"type-product","3":"status-publish","4":"has-post-thumbnail","6":"product_cat-acessorios-do-exterior","7":"product_cat-etiqueta-do-carro-do-ajuste-personalizado-filme-do-carro-do-ajuste-personalizado","8":"product_cat-pecas-e-acessorios-automotivos","10":"first","11":"instock","12":"shipping-taxable","13":"purchasable","14":"product-type-variable","15":"has-default-attributes"},"jetpack_sharing_enabled":true,"_links":{"self":[{"href":"https:\/\/listman.shop\/autoparts-br\/wp-json\/wp\/v2\/product\/24984","targetHints":{"allow":["GET"]}}],"collection":[{"href":"https:\/\/listman.shop\/autoparts-br\/wp-json\/wp\/v2\/product"}],"about":[{"href":"https:\/\/listman.shop\/autoparts-br\/wp-json\/wp\/v2\/types\/product"}],"wp:featuredmedia":[{"embeddable":true,"href":"https:\/\/listman.shop\/autoparts-br\/wp-json\/wp\/v2\/media\/24978"}],"wp:attachment":[{"href":"https:\/\/listman.shop\/autoparts-br\/wp-json\/wp\/v2\/media?parent=24984"}],"wp:term":[{"taxonomy":"product_brand","embeddable":true,"href":"https:\/\/listman.shop\/autoparts-br\/wp-json\/wp\/v2\/product_brand?post=24984"},{"taxonomy":"product_cat","embeddable":true,"href":"https:\/\/listman.shop\/autoparts-br\/wp-json\/wp\/v2\/product_cat?post=24984"},{"taxonomy":"product_tag","embeddable":true,"href":"https:\/\/listman.shop\/autoparts-br\/wp-json\/wp\/v2\/product_tag?post=24984"}],"curies":[{"name":"wp","href":"https:\/\/api.w.org\/{rel}","templated":true}]}}