{"id":26184,"date":"2025-03-10T10:39:48","date_gmt":"2025-03-10T01:39:48","guid":{"rendered":"https:\/\/listman.shop\/autoparts-br\/product\/1005005979481801\/"},"modified":"2026-05-07T17:58:13","modified_gmt":"2026-05-07T08:58:13","slug":"1005005979481801","status":"publish","type":"product","link":"https:\/\/listman.shop\/autoparts-br\/product\/1005005979481801\/","title":{"rendered":"Bra\u00e7adeira de punho r\u00e1pido para ferramentas de montagem, equipamento offroad, atv, utv, caminh\u00e3o, reboque, barco, acess\u00f3rios para casa, 1.18 &#8220;- 1.42&#8221; de di\u00e2metro"},"content":{"rendered":"<div class=\"detailmodule_html\">\n<div class=\"detail-desc-decorate-richtext\">\n<div class=\"detailmodule_text-image\">\n<p style=\"font-size:24px;font-weight:bold\">\n<div>\n  \n <\/div>\n<p style=\"font-size:24px;font-weight:bold\" id=\"tl_1\">Caracter&iacute;sticas:<\/p>\n<div>\n  \n <\/div>\n<p style=\"font-size:16px;font-weight:normal\"><span style=\"font-size:18px\" id=\"tl_2\">\ud83d\ude97 Suporta objetos de 1,18&quot; a 1,42&quot; (30 a 36 mm) de di&acirc;metro. <br \/>\ud83d\ude97 Cada bra&ccedil;adeira suporta uma carga de trabalho segura de 25 libras (11 quilos). <br \/>\ud83d\ude97 Monta-se facilmente para manter p&aacute;s, machados, ancinhos, remo, mastro, aparador, lanterna, mangueiras e outras ferramentas ou implementos firmemente no lugar. <br \/>\ud83d\ude97 Use em ve&iacute;culos de trabalho, reboques, unidades de bombeiros e policiais, off-road, caminh&otilde;es, equipamentos militares, 4&#215;4, ATVs, picapes, destruidores de ervas daninhas, motorhomes, SUVs, RVs, porta-telhado, barcos ou em qualquer parede. <br \/>\ud83d\ude97 Material: Borracha <br \/>\ud83d\ude97 Pacote: 2 pe&ccedil;as\/4 pe&ccedil;as\/6 pe&ccedil;as<\/span><\/p>\n<div>\n  \n <\/div>\n<div>\n  <img data-recalc-dims=\"1\" decoding=\"async\" class=\"detail-desc-decorate-image\" src=\"https:\/\/i0.wp.com\/ae01.alicdn.com\/kf\/S9642a45582394acb8617c408926809bfM.jpg?w=1200&#038;ssl=1\" \/><br \/>\n  <img data-recalc-dims=\"1\" decoding=\"async\" class=\"detail-desc-decorate-image\" src=\"https:\/\/i0.wp.com\/ae01.alicdn.com\/kf\/S6920b67765e14b30b47d2a9114811d22b.jpg?w=1200&#038;ssl=1\" \/><br \/>\n  <img data-recalc-dims=\"1\" decoding=\"async\" class=\"detail-desc-decorate-image\" src=\"https:\/\/i0.wp.com\/ae01.alicdn.com\/kf\/S6ff4e474a94d4ecd9dacf97ac7007c90P.jpg?w=1200&#038;ssl=1\" \/><br \/>\n  <img data-recalc-dims=\"1\" decoding=\"async\" class=\"detail-desc-decorate-image\" src=\"https:\/\/i0.wp.com\/ae01.alicdn.com\/kf\/S42a065b166534ebe953e1b0a7d9cb717y.jpg?w=1200&#038;ssl=1\" \/><br \/>\n  <img data-recalc-dims=\"1\" decoding=\"async\" class=\"detail-desc-decorate-image\" src=\"https:\/\/i0.wp.com\/ae01.alicdn.com\/kf\/Se4ca2c8582af435e9deebbcbe0df2ac5C.jpg?w=1200&#038;ssl=1\" \/><br \/>\n  <img data-recalc-dims=\"1\" decoding=\"async\" class=\"detail-desc-decorate-image\" src=\"https:\/\/i0.wp.com\/ae01.alicdn.com\/kf\/Sc917be22fdec4625a3e4f8764bbe1ffcm.jpg?w=1200&#038;ssl=1\" \/><br \/>\n  <img data-recalc-dims=\"1\" decoding=\"async\" class=\"detail-desc-decorate-image\" src=\"https:\/\/i0.wp.com\/ae01.alicdn.com\/kf\/S9ec59ffe2d244dfcb2cef6689041d0c4Z.jpg?w=1200&#038;ssl=1\" \/>\n <\/div>\n<\/div>\n<div class=\"detailmodule_text-image\">\n<p style=\"font-family:OpenSans;font-size:20px;font-weight:900;line-height:28px;white-space:pre-wrap;margin-bottom:12px\" class=\"detail-desc-decorate-title\" id=\"tl_3\">Seu feedback &eacute; muito importante para n&oacute;s e para todos os clientes!\u2606\u2606\u2606\u2606\u2606<\/p>\n<p style=\"font-family:OpenSans;font-size:14px;font-weight:300;line-height:20px;white-space:pre-wrap;margin-bottom:12px\" class=\"detail-desc-decorate-content\" id=\"tl_4\">^^ Deixe-nos um coment&aacute;rio positivo com 5 estrelas se estiver satisfeito com nossos produtos ou servi&ccedil;os. <br \/>^^ Se voc&ecirc; n&atilde;o estiver satisfeito ou tiver alguma d&uacute;vida, entre em contato conosco antes de deixar um feedback negativo ou abrir uma disputa, estamos dispostos a ajudar e oferecer uma solu&ccedil;&atilde;o.<\/p>\n<div>\n  <img data-recalc-dims=\"1\" decoding=\"async\" style=\"margin-bottom:10px\" class=\"detail-desc-decorate-image\" src=\"https:\/\/i0.wp.com\/ae01.alicdn.com\/kf\/Sb2bdd8d17dc245cf9428d807822e5141q.jpg?w=1200&#038;ssl=1\" \/>\n <\/div>\n<\/div>\n<p><\/p>\n<\/div>\n<\/div>\n","protected":false},"excerpt":{"rendered":"<p>Caracter&iacute;sticas: \ud83d\ude97 Suporta objetos de 1,18&quot; a 1,42&quot; (30 a 36 mm) de di&acirc;metro. \ud83d\ude97 Cada bra&ccedil;adeira suporta uma carga de trabalho segura de 25 libras (11 quilos). \ud83d\ude97 Monta-se facilmente para manter p&aacute;s, machados, ancinhos, remo, mastro, aparador, lanterna, mangueiras e outras ferramentas ou implementos firmemente no lugar. \ud83d\ude97 Use em ve&iacute;culos de trabalho,&hellip;&nbsp;<\/p>\n","protected":false},"featured_media":26178,"template":"","meta":{"neve_meta_sidebar":"","neve_meta_container":"","neve_meta_enable_content_width":"","neve_meta_content_width":0,"neve_meta_title_alignment":"","neve_meta_author_avatar":"","neve_post_elements_order":"","neve_meta_disable_header":"","neve_meta_disable_footer":"","neve_meta_disable_title":""},"product_brand":[],"product_cat":[25,17,105],"product_tag":[],"class_list":{"0":"post-26184","1":"product","2":"type-product","3":"status-publish","4":"has-post-thumbnail","6":"product_cat-acessorios-do-interior","7":"product_cat-pecas-e-acessorios-automotivos","8":"product_cat-prendedor-automatico-e-clipe","10":"first","11":"instock","12":"shipping-taxable","13":"purchasable","14":"product-type-variable","15":"has-default-attributes"},"jetpack_sharing_enabled":true,"_links":{"self":[{"href":"https:\/\/listman.shop\/autoparts-br\/wp-json\/wp\/v2\/product\/26184","targetHints":{"allow":["GET"]}}],"collection":[{"href":"https:\/\/listman.shop\/autoparts-br\/wp-json\/wp\/v2\/product"}],"about":[{"href":"https:\/\/listman.shop\/autoparts-br\/wp-json\/wp\/v2\/types\/product"}],"wp:featuredmedia":[{"embeddable":true,"href":"https:\/\/listman.shop\/autoparts-br\/wp-json\/wp\/v2\/media\/26178"}],"wp:attachment":[{"href":"https:\/\/listman.shop\/autoparts-br\/wp-json\/wp\/v2\/media?parent=26184"}],"wp:term":[{"taxonomy":"product_brand","embeddable":true,"href":"https:\/\/listman.shop\/autoparts-br\/wp-json\/wp\/v2\/product_brand?post=26184"},{"taxonomy":"product_cat","embeddable":true,"href":"https:\/\/listman.shop\/autoparts-br\/wp-json\/wp\/v2\/product_cat?post=26184"},{"taxonomy":"product_tag","embeddable":true,"href":"https:\/\/listman.shop\/autoparts-br\/wp-json\/wp\/v2\/product_tag?post=26184"}],"curies":[{"name":"wp","href":"https:\/\/api.w.org\/{rel}","templated":true}]}}