{"id":26197,"date":"2025-03-10T10:40:12","date_gmt":"2025-03-10T01:40:12","guid":{"rendered":"https:\/\/listman.shop\/autoparts-br\/product\/1005005984592509\/"},"modified":"2026-04-07T17:38:06","modified_gmt":"2026-04-07T08:38:06","slug":"1005005984592509","status":"publish","type":"product","link":"https:\/\/listman.shop\/autoparts-br\/product\/1005005984592509\/","title":{"rendered":"Carro de pl\u00e1stico telesc\u00f3pico bra\u00e7o longo suporte bola ventosa base auto suporte do telefone m\u00f3vel para obdpeak t20 e t30 carro dvr c\u00e2mera"},"content":{"rendered":"<div class=\"detailmodule_html\">\n<div class=\"detail-desc-decorate-richtext\">\n<div class=\"detailmodule_html\">\n<div class=\"detail-desc-decorate-richtext\">\n<p style=\"text-align:left;margin:0px;margin-bottom:0px;margin-top:0px;margin-left:0px;margin-right:0px\" align=\"left\"><a href=\"https:\/\/www.aliexpress.com\/item\/1005005820932972.html\" target=\"_self\" class=\"\"><img data-recalc-dims=\"1\" loading=\"lazy\" decoding=\"async\" width=\"910\" height=\"370\" src=\"https:\/\/i0.wp.com\/ae01.alicdn.com\/kf\/S9cd9bb2d95714234b43f12be779e9e98S.jpg?resize=910%2C370&#038;ssl=1\"><\/a><br \/><a href=\"https:\/\/www.aliexpress.com\/item\/1005004357953466.html\" target=\"_self\" class=\"\"><img data-recalc-dims=\"1\" loading=\"lazy\" decoding=\"async\" width=\"910\" height=\"370\" src=\"https:\/\/i0.wp.com\/ae01.alicdn.com\/kf\/Sc36a168521684758a6d5e3a3b2c56aeeq.jpg?resize=910%2C370&#038;ssl=1\"><\/a><br \/><span style=\"font-size:26px\"><span style=\", Roboto, Arial, Helvetica, sans-serif, SimSun\"><span><strong>Suporte de suporte de carro com ventosa designada multifuncional para OBDPEAK T20 e T30 DVR<\/strong><\/span><\/span><\/span><span style=\"font-size:18px\"><span style=\", Roboto, Arial, Helvetica, sans-serif, SimSun\"><\/p>\n<p>Especifica\u00e7\u00f5es<\/span><\/span><span style=\"font-size:18px\"><br \/>Tipo de item: Base de ventosa DVR para carro<br \/>Cor: Preto<br \/>Material: ABS<br \/>Di\u00e2metro do sugador: 6,5 cm<\/span><\/p>\n<p><span style=\"font-size:18px\"><span style=\", Roboto, Arial, Helvetica, sans-serif, SimSun\">Recurso<\/span><\/span><span style=\"font-size:18px\"><br \/>*Novo e de alta qualidade<br \/>* <\/span><span style=\"font-size:18px\"><span style=\", Roboto, Arial, Helvetica, sans-serif, SimSun\">F\u00e1cil de usar e operar.<\/span><\/span><span style=\"font-size:18px\"><br \/>*Retr\u00e1til e dobr\u00e1vel<br \/>*O suporte pode ser girado cerca de 270\u00b0<br \/>*O suporte tem uma bola universal embutida e pode ser girado 360\u00b0<br \/>* O design da ventosa faz com que o suporte seja fixado em uma ampla variedade de superf\u00edcies<br \/>*Lado acolchoado mant\u00e9m seu dispositivo firmemente<br \/>*Vem com uma ventosa que permite que seu DVR adira em qualquer superf\u00edcie plana e lisa, especialmente vidro<\/p>\n<p><\/span><span style=\"font-size:18px\"><span style=\", Roboto, Arial, Helvetica, sans-serif, SimSun\">Peso l\u00edquido: cerca de 0,15kg<\/span><\/span><span style=\"font-size:18px\"><br \/><\/span><span style=\"font-size:18px\"><span style=\", Roboto, Arial, Helvetica, sans-serif, SimSun\">Embalagem inclu\u00edda: 1 * suporte de montagem em ventosa<\/span><\/span><br \/><img data-recalc-dims=\"1\" decoding=\"async\" src=\"https:\/\/i0.wp.com\/ae01.alicdn.com\/kf\/Sc4ba9d88c093445abeb3f7d94f98d5a5i.jpg?w=1200&#038;ssl=1\"><img data-recalc-dims=\"1\" decoding=\"async\" src=\"https:\/\/i0.wp.com\/ae01.alicdn.com\/kf\/Sbf40db3b267e4b0999a4885348979cac2.jpg?w=1200&#038;ssl=1\"><img data-recalc-dims=\"1\" decoding=\"async\" src=\"https:\/\/i0.wp.com\/ae01.alicdn.com\/kf\/S03756e515c98446a8a0efe1bf5e06c7bv.jpg?w=1200&#038;ssl=1\"><img data-recalc-dims=\"1\" decoding=\"async\" src=\"https:\/\/i0.wp.com\/ae01.alicdn.com\/kf\/Sa3461cabbb9c416ea4bc760a79a6d44bv.jpg?w=1200&#038;ssl=1\"><img data-recalc-dims=\"1\" decoding=\"async\" src=\"https:\/\/i0.wp.com\/ae01.alicdn.com\/kf\/Sa11b21a48b9742d59761cfd32c3554cau.jpg?w=1200&#038;ssl=1\"><br \/><span style=\"font-size:18px\"><strong>Exibi\u00e7\u00e3o da cena de uso<\/strong><\/span><img data-recalc-dims=\"1\" decoding=\"async\" src=\"https:\/\/i0.wp.com\/ae01.alicdn.com\/kf\/Seec5dda02fbc4296b90967d001289b0e5.jpg?w=1200&#038;ssl=1\"><img data-recalc-dims=\"1\" decoding=\"async\" src=\"https:\/\/i0.wp.com\/ae01.alicdn.com\/kf\/Sa00d4f9909dc4182b9c9c5cd03ca7ac0L.jpg?w=1200&#038;ssl=1\"><br \/><img data-recalc-dims=\"1\" decoding=\"async\" style=\", Roboto, Arial, Helvetica, sans-serif, SimSun;font-size:14px;font-weight:400;letter-spacing:normal;text-align:start;white-space:normal;border:0px;margin:0px;margin-bottom:0px;margin-top:0px;margin-left:0px;margin-right:0px;padding:0px;padding-bottom:0px;padding-top:0px;padding-left:0px;padding-right:0px;max-width:100%\" src=\"https:\/\/i0.wp.com\/ae01.alicdn.com\/kf\/S1f490306557f446ab56cd8011b280cf0Z.jpg?w=1200&#038;ssl=1\"><img data-recalc-dims=\"1\" decoding=\"async\" style=\", Roboto, Arial, Helvetica, sans-serif, SimSun;font-size:14px;font-weight:400;letter-spacing:normal;text-align:start;white-space:normal;border:0px;margin:0px;margin-bottom:0px;margin-top:0px;margin-left:0px;margin-right:0px;padding:0px;padding-bottom:0px;padding-top:0px;padding-left:0px;padding-right:0px;max-width:100%\" src=\"https:\/\/i0.wp.com\/ae01.alicdn.com\/kf\/S60cb73ffc8284a3eb936a640f2eca74b1.jpg?w=1200&#038;ssl=1\"><\/p>\n<\/div>\n<\/div>\n<p><\/p>\n<\/div>\n<\/div>\n","protected":false},"excerpt":{"rendered":"<p>Suporte de suporte de carro com ventosa designada multifuncional para OBDPEAK T20 e T30 DVR Especifica\u00e7\u00f5esTipo de item: Base de ventosa DVR para carroCor: PretoMaterial: ABSDi\u00e2metro do sugador: 6,5 cm Recurso*Novo e de alta qualidade* F\u00e1cil de usar e operar.*Retr\u00e1til e dobr\u00e1vel*O suporte pode ser girado cerca de 270\u00b0*O suporte tem uma bola universal embutida&hellip;&nbsp;<\/p>\n","protected":false},"featured_media":26191,"template":"","meta":{"neve_meta_sidebar":"","neve_meta_container":"","neve_meta_enable_content_width":"","neve_meta_content_width":0,"neve_meta_title_alignment":"","neve_meta_author_avatar":"","neve_post_elements_order":"","neve_meta_disable_header":"","neve_meta_disable_footer":"","neve_meta_disable_title":""},"product_brand":[],"product_cat":[25,17,96],"product_tag":[],"class_list":{"0":"post-26197","1":"product","2":"type-product","3":"status-publish","4":"has-post-thumbnail","6":"product_cat-acessorios-do-interior","7":"product_cat-pecas-e-acessorios-automotivos","8":"product_cat-suportes","10":"first","11":"instock","12":"shipping-taxable","13":"purchasable","14":"product-type-variable"},"jetpack_sharing_enabled":true,"_links":{"self":[{"href":"https:\/\/listman.shop\/autoparts-br\/wp-json\/wp\/v2\/product\/26197","targetHints":{"allow":["GET"]}}],"collection":[{"href":"https:\/\/listman.shop\/autoparts-br\/wp-json\/wp\/v2\/product"}],"about":[{"href":"https:\/\/listman.shop\/autoparts-br\/wp-json\/wp\/v2\/types\/product"}],"wp:featuredmedia":[{"embeddable":true,"href":"https:\/\/listman.shop\/autoparts-br\/wp-json\/wp\/v2\/media\/26191"}],"wp:attachment":[{"href":"https:\/\/listman.shop\/autoparts-br\/wp-json\/wp\/v2\/media?parent=26197"}],"wp:term":[{"taxonomy":"product_brand","embeddable":true,"href":"https:\/\/listman.shop\/autoparts-br\/wp-json\/wp\/v2\/product_brand?post=26197"},{"taxonomy":"product_cat","embeddable":true,"href":"https:\/\/listman.shop\/autoparts-br\/wp-json\/wp\/v2\/product_cat?post=26197"},{"taxonomy":"product_tag","embeddable":true,"href":"https:\/\/listman.shop\/autoparts-br\/wp-json\/wp\/v2\/product_tag?post=26197"}],"curies":[{"name":"wp","href":"https:\/\/api.w.org\/{rel}","templated":true}]}}