{"id":26222,"date":"2025-03-10T10:40:56","date_gmt":"2025-03-10T01:40:56","guid":{"rendered":"https:\/\/listman.shop\/autoparts-br\/product\/1005006079006161\/"},"modified":"2026-04-11T01:51:08","modified_gmt":"2026-04-10T16:51:08","slug":"1005006079006161","status":"publish","type":"product","link":"https:\/\/listman.shop\/autoparts-br\/product\/1005006079006161\/","title":{"rendered":"Organizador de carro para bmw s\u00e9rie 5 g30 g31 2017-2020 e 2021-2023 tela do painel suporte de armazenamento gps carros acess\u00f3rios interiores"},"content":{"rendered":"<div class=\"detailmodule_html\">\n<div class=\"detail-desc-decorate-richtext\">\n<div class=\"detailmodule_html\">\n<div class=\"detail-desc-decorate-richtext\">\n<p style=\"text-align:left;margin:0px;margin-bottom:0px;margin-top:0px;margin-left:0px;margin-right:0px\" align=\"left\"><img data-recalc-dims=\"1\" decoding=\"async\" src=\"https:\/\/i0.wp.com\/ae01.alicdn.com\/kf\/Scf42df7389c649ae9afefe63cf536feaB.jpg?w=1200&#038;ssl=1\"><span style=\"font-size:16px\"><span style=\"font-size:18px\"><strong>Montagem:<\/strong><\/span><\/span><span style=\"font-size:16px\"><span style=\"font-size:18px\"><strong><span>SOMENTE PARA DRIVE DE AL\u00c7A ESQUERDA<\/span><\/strong><\/span><\/span><span style=\"font-size:16px\"><span style=\"font-size:18px\"><br \/>R: para bmw s\u00e9rie 5 g30 g31 facelift 2021-2023<br \/>B: para BMW s\u00e9rie 5 G30 G31 pr\u00e9-facelift 2017-2020<\/span><\/span><\/p>\n<p><span style=\"font-size:16px\"><span style=\"font-size:18px\"><strong>Informa\u00e7\u00f5es:<\/strong><\/span><\/span><span style=\"font-size:16px\"><span style=\"font-size:18px\"><br \/>&#8211; Condi\u00e7\u00e3o: 100% novo (qualidade testada antes do envio)<br \/>Tipo: caixa de armazenamento de tela de navega\u00e7\u00e3o do console central<br \/>&#8211; Fun\u00e7\u00e3o: Resist\u00eancia a altas temperaturas, sem odor, f\u00e1cil de limpar, f\u00e1cil<br \/>instalar<br \/>&#8211; Cor: Preto nobre<br \/>-Quantidade: 1 pe\u00e7a<br \/>&#8211; Feedback: Se voc\u00ea estiver satisfeito com nossos produtos, deixe-me um positivo<br \/>avalia\u00e7\u00e3o e 5 estrelas, obrigado.Se voc\u00ea n\u00e3o estiver satisfeito com nosso produto, entre em contato conosco e me diga o problema e n\u00f3s o ajudaremos a resolv\u00ea-lo porque nosso objetivo \u00e9 100% de satisfa\u00e7\u00e3o do cliente<br \/>&#8211; Disputa: Se voc\u00ea tiver alguma d\u00favida, entre em contato conosco, n\u00e3o abra uma disputa, porque<br \/>que podemos ajud\u00e1-lo a resolver todos os seus problemas<\/span><\/span><\/p>\n<p><span style=\"font-size:16px\"><span style=\"font-size:18px\"><strong>O pacote inclui:<\/strong><\/span><\/span><span style=\"font-size:16px\"><span style=\"font-size:18px\"><br \/>1 x caixa de armazenamento de tela de navega\u00e7\u00e3o do console central<\/span><\/span><\/p>\n<p><span style=\"font-size:16px\"><span style=\"font-size:18px\"><span><strong>Por favor note:<\/strong><\/span><\/span><\/span><span style=\"font-size:16px\"><span style=\"font-size:18px\"><br \/>&#8211; Antes de fazer um pedido, confirme se o seu modelo corresponde<br \/>compatibilidade.Se voc\u00ea tiver alguma d\u00favida, deixe uma mensagem sobre o ano do seu<br \/>carro (foto melhor)<\/span><\/span><br \/><img data-recalc-dims=\"1\" decoding=\"async\" src=\"https:\/\/i0.wp.com\/ae01.alicdn.com\/kf\/S4a98c27ba4514120bc0af91d3358a691p.jpg?w=1200&#038;ssl=1\"><br \/><span><strong><span style=\"font-size:16px\"><span style=\"font-size:18px\">Para BMW s\u00e9rie 5 G30 G31 pr\u00e9-facelift 2017-2020:<br \/><\/span><\/span><\/strong><\/span><img data-recalc-dims=\"1\" decoding=\"async\" style=\"width:960px\"  src=\"https:\/\/i0.wp.com\/ae01.alicdn.com\/kf\/S580d3442565440f3a8fe02e3c8269217A.jpg?w=1200&#038;ssl=1\"><span><strong><span style=\"font-size:16px\"><span style=\"font-size:18px\"><br \/>Para BMW s\u00e9rie 5 G30 G31 Facelift 2021-2023:<\/span><\/span><\/strong><\/span><img data-recalc-dims=\"1\" decoding=\"async\" style=\"width:960px\"  src=\"https:\/\/i0.wp.com\/ae01.alicdn.com\/kf\/S33d908c2d67f4f19bb4231bcae010b48G.jpg?w=1200&#038;ssl=1\"><img data-recalc-dims=\"1\" decoding=\"async\" style=\"width:960px\"  src=\"https:\/\/i0.wp.com\/ae01.alicdn.com\/kf\/S4c370e04cdd1452c8854b1bc1af68677m.jpg?w=1200&#038;ssl=1\"><img data-recalc-dims=\"1\" decoding=\"async\" style=\"width:960px\"  src=\"https:\/\/i0.wp.com\/ae01.alicdn.com\/kf\/S44861320a7ed4edb94aae1b9de2227978.jpg?w=1200&#038;ssl=1\"><img data-recalc-dims=\"1\" decoding=\"async\" style=\"width:960px\"  src=\"https:\/\/i0.wp.com\/ae01.alicdn.com\/kf\/Sdac6e161222d4de68da6113ecb966c49E.jpg?w=1200&#038;ssl=1\"><img data-recalc-dims=\"1\" decoding=\"async\" style=\"width:960px\"  src=\"https:\/\/i0.wp.com\/ae01.alicdn.com\/kf\/S517840a1ee6b4f4a84abc69c5cd1b494F.jpg?w=1200&#038;ssl=1\"><img data-recalc-dims=\"1\" decoding=\"async\" style=\"width:960px\"  src=\"https:\/\/i0.wp.com\/ae01.alicdn.com\/kf\/Sdcb30323b83f4b1c98c546472ad3dc26i.jpg?w=1200&#038;ssl=1\"><img data-recalc-dims=\"1\" decoding=\"async\" style=\"width:960px\"  src=\"https:\/\/i0.wp.com\/ae01.alicdn.com\/kf\/Sc21011b9d8294681bf29faaf5879ad0b8.jpg?w=1200&#038;ssl=1\"><img data-recalc-dims=\"1\" decoding=\"async\" style=\"width:960px\"  src=\"https:\/\/i0.wp.com\/ae01.alicdn.com\/kf\/S837c8ffb562c4cd5975709cfc6cdf92cl.jpg?w=1200&#038;ssl=1\"><br \/><img data-recalc-dims=\"1\" decoding=\"async\" src=\"https:\/\/i0.wp.com\/ae01.alicdn.com\/kf\/Sc6efa99d380b4e4595be444ecc4f7fdbK.jpg?w=1200&#038;ssl=1\"><\/p>\n<p><\/p>\n<\/div>\n<\/div>\n<p><\/div>\n<\/div>\n","protected":false},"excerpt":{"rendered":"<p>Montagem:SOMENTE PARA DRIVE DE AL\u00c7A ESQUERDAR: para bmw s\u00e9rie 5 g30 g31 facelift 2021-2023B: para BMW s\u00e9rie 5 G30 G31 pr\u00e9-facelift 2017-2020 Informa\u00e7\u00f5es:&#8211; Condi\u00e7\u00e3o: 100% novo (qualidade testada antes do envio)Tipo: caixa de armazenamento de tela de navega\u00e7\u00e3o do console central&#8211; Fun\u00e7\u00e3o: Resist\u00eancia a altas temperaturas, sem odor, f\u00e1cil de limpar, f\u00e1cilinstalar&#8211; Cor: Preto nobre-Quantidade:&hellip;&nbsp;<\/p>\n","protected":false},"featured_media":26216,"template":"","meta":{"neve_meta_sidebar":"","neve_meta_container":"","neve_meta_enable_content_width":"","neve_meta_content_width":0,"neve_meta_title_alignment":"","neve_meta_author_avatar":"","neve_post_elements_order":"","neve_meta_disable_header":"","neve_meta_disable_footer":"","neve_meta_disable_title":""},"product_brand":[],"product_cat":[25,81,17],"product_tag":[],"class_list":{"0":"post-26222","1":"product","2":"type-product","3":"status-publish","4":"has-post-thumbnail","6":"product_cat-acessorios-do-interior","7":"product_cat-armazenamento-interior-do-carro","8":"product_cat-pecas-e-acessorios-automotivos","10":"first","11":"instock","12":"shipping-taxable","13":"purchasable","14":"product-type-variable","15":"has-default-attributes"},"jetpack_sharing_enabled":true,"_links":{"self":[{"href":"https:\/\/listman.shop\/autoparts-br\/wp-json\/wp\/v2\/product\/26222","targetHints":{"allow":["GET"]}}],"collection":[{"href":"https:\/\/listman.shop\/autoparts-br\/wp-json\/wp\/v2\/product"}],"about":[{"href":"https:\/\/listman.shop\/autoparts-br\/wp-json\/wp\/v2\/types\/product"}],"wp:featuredmedia":[{"embeddable":true,"href":"https:\/\/listman.shop\/autoparts-br\/wp-json\/wp\/v2\/media\/26216"}],"wp:attachment":[{"href":"https:\/\/listman.shop\/autoparts-br\/wp-json\/wp\/v2\/media?parent=26222"}],"wp:term":[{"taxonomy":"product_brand","embeddable":true,"href":"https:\/\/listman.shop\/autoparts-br\/wp-json\/wp\/v2\/product_brand?post=26222"},{"taxonomy":"product_cat","embeddable":true,"href":"https:\/\/listman.shop\/autoparts-br\/wp-json\/wp\/v2\/product_cat?post=26222"},{"taxonomy":"product_tag","embeddable":true,"href":"https:\/\/listman.shop\/autoparts-br\/wp-json\/wp\/v2\/product_tag?post=26222"}],"curies":[{"name":"wp","href":"https:\/\/api.w.org\/{rel}","templated":true}]}}