{"id":26770,"date":"2025-03-10T10:56:05","date_gmt":"2025-03-10T01:56:05","guid":{"rendered":"https:\/\/listman.shop\/autoparts-br\/product\/1005007103271055\/"},"modified":"2026-04-14T09:22:06","modified_gmt":"2026-04-14T00:22:06","slug":"1005007103271055","status":"publish","type":"product","link":"https:\/\/listman.shop\/autoparts-br\/product\/1005007103271055\/","title":{"rendered":"Caixa de armazenamento de apoio de bra\u00e7o do carro console central organizador recipiente bandeja moeda \u00f3culos caixa armazenamento abs almofada borracha acess\u00f3rios para xpeng g9"},"content":{"rendered":"<div class=\"detailmodule_html\">\n<div class=\"detail-desc-decorate-richtext\">\n<p><span style=\"font-size:18px\" id=\"tl_1\">Fitment:Fits for For Xpeng G9.<\/span><\/p>\n<p><span style=\"font-size:16px;font-family:Arial\" id=\"tl_2\">*High quality ABS material, antislip, no noise, no deformed, easily make the inside of the car tidy and orderly.<\/span><br \/><span style=\"font-size:16px;font-family:Arial\" id=\"tl_3\">*This center console storage tray designed according to the car size, perfect fit.<\/span><\/p>\n<div>\n<div>\n<p><img data-recalc-dims=\"1\" decoding=\"async\" style=\"width:800px\"  src=\"https:\/\/i0.wp.com\/ae01.alicdn.com\/kf\/S7c735b96ade042fb997de91701858789o.jpg?w=1200&#038;ssl=1\" \/><\/p>\n<\/p><\/div>\n<p id=\"tl_4\">\u25baPlace small items on the secondary field. Make your armrest neat and clean. Get a larger and tidy car as you always want.<\/p>\n<div>\n<p><img data-recalc-dims=\"1\" decoding=\"async\" style=\"width:800px\"  src=\"https:\/\/i0.wp.com\/ae01.alicdn.com\/kf\/S2df9da9de40142bab1b42e737b4f9479g.jpg?w=1200&#038;ssl=1\" \/><\/p>\n<p><img data-recalc-dims=\"1\" decoding=\"async\" style=\"width:800px\"  src=\"https:\/\/i0.wp.com\/ae01.alicdn.com\/kf\/S04f4e5ea12354cb9b099d7c16de761b2c.jpg?w=1200&#038;ssl=1\" \/><\/p>\n<\/p><\/div>\n<\/div>\n<div>\n <span style=\"font-size:16px;font-family:Arial\" id=\"tl_5\">*Built-in non-slip rubber pad to prevent items from slipping and abnormal noise during driving<\/span><br \/>\n <br \/> <br \/>\n <span style=\"font-size:16px;font-family:Arial\" id=\"tl_6\">*Easy to install, no need to disassemble or modify anywhere.<\/span>\n<\/div>\n<div>\n<div>\n<p><img data-recalc-dims=\"1\" decoding=\"async\" style=\"width:800px\"  src=\"https:\/\/i0.wp.com\/ae01.alicdn.com\/kf\/Sa18b26034bf64ddc8e16410848864146I.jpg?w=1200&#038;ssl=1\" \/><\/p>\n<p><img data-recalc-dims=\"1\" decoding=\"async\" style=\"width:800px\"  src=\"https:\/\/i0.wp.com\/ae01.alicdn.com\/kf\/S8a9f6aa432644b5783da9b190236089dg.jpg?w=1200&#038;ssl=1\" \/><\/p>\n<\/p><\/div>\n<\/div>\n<p id=\"tl_7\">\u25baGrooves could store keys and coins.Beautify your car&#8217;s styling &amp; appearance, Keep your armrest storage in a more organized shape.<br \/>\u25baThe rubber gripper mats that sit inside the tray help keep your belongings from shifting around as you drive.<\/p>\n<div>\n<div>\n<p><img data-recalc-dims=\"1\" decoding=\"async\" style=\"width:800px\"  src=\"https:\/\/i0.wp.com\/ae01.alicdn.com\/kf\/S566e528739e24df9b3d389a8abf27ce6N.jpg?w=1200&#038;ssl=1\" \/><\/p>\n<p><img data-recalc-dims=\"1\" decoding=\"async\" style=\"width:800px\"  src=\"https:\/\/i0.wp.com\/ae01.alicdn.com\/kf\/S78a190021f6546e2b89741e84a94e3fck.jpg?w=1200&#038;ssl=1\" \/><\/p>\n<p><img data-recalc-dims=\"1\" decoding=\"async\" style=\"width:800px\"  src=\"https:\/\/i0.wp.com\/ae01.alicdn.com\/kf\/S7d7cf1178e1541778975d65b06445b05L.jpg?w=1200&#038;ssl=1\" \/><\/p>\n<p><img data-recalc-dims=\"1\" decoding=\"async\" style=\"width:800px\"  src=\"https:\/\/i0.wp.com\/ae01.alicdn.com\/kf\/Sa9c818658bd844ec97404d2bd937d04f1.jpg?w=1200&#038;ssl=1\" \/><\/p>\n<p><img data-recalc-dims=\"1\" decoding=\"async\" style=\"width:800px\"  src=\"https:\/\/i0.wp.com\/ae01.alicdn.com\/kf\/S5d2bb2af34f34a3891fa56544de462cc4.jpg?w=1200&#038;ssl=1\" \/><\/p>\n<\/p><\/div>\n<div>\n  <br \/> \n <\/div>\n<p><\/p>\n<\/div>\n<p><\/div>\n<\/div>\n","protected":false},"excerpt":{"rendered":"<p>Fitment:Fits for For Xpeng G9. *High quality ABS material, antislip, no noise, no deformed, easily make the inside of the car tidy and orderly.*This center console storage tray designed according to the car size, perfect fit. \u25baPlace small items on the secondary field. Make your armrest neat and clean. Get a larger and tidy car&hellip;&nbsp;<\/p>\n","protected":false},"featured_media":26764,"template":"","meta":{"neve_meta_sidebar":"","neve_meta_container":"","neve_meta_enable_content_width":"","neve_meta_content_width":0,"neve_meta_title_alignment":"","neve_meta_author_avatar":"","neve_post_elements_order":"","neve_meta_disable_header":"","neve_meta_disable_footer":"","neve_meta_disable_title":""},"product_brand":[],"product_cat":[25,81,17],"product_tag":[],"class_list":{"0":"post-26770","1":"product","2":"type-product","3":"status-publish","4":"has-post-thumbnail","6":"product_cat-acessorios-do-interior","7":"product_cat-armazenamento-interior-do-carro","8":"product_cat-pecas-e-acessorios-automotivos","10":"first","11":"instock","12":"shipping-taxable","13":"purchasable","14":"product-type-variable","15":"has-default-attributes"},"jetpack_sharing_enabled":true,"_links":{"self":[{"href":"https:\/\/listman.shop\/autoparts-br\/wp-json\/wp\/v2\/product\/26770","targetHints":{"allow":["GET"]}}],"collection":[{"href":"https:\/\/listman.shop\/autoparts-br\/wp-json\/wp\/v2\/product"}],"about":[{"href":"https:\/\/listman.shop\/autoparts-br\/wp-json\/wp\/v2\/types\/product"}],"wp:featuredmedia":[{"embeddable":true,"href":"https:\/\/listman.shop\/autoparts-br\/wp-json\/wp\/v2\/media\/26764"}],"wp:attachment":[{"href":"https:\/\/listman.shop\/autoparts-br\/wp-json\/wp\/v2\/media?parent=26770"}],"wp:term":[{"taxonomy":"product_brand","embeddable":true,"href":"https:\/\/listman.shop\/autoparts-br\/wp-json\/wp\/v2\/product_brand?post=26770"},{"taxonomy":"product_cat","embeddable":true,"href":"https:\/\/listman.shop\/autoparts-br\/wp-json\/wp\/v2\/product_cat?post=26770"},{"taxonomy":"product_tag","embeddable":true,"href":"https:\/\/listman.shop\/autoparts-br\/wp-json\/wp\/v2\/product_tag?post=26770"}],"curies":[{"name":"wp","href":"https:\/\/api.w.org\/{rel}","templated":true}]}}