{"id":26940,"date":"2025-03-10T11:00:43","date_gmt":"2025-03-10T02:00:43","guid":{"rendered":"https:\/\/listman.shop\/autoparts-br\/product\/1005007271323976\/"},"modified":"2026-04-07T18:07:06","modified_gmt":"2026-04-07T09:07:06","slug":"1005007271323976","status":"publish","type":"product","link":"https:\/\/listman.shop\/autoparts-br\/product\/1005007271323976\/","title":{"rendered":"Shineka tronco traseiro cortina capa saco de armazenamento net organizador para suzuki jimny 4 portas 2019 up estiva arruma\u00e7\u00e3o acess\u00f3rios interiores"},"content":{"rendered":"<div class=\"detailmodule_html\">\n<div class=\"detail-desc-decorate-richtext\">\n<p><span style=\"font-size:20px;font-family:arial, helvetica, sans-serif\"><strong>Shinek tronco traseiro cortina capa saco de armazenamento net organizador para suzuki jimny 4 portas 2019 mais arruma\u00e7\u00e3o acess\u00f3rios interiores<\/strong><\/span><\/p>\n<p><\/p>\n<p><strong><span style=\"font-size:16px;font-family:arial, helvetica, sans-serif\">Aviso:<\/span><\/strong><span style=\"font-size:16px;font-family:arial, helvetica, sans-serif\">Porque o mesmo modelo de carro pode ser produzido de forma diferente em pa\u00edses diferentes.Por favor, certifique-se de que a parte do seu carro como nossa imagem mostra, ou ela n\u00e3o caber\u00e1, se houver alguma diferen\u00e7a, entre em contato conosco antes da compra, obrigado!<\/span><\/p>\n<p><\/p>\n<p><strong><span style=\"font-size:16px;font-family:arial, helvetica, sans-serif\">Montagem do item<\/span><\/strong><\/p>\n<p><span style=\"font-size:16px;font-family:arial, helvetica, sans-serif\">Adequado para Suzuki Jimny 4 portas 2019 2020 2021 2022 2023 mais<\/span><\/p>\n<p><\/p>\n<p><strong><span style=\"font-size:16px;font-family:arial, helvetica, sans-serif\">Recurso<\/span><\/strong><\/p>\n<p><span style=\"font-size:16px;font-family:arial, helvetica, sans-serif\">1. \u3010Adequado para Suzuki Jimny 4 Door 2019 2020 2021 2022 2023 UP\u3011Os dados originais do carro s\u00e3o abertos e as dimens\u00f5es s\u00e3o precisas e consistentes.<\/span><\/p>\n<p><span style=\"font-size:16px;font-family:arial, helvetica, sans-serif\">2.\u3010Fun\u00e7\u00e3o\u3011O espa\u00e7o bagun\u00e7ado no porta-malas n\u00e3o pode ser efetivamente utilizado;estratifica\u00e7\u00e3o eficaz, resolver coisas n\u00e3o pode ser colocado problemas limpos;proteja efetivamente seus itens contra fortes radia\u00e7\u00e3o ultravioleta, bloqueie a vis\u00e3o dos itens no porta-malas do seu carro e proteja sua privacidade<\/span><\/p>\n<p><span style=\"font-size:16px;font-family:arial, helvetica, sans-serif\">3.\u3010F\u00e1cil de instalar\u3011Com parafuso de furo redondo no assento traseiro para f\u00e1cil coloca\u00e7\u00e3o\/retirada.Voc\u00ea pode instal\u00e1-lo em alguns segundos<\/span><\/p>\n<p><span style=\"font-size:16px;font-family:arial, helvetica, sans-serif\">4.\u3010Feito de material de tecido ABS + Oxford\u3011Textura firme, resistente ao desgaste, compacta e grossa, com bom desempenho \u00e0 prova d&#8217;\u00e1gua, forte e dur\u00e1vel.<\/span><\/p>\n<p><span style=\"font-size:16px;font-family:arial, helvetica, sans-serif\">5.\u3010Servi\u00e7o p\u00f3s-venda de qualidade\u3011Cada um de nossos produtos \u00e9 elaboradamente projetado e fabricado, temos um sistema de controle de qualidade rigoroso para garantir uma qualidade est\u00e1vel.Se voc\u00ea n\u00e3o estiver totalmente satisfeito, receber\u00e1 um reembolso ou substitui\u00e7\u00e3o imediata, sem perguntas.<\/span><\/p>\n<p><\/p>\n<p><strong><span style=\"font-size:16px;font-family:arial, helvetica, sans-serif\">Somos f\u00e1brica original, se voc\u00ea fizer dropshipping ou atacado, ofereceremos um servi\u00e7o profissional. Se tiver alguma d\u00favida, n\u00e3o hesite em contactar-nos.<\/span><\/strong><\/p>\n<p><\/p>\n<p><img data-recalc-dims=\"1\" decoding=\"async\" src=\"https:\/\/i0.wp.com\/ae01.alicdn.com\/kf\/Sf30a868aeae942faae75cecd823c2b249.jpg?w=1200&#038;ssl=1\"><img data-recalc-dims=\"1\" decoding=\"async\" src=\"https:\/\/i0.wp.com\/ae01.alicdn.com\/kf\/Se24cdfea20844fe2aaad854268cbca35I.jpg?w=1200&#038;ssl=1\"><img data-recalc-dims=\"1\" decoding=\"async\" src=\"https:\/\/i0.wp.com\/ae01.alicdn.com\/kf\/S6ba8a6a6bedd4abfb8b53f9f983477dbx.jpg?w=1200&#038;ssl=1\"><img data-recalc-dims=\"1\" decoding=\"async\" src=\"https:\/\/i0.wp.com\/ae01.alicdn.com\/kf\/Sdf19bf74ec9046a699210c21d17ea297V.jpg?w=1200&#038;ssl=1\"><img data-recalc-dims=\"1\" decoding=\"async\" src=\"https:\/\/i0.wp.com\/ae01.alicdn.com\/kf\/Sda24f8eeb7c64cc6a1332c00912470aaM.jpg?w=1200&#038;ssl=1\"><img data-recalc-dims=\"1\" decoding=\"async\" src=\"https:\/\/i0.wp.com\/ae01.alicdn.com\/kf\/S4eaae46f87b14720b77a551005d9f8820.jpg?w=1200&#038;ssl=1\"><img data-recalc-dims=\"1\" decoding=\"async\" src=\"https:\/\/i0.wp.com\/ae01.alicdn.com\/kf\/Sb85d69ef86be4c6ba92bb6d212db9b7es.jpg?w=1200&#038;ssl=1\"><img data-recalc-dims=\"1\" decoding=\"async\" src=\"https:\/\/i0.wp.com\/ae01.alicdn.com\/kf\/Sf82070bbbc3d40928f53d029ba37f40cf.jpg?w=1200&#038;ssl=1\"><img data-recalc-dims=\"1\" decoding=\"async\" src=\"https:\/\/i0.wp.com\/ae01.alicdn.com\/kf\/S0a716d6334204e6094e5e5602d963624C.jpg?w=1200&#038;ssl=1\"><img data-recalc-dims=\"1\" decoding=\"async\" src=\"https:\/\/i0.wp.com\/ae01.alicdn.com\/kf\/S447939faee1d49b6b45abb9b4fad94adq.jpg?w=1200&#038;ssl=1\"><img data-recalc-dims=\"1\" decoding=\"async\" src=\"https:\/\/i0.wp.com\/ae01.alicdn.com\/kf\/S8ec6b57bc19448b386df21f59dceb75ek.jpg?w=1200&#038;ssl=1\"><img data-recalc-dims=\"1\" decoding=\"async\" src=\"https:\/\/i0.wp.com\/ae01.alicdn.com\/kf\/S23f77c6879934803aaf017b0e53c1d154.jpg?w=1200&#038;ssl=1\"><img data-recalc-dims=\"1\" decoding=\"async\" src=\"https:\/\/i0.wp.com\/ae01.alicdn.com\/kf\/Sfa199c25dd8943469993143d883d3196U.jpg?w=1200&#038;ssl=1\"><img data-recalc-dims=\"1\" decoding=\"async\" src=\"https:\/\/i0.wp.com\/ae01.alicdn.com\/kf\/S1f7e82ff19494f1a891cc2ef4a5d6ae4G.jpg?w=1200&#038;ssl=1\"><img data-recalc-dims=\"1\" decoding=\"async\" src=\"https:\/\/i0.wp.com\/ae01.alicdn.com\/kf\/S8a33f7932ebc41bc9d66dfa9dc9112baV.jpg?w=1200&#038;ssl=1\"><\/p>\n<\/div>\n<\/div>\n","protected":false},"excerpt":{"rendered":"<p>Shinek tronco traseiro cortina capa saco de armazenamento net organizador para suzuki jimny 4 portas 2019 mais arruma\u00e7\u00e3o acess\u00f3rios interiores Aviso:Porque o mesmo modelo de carro pode ser produzido de forma diferente em pa\u00edses diferentes.Por favor, certifique-se de que a parte do seu carro como nossa imagem mostra, ou ela n\u00e3o caber\u00e1, se houver alguma&hellip;&nbsp;<\/p>\n","protected":false},"featured_media":26934,"template":"","meta":{"neve_meta_sidebar":"","neve_meta_container":"","neve_meta_enable_content_width":"","neve_meta_content_width":0,"neve_meta_title_alignment":"","neve_meta_author_avatar":"","neve_post_elements_order":"","neve_meta_disable_header":"","neve_meta_disable_footer":"","neve_meta_disable_title":""},"product_brand":[],"product_cat":[25,81,17],"product_tag":[],"class_list":{"0":"post-26940","1":"product","2":"type-product","3":"status-publish","4":"has-post-thumbnail","6":"product_cat-acessorios-do-interior","7":"product_cat-armazenamento-interior-do-carro","8":"product_cat-pecas-e-acessorios-automotivos","10":"first","11":"instock","12":"shipping-taxable","13":"purchasable","14":"product-type-variable","15":"has-default-attributes"},"jetpack_sharing_enabled":true,"_links":{"self":[{"href":"https:\/\/listman.shop\/autoparts-br\/wp-json\/wp\/v2\/product\/26940","targetHints":{"allow":["GET"]}}],"collection":[{"href":"https:\/\/listman.shop\/autoparts-br\/wp-json\/wp\/v2\/product"}],"about":[{"href":"https:\/\/listman.shop\/autoparts-br\/wp-json\/wp\/v2\/types\/product"}],"wp:featuredmedia":[{"embeddable":true,"href":"https:\/\/listman.shop\/autoparts-br\/wp-json\/wp\/v2\/media\/26934"}],"wp:attachment":[{"href":"https:\/\/listman.shop\/autoparts-br\/wp-json\/wp\/v2\/media?parent=26940"}],"wp:term":[{"taxonomy":"product_brand","embeddable":true,"href":"https:\/\/listman.shop\/autoparts-br\/wp-json\/wp\/v2\/product_brand?post=26940"},{"taxonomy":"product_cat","embeddable":true,"href":"https:\/\/listman.shop\/autoparts-br\/wp-json\/wp\/v2\/product_cat?post=26940"},{"taxonomy":"product_tag","embeddable":true,"href":"https:\/\/listman.shop\/autoparts-br\/wp-json\/wp\/v2\/product_tag?post=26940"}],"curies":[{"name":"wp","href":"https:\/\/api.w.org\/{rel}","templated":true}]}}