{"id":27007,"date":"2025-03-10T11:02:37","date_gmt":"2025-03-10T02:02:37","guid":{"rendered":"https:\/\/listman.shop\/autoparts-br\/product\/1005007342096398\/"},"modified":"2026-04-17T17:22:11","modified_gmt":"2026-04-17T08:22:11","slug":"1005007342096398","status":"publish","type":"product","link":"https:\/\/listman.shop\/autoparts-br\/product\/1005007342096398\/","title":{"rendered":"Adesivo de fibra de carbono macio real para kia stinger 2019 2020 2021 2022 2023 lhd rhd faixa de controle central do carro acess\u00f3rios interiores"},"content":{"rendered":"<div class=\"detailmodule_html\">\n<div class=\"detail-desc-decorate-richtext\">\n<p><\/p>\n<div class=\"detailmodule_html\">\n<div class=\"detail-desc-decorate-richtext\">\n<p><span style=\"font-size:18px\"><strong>Descri\u00e7\u00e3o do item<\/strong><\/span><\/p>\n<p>Os produtos s\u00e3o feitos de material de fibra de carbono de alta qualidade com texturas bonitas<\/p>\n<p>Os produtos s\u00e3o personalizados de acordo com os tamanhos originais que se ajustam perfeitamente<\/p>\n<p>Condi\u00e7\u00e3o: 100% novo<\/p>\n<p>Material:<span style=\"font-size:14px\">Fibra de carbono + revestimento ep\u00f3xi<\/span><\/p>\n<p>Modelo compat\u00edvel:<span style=\"font-size:18px\"><strong>Para Kia Stinger 2019 2020 2021 2022 2023<\/strong><\/span><\/p>\n<p><span style=\"font-size:18px\"><strong>M\u00e9todo de instala\u00e7\u00e3o<\/strong><\/span><\/p>\n<p>-Limpe a \u00e1rea e elimine quaisquer impurezas antes de montar este item.<\/p>\n<p>-Por favor, aque\u00e7a o suporte da fita 3M com uma pistola de ar quente para melhor efeito de ader\u00eancia quando a temperatura ambiente for inferior a 20 \u2103 .<\/p>\n<\/div>\n<\/div>\n<p><img data-recalc-dims=\"1\" decoding=\"async\" src=\"https:\/\/i0.wp.com\/ae01.alicdn.com\/kf\/S1af3aa5bd507433cb1315ee448172940z.jpg?w=1200&#038;ssl=1\"><img data-recalc-dims=\"1\" decoding=\"async\" src=\"https:\/\/i0.wp.com\/ae01.alicdn.com\/kf\/S5cf8b1e4a6884ad4a1dcbdaed4564e249.jpg?w=1200&#038;ssl=1\"><img data-recalc-dims=\"1\" decoding=\"async\" src=\"https:\/\/i0.wp.com\/ae01.alicdn.com\/kf\/S0a4bfb1561b3400881153d4937b3efd1A.jpg?w=1200&#038;ssl=1\"><img data-recalc-dims=\"1\" decoding=\"async\" src=\"https:\/\/i0.wp.com\/ae01.alicdn.com\/kf\/S444f1efa145042e693670a9d7c35a5cfp.jpg?w=1200&#038;ssl=1\"><img data-recalc-dims=\"1\" decoding=\"async\" src=\"https:\/\/i0.wp.com\/ae01.alicdn.com\/kf\/S6d76c54f018c40449f7be1cdd09d56a6y.jpg?w=1200&#038;ssl=1\"><img data-recalc-dims=\"1\" decoding=\"async\" src=\"https:\/\/i0.wp.com\/ae01.alicdn.com\/kf\/S90dd7cb9c8d345b4b83462db1bedb808Q.jpg?w=1200&#038;ssl=1\"><img data-recalc-dims=\"1\" decoding=\"async\" src=\"https:\/\/i0.wp.com\/ae01.alicdn.com\/kf\/S3f2f31fc08474fd98283087e64b4012ef.jpg?w=1200&#038;ssl=1\"><img data-recalc-dims=\"1\" decoding=\"async\" src=\"https:\/\/i0.wp.com\/ae01.alicdn.com\/kf\/Sa824560d4b9d47d48c95ee92e5175c90G.jpg?w=1200&#038;ssl=1\"><img data-recalc-dims=\"1\" decoding=\"async\" src=\"https:\/\/i0.wp.com\/ae01.alicdn.com\/kf\/S874a3b8a9b024f4bae6b551ce734c0adt.jpg?w=1200&#038;ssl=1\"><img data-recalc-dims=\"1\" decoding=\"async\" src=\"https:\/\/i0.wp.com\/ae01.alicdn.com\/kf\/Sbba807b5870e4894bcd3fad417319e3eh.jpg?w=1200&#038;ssl=1\"><\/p>\n<\/div>\n<\/div>\n","protected":false},"excerpt":{"rendered":"<p>Descri\u00e7\u00e3o do item Os produtos s\u00e3o feitos de material de fibra de carbono de alta qualidade com texturas bonitas Os produtos s\u00e3o personalizados de acordo com os tamanhos originais que se ajustam perfeitamente Condi\u00e7\u00e3o: 100% novo Material:Fibra de carbono + revestimento ep\u00f3xi Modelo compat\u00edvel:Para Kia Stinger 2019 2020 2021 2022 2023 M\u00e9todo de instala\u00e7\u00e3o -Limpe&hellip;&nbsp;<\/p>\n","protected":false},"featured_media":27001,"template":"","meta":{"neve_meta_sidebar":"","neve_meta_container":"","neve_meta_enable_content_width":"","neve_meta_content_width":0,"neve_meta_title_alignment":"","neve_meta_author_avatar":"","neve_post_elements_order":"","neve_meta_disable_header":"","neve_meta_disable_footer":"","neve_meta_disable_title":""},"product_brand":[],"product_cat":[25,93,17],"product_tag":[],"class_list":{"0":"post-27007","1":"product","2":"type-product","3":"status-publish","4":"has-post-thumbnail","6":"product_cat-acessorios-do-interior","7":"product_cat-decoracao-interior-do-carro-acessorios","8":"product_cat-pecas-e-acessorios-automotivos","10":"first","11":"instock","12":"shipping-taxable","13":"purchasable","14":"product-type-variable","15":"has-default-attributes"},"jetpack_sharing_enabled":true,"_links":{"self":[{"href":"https:\/\/listman.shop\/autoparts-br\/wp-json\/wp\/v2\/product\/27007","targetHints":{"allow":["GET"]}}],"collection":[{"href":"https:\/\/listman.shop\/autoparts-br\/wp-json\/wp\/v2\/product"}],"about":[{"href":"https:\/\/listman.shop\/autoparts-br\/wp-json\/wp\/v2\/types\/product"}],"wp:featuredmedia":[{"embeddable":true,"href":"https:\/\/listman.shop\/autoparts-br\/wp-json\/wp\/v2\/media\/27001"}],"wp:attachment":[{"href":"https:\/\/listman.shop\/autoparts-br\/wp-json\/wp\/v2\/media?parent=27007"}],"wp:term":[{"taxonomy":"product_brand","embeddable":true,"href":"https:\/\/listman.shop\/autoparts-br\/wp-json\/wp\/v2\/product_brand?post=27007"},{"taxonomy":"product_cat","embeddable":true,"href":"https:\/\/listman.shop\/autoparts-br\/wp-json\/wp\/v2\/product_cat?post=27007"},{"taxonomy":"product_tag","embeddable":true,"href":"https:\/\/listman.shop\/autoparts-br\/wp-json\/wp\/v2\/product_tag?post=27007"}],"curies":[{"name":"wp","href":"https:\/\/api.w.org\/{rel}","templated":true}]}}