{"id":28107,"date":"2025-03-10T11:32:05","date_gmt":"2025-03-10T02:32:05","guid":{"rendered":"https:\/\/listman.shop\/autoparts-br\/product\/1005008164770688\/"},"modified":"2026-04-14T09:18:11","modified_gmt":"2026-04-14T00:18:11","slug":"1005008164770688","status":"publish","type":"product","link":"https:\/\/listman.shop\/autoparts-br\/product\/1005008164770688\/","title":{"rendered":"Adesivo de fibra de carbono macio real para seat leon mk3 2013 2014 2015 lhd rhd quadro de mudan\u00e7a de engrenagem do carro painel guarni\u00e7\u00e3o acess\u00f3rios interiores"},"content":{"rendered":"<div class=\"detailmodule_html\">\n<div class=\"detail-desc-decorate-richtext\">\n<div class=\"detailmodule_dynamic\"><\/div>\n<div class=\"detailmodule_html\">\n<div class=\"detail-desc-decorate-richtext\">\n<p><span style=\"font-size:18px\"><strong>Descri\u00e7\u00e3o do item<\/strong><\/span><\/p>\n<p>Os produtos s\u00e3o feitos de material de fibra de carbono de alta qualidade com texturas bonitas<\/p>\n<p>Os produtos s\u00e3o personalizados de acordo com os tamanhos originais que se ajustam perfeitamente<\/p>\n<p>Condi\u00e7\u00e3o: 100% novo<\/p>\n<p>Material:<span style=\"font-size:14px\">Fibra de carbono + revestimento ep\u00f3xi<\/span><\/p>\n<p>Modelo compat\u00edvel:<span><strong>Para assento le\u00e3o 2013 2014 2015<\/strong><\/span><\/p>\n<p><span style=\"font-size:18px\"><strong>M\u00e9todo de instala\u00e7\u00e3o<\/strong><\/span><\/p>\n<p>-Limpe a \u00e1rea e elimine quaisquer impurezas antes de montar este item.<\/p>\n<p>-Por favor, aque\u00e7a o suporte da fita 3M com uma pistola de ar quente para melhor efeito de ader\u00eancia quando a temperatura ambiente for inferior a 20 \u2103 .<\/p>\n<p><img data-recalc-dims=\"1\" decoding=\"async\" src=\"https:\/\/i0.wp.com\/ae01.alicdn.com\/kf\/Sbc2a677d4b704a7c99559826a328f66dG.jpg?w=1200&#038;ssl=1\"><\/p>\n<p><img data-recalc-dims=\"1\" decoding=\"async\" src=\"https:\/\/i0.wp.com\/ae01.alicdn.com\/kf\/Sebb36518a65a481b832ceedc0c9fecabF.jpg?w=1200&#038;ssl=1\"><img data-recalc-dims=\"1\" decoding=\"async\" src=\"https:\/\/i0.wp.com\/ae01.alicdn.com\/kf\/Sc5b2537ea3254f3b8f56b3731e53280aW.jpg?w=1200&#038;ssl=1\"><img data-recalc-dims=\"1\" decoding=\"async\" src=\"https:\/\/i0.wp.com\/ae01.alicdn.com\/kf\/S5113190197a849ca9f4232ea715ca9d65.jpg?w=1200&#038;ssl=1\"><img data-recalc-dims=\"1\" decoding=\"async\" src=\"https:\/\/i0.wp.com\/ae01.alicdn.com\/kf\/S0a76f9b9fb83425a81cf09b75b2d66e0y.jpg?w=1200&#038;ssl=1\"><img data-recalc-dims=\"1\" decoding=\"async\" src=\"https:\/\/i0.wp.com\/ae01.alicdn.com\/kf\/Seb14ae5f3836467abf5beebe67544307j.jpg?w=1200&#038;ssl=1\"><img data-recalc-dims=\"1\" decoding=\"async\" src=\"https:\/\/i0.wp.com\/ae01.alicdn.com\/kf\/S5343a7a327bb4452bef5090a47735552G.jpg?w=1200&#038;ssl=1\"><img data-recalc-dims=\"1\" decoding=\"async\" src=\"https:\/\/i0.wp.com\/ae01.alicdn.com\/kf\/See62f908354c47c5b2bd6915f1e1d077W.jpg?w=1200&#038;ssl=1\"><img data-recalc-dims=\"1\" decoding=\"async\" src=\"https:\/\/i0.wp.com\/ae01.alicdn.com\/kf\/Sf4bc151408c1469583f8a5f8b8c7ffd3r.jpg?w=1200&#038;ssl=1\"><img data-recalc-dims=\"1\" decoding=\"async\" src=\"https:\/\/i0.wp.com\/ae01.alicdn.com\/kf\/S28f28d4589a24e5b86c26062ce76f74ef.jpg?w=1200&#038;ssl=1\"><img data-recalc-dims=\"1\" decoding=\"async\" src=\"https:\/\/i0.wp.com\/ae01.alicdn.com\/kf\/S49217b7404c44a8caad3d0055f56348dV.jpg?w=1200&#038;ssl=1\"><\/p>\n<\/div>\n<\/div>\n<p><\/p>\n<\/div>\n<\/div>\n","protected":false},"excerpt":{"rendered":"<p>Descri\u00e7\u00e3o do item Os produtos s\u00e3o feitos de material de fibra de carbono de alta qualidade com texturas bonitas Os produtos s\u00e3o personalizados de acordo com os tamanhos originais que se ajustam perfeitamente Condi\u00e7\u00e3o: 100% novo Material:Fibra de carbono + revestimento ep\u00f3xi Modelo compat\u00edvel:Para assento le\u00e3o 2013 2014 2015 M\u00e9todo de instala\u00e7\u00e3o -Limpe a \u00e1rea&hellip;&nbsp;<\/p>\n","protected":false},"featured_media":28101,"template":"","meta":{"neve_meta_sidebar":"","neve_meta_container":"","neve_meta_enable_content_width":"","neve_meta_content_width":0,"neve_meta_title_alignment":"","neve_meta_author_avatar":"","neve_post_elements_order":"","neve_meta_disable_header":"","neve_meta_disable_footer":"","neve_meta_disable_title":""},"product_brand":[],"product_cat":[25,93,17],"product_tag":[],"class_list":{"0":"post-28107","1":"product","2":"type-product","3":"status-publish","4":"has-post-thumbnail","6":"product_cat-acessorios-do-interior","7":"product_cat-decoracao-interior-do-carro-acessorios","8":"product_cat-pecas-e-acessorios-automotivos","10":"first","11":"instock","12":"shipping-taxable","13":"purchasable","14":"product-type-variable","15":"has-default-attributes"},"jetpack_sharing_enabled":true,"_links":{"self":[{"href":"https:\/\/listman.shop\/autoparts-br\/wp-json\/wp\/v2\/product\/28107","targetHints":{"allow":["GET"]}}],"collection":[{"href":"https:\/\/listman.shop\/autoparts-br\/wp-json\/wp\/v2\/product"}],"about":[{"href":"https:\/\/listman.shop\/autoparts-br\/wp-json\/wp\/v2\/types\/product"}],"wp:featuredmedia":[{"embeddable":true,"href":"https:\/\/listman.shop\/autoparts-br\/wp-json\/wp\/v2\/media\/28101"}],"wp:attachment":[{"href":"https:\/\/listman.shop\/autoparts-br\/wp-json\/wp\/v2\/media?parent=28107"}],"wp:term":[{"taxonomy":"product_brand","embeddable":true,"href":"https:\/\/listman.shop\/autoparts-br\/wp-json\/wp\/v2\/product_brand?post=28107"},{"taxonomy":"product_cat","embeddable":true,"href":"https:\/\/listman.shop\/autoparts-br\/wp-json\/wp\/v2\/product_cat?post=28107"},{"taxonomy":"product_tag","embeddable":true,"href":"https:\/\/listman.shop\/autoparts-br\/wp-json\/wp\/v2\/product_tag?post=28107"}],"curies":[{"name":"wp","href":"https:\/\/api.w.org\/{rel}","templated":true}]}}