{"id":28702,"date":"2025-03-10T13:26:09","date_gmt":"2025-03-10T04:26:09","guid":{"rendered":"https:\/\/listman.shop\/autoparts-br\/product\/1005002956934238\/"},"modified":"2026-04-18T07:30:06","modified_gmt":"2026-04-17T22:30:06","slug":"1005002956934238","status":"publish","type":"product","link":"https:\/\/listman.shop\/autoparts-br\/product\/1005002956934238\/","title":{"rendered":"4x guardas de lama do carro para mazda CX-30 cx30 2021 &#8211; 2023 mudflaps respingo guarda prote\u00e7\u00e3o fosca para-lamas acess\u00f3rios do carro roda"},"content":{"rendered":"<div class=\"detailmodule_html\">\n<div class=\"detail-desc-decorate-richtext\">\n<div class=\"detailmodule_html\">\n<div class=\"detail-desc-decorate-richtext\">\n<div style=\"margin:0px auto;margin-bottom:0px;margin-top:0px;margin-left:auto;margin-right:auto\"><\/div>\n<div class=\"detailmodule_dynamic\"><\/div>\n<\/p>\n<p><\/p>\n<p><\/p>\n<p><img data-recalc-dims=\"1\" decoding=\"async\"  src=\"https:\/\/i0.wp.com\/ae01.alicdn.com\/kf\/HL12_PrFJ4aXXagOFbXW.jpg?w=780\"><\/p>\n<p><\/p>\n<p><span style=\"font-size:20px\"><span style=\"font-size:16px\"><strong>Montagem: para mazda CX-30 2020 2021 2022 2023<\/strong><\/span><\/span><\/p>\n<p><\/p>\n<p><span style=\"font-size:20px\"><span style=\"font-size:16px\">Os protetores contra respingos fornecem excelente prote\u00e7\u00e3o para a parte inferior do corpo e acentuam o estilo do ve\u00edculo. Eles s\u00e3o moldados nos contornos do ve\u00edculo para um ajuste personalizado<\/span><\/span><span style=\"font-size:20px\"><br \/><\/span><span style=\"font-size:20px\"><span style=\"font-size:16px\">Esses protetores de lama resistentes combinam perfeitamente com o estilo do ve\u00edculo e minimizam o risco de sujeira, detritos da estrada e lascas de pedra voando dos pneus dianteiros e traseiros.<\/span><\/span><span style=\"font-size:20px\"><\/p>\n<p><\/span><span style=\"font-size:20px\"><strong><span style=\"font-size:16px\">Conte\u00fado do pacote:<\/span><\/strong><\/span><span style=\"font-size:20px\"><br \/><\/span><span style=\"font-size:20px\"><span style=\"font-size:16px\">4 x guarda-lamas<\/span><\/span><span style=\"font-size:20px\"><br \/><\/span><span style=\"font-size:20px\"><span style=\"font-size:16px\">1 pacote de parafusos e clipes<\/span><\/span><span style=\"font-size:20px\"><\/p>\n<p><\/span><span style=\"font-size:20px\"><span style=\"font-size:16px\">Apenas o conte\u00fado do pacote acima, outros produtos n\u00e3o est\u00e3o inclu\u00eddos.<\/span><\/span><span style=\"font-size:20px\"><br \/><\/span><\/p>\n<p><span style=\"font-size:20px\"><strong><span style=\"font-size:16px\">Nota:<\/span><\/strong><\/span><span style=\"font-size:20px\"><span style=\"font-size:16px\">Disparo leve e displays diferentes podem fazer com que a cor do item na imagem seja um pouco diferente da coisa real. O erro de medi\u00e7\u00e3o permitido \u00e9 de +\/- 1-3cm.<\/span><\/span><\/p>\n<p><img data-recalc-dims=\"1\" decoding=\"async\"  src=\"https:\/\/i0.wp.com\/ae01.alicdn.com\/kf\/HL1Hv_qFT4aXXagOFbX7.jpg?w=780\"><\/p>\n<p><img data-recalc-dims=\"1\" decoding=\"async\" style=\"width:1600px\"  src=\"https:\/\/i0.wp.com\/ae01.alicdn.com\/kf\/He2bd33eefa3144918a0c8c21cd02b7fci.jpg?w=1200&#038;ssl=1\"><\/p>\n<p><img data-recalc-dims=\"1\" decoding=\"async\" style=\"width:1600px\"  src=\"https:\/\/i0.wp.com\/ae01.alicdn.com\/kf\/H9ad3e6e4bbf8450480a3b7e543d5b8cbK.jpg?w=1200&#038;ssl=1\"><\/p>\n<p><img data-recalc-dims=\"1\" decoding=\"async\" style=\"width:1600px\"  src=\"https:\/\/i0.wp.com\/ae01.alicdn.com\/kf\/Hd8dff6826c174b829281af944546b232F.jpg?w=1200&#038;ssl=1\"><\/p>\n<p><img data-recalc-dims=\"1\" decoding=\"async\" style=\"width:1600px\"  src=\"https:\/\/i0.wp.com\/ae01.alicdn.com\/kf\/Hbedb4a0c89124e948ce8cbd746f77f0dt.jpg?w=1200&#038;ssl=1\"><\/p>\n<p><img data-recalc-dims=\"1\" decoding=\"async\" style=\"width:1600px\"  src=\"https:\/\/i0.wp.com\/ae01.alicdn.com\/kf\/H266bb555a634422c965f33f26604244fc.jpg?w=1200&#038;ssl=1\"><\/p>\n<p><img data-recalc-dims=\"1\" decoding=\"async\" style=\"width:1600px\"  src=\"https:\/\/i0.wp.com\/ae01.alicdn.com\/kf\/Hc5e27ebaefef4c8da557276e5f5935f8P.jpg?w=1200&#038;ssl=1\"><\/p>\n<p><\/p>\n<p><\/p>\n<p><img data-recalc-dims=\"1\" decoding=\"async\"  src=\"https:\/\/i0.wp.com\/ae01.alicdn.com\/kf\/HL1X3DoFP8bXXagOFbXm.jpg?w=781\"><\/p>\n<p><img data-recalc-dims=\"1\" decoding=\"async\"  src=\"https:\/\/i0.wp.com\/ae01.alicdn.com\/kf\/HLB1tqnnFFXXXXcpXVXXq6xXFXXXM.jpg?w=781\"><\/p>\n<p><img data-recalc-dims=\"1\" decoding=\"async\"  src=\"https:\/\/i0.wp.com\/ae01.alicdn.com\/kf\/HL1h1PrFTtaXXagOFbX3.jpg?w=781\"><\/p>\n<p><\/div>\n<\/div>\n<p><\/div>\n<\/div>\n","protected":false},"excerpt":{"rendered":"<p>Montagem: para mazda CX-30 2020 2021 2022 2023 Os protetores contra respingos fornecem excelente prote\u00e7\u00e3o para a parte inferior do corpo e acentuam o estilo do ve\u00edculo. Eles s\u00e3o moldados nos contornos do ve\u00edculo para um ajuste personalizadoEsses protetores de lama resistentes combinam perfeitamente com o estilo do ve\u00edculo e minimizam o risco de sujeira,&hellip;&nbsp;<\/p>\n","protected":false},"featured_media":28696,"template":"","meta":{"neve_meta_sidebar":"","neve_meta_container":"","neve_meta_enable_content_width":"","neve_meta_content_width":0,"neve_meta_title_alignment":"","neve_meta_author_avatar":"","neve_post_elements_order":"","neve_meta_disable_header":"","neve_meta_disable_footer":"","neve_meta_disable_title":""},"product_brand":[],"product_cat":[65,17,24],"product_tag":[],"class_list":{"0":"post-28702","1":"product","2":"type-product","3":"status-publish","4":"has-post-thumbnail","6":"product_cat-para-lamas","7":"product_cat-pecas-e-acessorios-automotivos","8":"product_cat-pecas-externas","10":"first","11":"instock","12":"shipping-taxable","13":"purchasable","14":"product-type-variable"},"jetpack_sharing_enabled":true,"_links":{"self":[{"href":"https:\/\/listman.shop\/autoparts-br\/wp-json\/wp\/v2\/product\/28702","targetHints":{"allow":["GET"]}}],"collection":[{"href":"https:\/\/listman.shop\/autoparts-br\/wp-json\/wp\/v2\/product"}],"about":[{"href":"https:\/\/listman.shop\/autoparts-br\/wp-json\/wp\/v2\/types\/product"}],"wp:featuredmedia":[{"embeddable":true,"href":"https:\/\/listman.shop\/autoparts-br\/wp-json\/wp\/v2\/media\/28696"}],"wp:attachment":[{"href":"https:\/\/listman.shop\/autoparts-br\/wp-json\/wp\/v2\/media?parent=28702"}],"wp:term":[{"taxonomy":"product_brand","embeddable":true,"href":"https:\/\/listman.shop\/autoparts-br\/wp-json\/wp\/v2\/product_brand?post=28702"},{"taxonomy":"product_cat","embeddable":true,"href":"https:\/\/listman.shop\/autoparts-br\/wp-json\/wp\/v2\/product_cat?post=28702"},{"taxonomy":"product_tag","embeddable":true,"href":"https:\/\/listman.shop\/autoparts-br\/wp-json\/wp\/v2\/product_tag?post=28702"}],"curies":[{"name":"wp","href":"https:\/\/api.w.org\/{rel}","templated":true}]}}