{"id":28980,"date":"2025-03-10T13:48:38","date_gmt":"2025-03-10T04:48:38","guid":{"rendered":"https:\/\/listman.shop\/autoparts-br\/product\/1005004924833441\/"},"modified":"2026-05-04T22:36:09","modified_gmt":"2026-05-04T13:36:09","slug":"1005004924833441","status":"publish","type":"product","link":"https:\/\/listman.shop\/autoparts-br\/product\/1005004924833441\/","title":{"rendered":"Espelho retrovisor do carro tampa inferior escudo para mazda 3 axela bl para mazda 6 atenza gh 2007-2013 para mazda 2 demio de 2007-2014"},"content":{"rendered":"<div class=\"detailmodule_html\">\n<div class=\"detail-desc-decorate-richtext\">\n<div class=\"detailmodule_html\">\n<div class=\"detail-desc-decorate-richtext\">\n<div><span style=\"font-size:20px\"><strong>Asa do carro espelho retrovisor tampa inferior escudo inferior para mazda 3 axela bl 6tenza gh 2007-2013 para mazda 2 demio de 2007-2014<\/strong><\/span><\/div>\n<div><strong><span style=\"font-size:28px;font-family:georgia, serif\">N<\/span><\/strong><span style=\"font-size:28px;font-family:georgia, serif\">Nota<\/span><span style=\"font-size:28px;font-family:georgia, serif\">: <\/span> <span style=\"font-size:20px;, cursive\"><br \/>1 Certifique-se de que nosso produto \u00e9 adequado para o seu carro ou seja igual \u00e0 sua pe\u00e7a original antes de comprar<\/span><\/div>\n<p><span style=\"font-size:20px;, cursive\">2 se voc\u00ea n\u00e3o tiver certeza se \u00e9 adequado ou n\u00e3o, sinta-se \u00e0 vontade para entrar em contato com nosso atendimento ao cliente,<\/span><\/p>\n<p><span style=\"font-size:20px;, cursive\">e anexe seu<\/span><span style=\"font-size:20px;, cursive\"><span style=\"font-size:20px;, cursive\">fotos do ve\u00edculo<\/span><\/span><span style=\"font-size:20px;, cursive\">com o<\/span><span style=\"font-size:20px;, cursive\"><span style=\"font-size:20px;, cursive\">VIN<\/span><\/span><span style=\"font-size:20px;, cursive\">.<\/span><\/p>\n<p><span style=\"font-size:20px;, cursive\">3 Nossos produtos s\u00e3o pe\u00e7as de reposi\u00e7\u00e3o, talvez a cor n\u00e3o corresponda 100% \u00e0 sua.<\/span><\/p>\n<p><span style=\"font-size:20px;, cursive\">4 ap\u00f3s a compra, preste aten\u00e7\u00e3o para verificar massagens no aliexpress, por favor.<\/span><\/p>\n<p><span style=\"font-size:20px;, cursive\">5 Se voc\u00ea tiver algum problema ou problema,<\/span><span style=\"font-size:20px;, cursive\">entre em contato conosco primeiro<\/span><span style=\"font-size:20px;, cursive\">.<\/span><\/p>\n<p style=\", Roboto, Arial, Helvetica, sans-serif, SimSun;font-size:14px;font-weight:400;letter-spacing:normal;line-height:inherit;text-align:start;white-space:normal;margin:0px;margin-bottom:0px;margin-top:0px;margin-left:0px;margin-right:0px;padding:0px;padding-bottom:0px;padding-top:0px;padding-left:0px;padding-right:0px\" align=\"start\"><span style=\"font-size:20px;, cursive\">6 Se voc\u00ea estiver satisfeito com nosso produto e servi\u00e7o,<br \/>por favor nos d\u00ea um feedback positivo de cinco estrelas.<\/span><\/p>\n<div>&nbsp;<\/div>\n<p><strong><span style=\"font-size:28px;font-family:georgia, serif\">A<\/span><\/strong><span style=\"font-size:28px;font-family:georgia, serif\">dispon\u00edvel para:<\/span><\/p>\n<p><strong><span style=\"font-size:20px\"><span style=\"font-family:Arial, Helvetica, sans-serif\"><span>Para Mazda 2\/Demio DE 2007-2014<\/span><\/span><\/span><\/strong><br \/><strong><span style=\"font-size:20px\"><span style=\"font-family:Arial, Helvetica, sans-serif\"><span>Para Mazda 3 \/ Axela BL 2008-2013<\/span><\/span><\/span><\/strong><br \/><strong><span style=\"font-size:20px\"><span style=\"font-family:Arial, Helvetica, sans-serif\"><span>Para mazda 6\/tenza GH 2007-2013<\/span><\/span><\/span><\/strong><\/p>\n<div><strong><span style=\"font-size:28px;font-family:georgia, serif\">D<\/span><\/strong> <span style=\"font-size:28px;font-family:georgia, serif\">fotos de etail:<\/span><br \/><img data-recalc-dims=\"1\" decoding=\"async\" src=\"https:\/\/i0.wp.com\/ae01.alicdn.com\/kf\/Sc5d3a5e36e2d42c3bcf1a0cae96a054ff.jpg?w=1200&#038;ssl=1\"><img data-recalc-dims=\"1\" decoding=\"async\" src=\"https:\/\/i0.wp.com\/ae01.alicdn.com\/kf\/Sd352c30a75ad4f95b80d96adc827fe34i.jpg?w=1200&#038;ssl=1\"><img data-recalc-dims=\"1\" decoding=\"async\" src=\"https:\/\/i0.wp.com\/ae01.alicdn.com\/kf\/Sf76aa372b4584011a38f763f59bedef9o.jpg?w=1200&#038;ssl=1\"><img data-recalc-dims=\"1\" decoding=\"async\" src=\"https:\/\/i0.wp.com\/ae01.alicdn.com\/kf\/S89b29639a86a4eb487eba4e43a440de7o.jpg?w=1200&#038;ssl=1\"><img data-recalc-dims=\"1\" decoding=\"async\" src=\"https:\/\/i0.wp.com\/ae01.alicdn.com\/kf\/S39987f4edfb141be9786a47789ea026c5.jpg?w=1200&#038;ssl=1\"><img data-recalc-dims=\"1\" decoding=\"async\" src=\"https:\/\/i0.wp.com\/ae01.alicdn.com\/kf\/Sd02331205ef3411a8fbf7e6b4bd369f1g.jpg?w=1200&#038;ssl=1\"><img data-recalc-dims=\"1\" decoding=\"async\" src=\"https:\/\/i0.wp.com\/ae01.alicdn.com\/kf\/S012c47ede27b46b69c7a6a92bfdbae1bc.jpg?w=1200&#038;ssl=1\"><img data-recalc-dims=\"1\" decoding=\"async\" src=\"https:\/\/i0.wp.com\/ae01.alicdn.com\/kf\/S7bc7bc07a8f44e2f89ff15881e655023Y.jpg?w=1200&#038;ssl=1\"><img data-recalc-dims=\"1\" decoding=\"async\" src=\"https:\/\/i0.wp.com\/ae01.alicdn.com\/kf\/S095f47b79fb74a3eb15b9e60862752ae6.jpg?w=1200&#038;ssl=1\"><img data-recalc-dims=\"1\" decoding=\"async\" src=\"https:\/\/i0.wp.com\/ae01.alicdn.com\/kf\/S462b8545409d4c14a0533fcc5747bc64T.jpg?w=1200&#038;ssl=1\"><img data-recalc-dims=\"1\" decoding=\"async\" src=\"https:\/\/i0.wp.com\/ae01.alicdn.com\/kf\/S43c3ebaf4f0643ac8ae38a17a499c459g.jpg?w=1200&#038;ssl=1\"><\/div>\n<p><\/div>\n<\/div>\n<p><\/div>\n<\/div>\n","protected":false},"excerpt":{"rendered":"<p>Asa do carro espelho retrovisor tampa inferior escudo inferior para mazda 3 axela bl 6tenza gh 2007-2013 para mazda 2 demio de 2007-2014 NNota: 1 Certifique-se de que nosso produto \u00e9 adequado para o seu carro ou seja igual \u00e0 sua pe\u00e7a original antes de comprar 2 se voc\u00ea n\u00e3o tiver certeza se \u00e9 adequado&hellip;&nbsp;<\/p>\n","protected":false},"featured_media":28974,"template":"","meta":{"neve_meta_sidebar":"","neve_meta_container":"","neve_meta_enable_content_width":"","neve_meta_content_width":0,"neve_meta_title_alignment":"","neve_meta_author_avatar":"","neve_post_elements_order":"","neve_meta_disable_header":"","neve_meta_disable_footer":"","neve_meta_disable_title":""},"product_brand":[],"product_cat":[17,24,74],"product_tag":[],"class_list":{"0":"post-28980","1":"product","2":"type-product","3":"status-publish","4":"has-post-thumbnail","6":"product_cat-pecas-e-acessorios-automotivos","7":"product_cat-pecas-externas","8":"product_cat-retrovisores-e-capas","10":"first","11":"instock","12":"shipping-taxable","13":"purchasable","14":"product-type-variable","15":"has-default-attributes"},"jetpack_sharing_enabled":true,"_links":{"self":[{"href":"https:\/\/listman.shop\/autoparts-br\/wp-json\/wp\/v2\/product\/28980","targetHints":{"allow":["GET"]}}],"collection":[{"href":"https:\/\/listman.shop\/autoparts-br\/wp-json\/wp\/v2\/product"}],"about":[{"href":"https:\/\/listman.shop\/autoparts-br\/wp-json\/wp\/v2\/types\/product"}],"wp:featuredmedia":[{"embeddable":true,"href":"https:\/\/listman.shop\/autoparts-br\/wp-json\/wp\/v2\/media\/28974"}],"wp:attachment":[{"href":"https:\/\/listman.shop\/autoparts-br\/wp-json\/wp\/v2\/media?parent=28980"}],"wp:term":[{"taxonomy":"product_brand","embeddable":true,"href":"https:\/\/listman.shop\/autoparts-br\/wp-json\/wp\/v2\/product_brand?post=28980"},{"taxonomy":"product_cat","embeddable":true,"href":"https:\/\/listman.shop\/autoparts-br\/wp-json\/wp\/v2\/product_cat?post=28980"},{"taxonomy":"product_tag","embeddable":true,"href":"https:\/\/listman.shop\/autoparts-br\/wp-json\/wp\/v2\/product_tag?post=28980"}],"curies":[{"name":"wp","href":"https:\/\/api.w.org\/{rel}","templated":true}]}}