{"id":29034,"date":"2025-03-10T13:51:19","date_gmt":"2025-03-10T04:51:19","guid":{"rendered":"https:\/\/listman.shop\/autoparts-br\/product\/1005005260641839\/"},"modified":"2026-05-04T23:07:03","modified_gmt":"2026-05-04T14:07:03","slug":"1005005260641839","status":"publish","type":"product","link":"https:\/\/listman.shop\/autoparts-br\/product\/1005005260641839\/","title":{"rendered":"Para toyota hilux revo 2016 2018 2020 2021 2022 2023 acess\u00f3rios vista lateral traseira espelho retrovisor guarni\u00e7\u00e3o capa plasitc cromo"},"content":{"rendered":"<div class=\"detailmodule_html\">\n<div class=\"detail-desc-decorate-richtext\">\n<p><span style=\"font-size:20px\" id=\"tl_1\">Para Toyota Hilux Revo<\/span><\/p>\n<p><span style=\"font-size:20px\">2016 -2023<\/span><\/p>\n<p><\/p>\n<p><span style=\"font-size:15px;, Roboto, Arial, Helvetica, sans-serif, SimSun\" id=\"tl_2\">Para Toyota Fortuner Hilux Revo 2023 2024 2025 2026, compre este item.<\/span><\/p>\n<p><span style=\"font-size:20px\"><\/span><a href=\"https:\/\/www.aliexpress.com\/item\/1005009853927921.html\" target=\"_self\"><span style=\"font-size:20px\" id=\"tl_3\">https:\/\/www.aliexpress.com\/item\/1005009853927921.html<\/span><\/a><span style=\"font-size:20px\"><\/span><\/p>\n<p><span style=\"font-size:20px\" id=\"tl_4\">Acess&oacute;rios<\/span><\/p>\n<p><span style=\"font-size:20px\" id=\"tl_5\">Capa do Acabamento do Espelho Retrovisor<\/span><\/p>\n<p><span style=\"font-size:20px\" id=\"tl_6\">Cromo Pl&aacute;stico (YS)<\/span><\/p>\n<p><img data-recalc-dims=\"1\" decoding=\"async\" src=\"https:\/\/i0.wp.com\/ae01.alicdn.com\/kf\/Sb7e0f07b78af4858b7117ab72707215a6.jpg?w=1200&#038;ssl=1\" \/><img data-recalc-dims=\"1\" decoding=\"async\" src=\"https:\/\/i0.wp.com\/ae01.alicdn.com\/kf\/S4b7c8e4cc6ff46b580ec8ec2e2f4765dR.jpg?w=1200&#038;ssl=1\" \/><img data-recalc-dims=\"1\" decoding=\"async\" src=\"https:\/\/i0.wp.com\/ae01.alicdn.com\/kf\/S91d609de7e254357be9b852ced6eca1a4.jpg?w=1200&#038;ssl=1\" \/><\/p>\n<p><\/p>\n<p><span style=\"font-size:28px\" id=\"tl_7\">Fibra de Carbono Imita&ccedil;&atilde;o (TQW)<\/span><\/p>\n<p><span style=\"font-size:28px\"><\/span><img data-recalc-dims=\"1\" decoding=\"async\" src=\"https:\/\/i0.wp.com\/ae01.alicdn.com\/kf\/S2bfc22d268ff43519bf16afc1c1fbd40y.jpg?w=1200&#038;ssl=1\" \/><span style=\"font-size:28px\"><\/span><img data-recalc-dims=\"1\" decoding=\"async\" src=\"https:\/\/i0.wp.com\/ae01.alicdn.com\/kf\/S2776d22ef90f46b98c33f6b9a5f27ab7B.jpg?w=1200&#038;ssl=1\" \/><span style=\"font-size:28px\"><\/span><img data-recalc-dims=\"1\" decoding=\"async\" src=\"https:\/\/i0.wp.com\/ae01.alicdn.com\/kf\/Sdd8bdf3a060644c18fadb29a8f1de6e3u.jpg?w=1200&#038;ssl=1\" \/><span style=\"font-size:28px\"><\/span><\/p>\n<p><\/p>\n<\/div>\n<\/div>\n","protected":false},"excerpt":{"rendered":"<p>Para Toyota Hilux Revo 2016 -2023 Para Toyota Fortuner Hilux Revo 2023 2024 2025 2026, compre este item. https:\/\/www.aliexpress.com\/item\/1005009853927921.html Acess&oacute;rios Capa do Acabamento do Espelho Retrovisor Cromo Pl&aacute;stico (YS) Fibra de Carbono Imita&ccedil;&atilde;o (TQW)<\/p>\n","protected":false},"featured_media":29031,"template":"","meta":{"neve_meta_sidebar":"","neve_meta_container":"","neve_meta_enable_content_width":"","neve_meta_content_width":0,"neve_meta_title_alignment":"","neve_meta_author_avatar":"","neve_post_elements_order":"","neve_meta_disable_header":"","neve_meta_disable_footer":"","neve_meta_disable_title":""},"product_brand":[],"product_cat":[54,17,24],"product_tag":[],"class_list":{"0":"post-29034","1":"product","2":"type-product","3":"status-publish","4":"has-post-thumbnail","6":"product_cat-detalhamento-em-cromo","7":"product_cat-pecas-e-acessorios-automotivos","8":"product_cat-pecas-externas","10":"first","11":"instock","12":"shipping-taxable","13":"purchasable","14":"product-type-variable","15":"has-default-attributes"},"jetpack_sharing_enabled":true,"_links":{"self":[{"href":"https:\/\/listman.shop\/autoparts-br\/wp-json\/wp\/v2\/product\/29034","targetHints":{"allow":["GET"]}}],"collection":[{"href":"https:\/\/listman.shop\/autoparts-br\/wp-json\/wp\/v2\/product"}],"about":[{"href":"https:\/\/listman.shop\/autoparts-br\/wp-json\/wp\/v2\/types\/product"}],"wp:featuredmedia":[{"embeddable":true,"href":"https:\/\/listman.shop\/autoparts-br\/wp-json\/wp\/v2\/media\/29031"}],"wp:attachment":[{"href":"https:\/\/listman.shop\/autoparts-br\/wp-json\/wp\/v2\/media?parent=29034"}],"wp:term":[{"taxonomy":"product_brand","embeddable":true,"href":"https:\/\/listman.shop\/autoparts-br\/wp-json\/wp\/v2\/product_brand?post=29034"},{"taxonomy":"product_cat","embeddable":true,"href":"https:\/\/listman.shop\/autoparts-br\/wp-json\/wp\/v2\/product_cat?post=29034"},{"taxonomy":"product_tag","embeddable":true,"href":"https:\/\/listman.shop\/autoparts-br\/wp-json\/wp\/v2\/product_tag?post=29034"}],"curies":[{"name":"wp","href":"https:\/\/api.w.org\/{rel}","templated":true}]}}