{"id":29070,"date":"2025-03-10T13:53:02","date_gmt":"2025-03-10T04:53:02","guid":{"rendered":"https:\/\/listman.shop\/autoparts-br\/product\/1005005524607663\/"},"modified":"2026-05-04T22:29:06","modified_gmt":"2026-05-04T13:29:06","slug":"1005005524607663","status":"publish","type":"product","link":"https:\/\/listman.shop\/autoparts-br\/product\/1005005524607663\/","title":{"rendered":"Estilo do carro telhado rack capa barra ferrovi\u00e1rio final substitui\u00e7\u00e3o escudo acess\u00f3rios 4 p\u00e7s para toyota land cruiser prado fj120 2003 -2008 2009"},"content":{"rendered":"<div class=\"detailmodule_html\">\n<div class=\"detail-desc-decorate-richtext\">\n<p><span style=\"font-size:20px;, Roboto, Arial, Helvetica, sans-serif, SimSun\">Montagem:<\/span><br \/><span style=\"font-size:20px;, Roboto, Arial, Helvetica, sans-serif, SimSun\">Para Toyota Land Cruiser Prado FJ120 2003-2009<\/span><\/p>\n<p><span style=\"font-size:20px;, Roboto, Arial, Helvetica, sans-serif, SimSun\">Caracter\u00edsticas:<\/span><br \/><span style=\"font-size:20px;, Roboto, Arial, Helvetica, sans-serif, SimSun\">-Substitua a extremidade original do rack de teto quando ela for perdida ou quebrada<\/span><br \/><span style=\"font-size:20px;, Roboto, Arial, Helvetica, sans-serif, SimSun\">&#8211; Fabricado em instala\u00e7\u00f5es ISO 9001 para garantir a mais alta qualidade<\/span><br \/><span style=\"font-size:20px;, Roboto, Arial, Helvetica, sans-serif, SimSun\">&#8211; F\u00e1cil instala\u00e7\u00e3o<\/span><\/p>\n<p><span style=\"font-size:20px;, Roboto, Arial, Helvetica, sans-serif, SimSun\">Especifica\u00e7\u00f5es:<\/span><br \/><span style=\"font-size:20px;, Roboto, Arial, Helvetica, sans-serif, SimSun\">&#8211; Condi\u00e7\u00e3o: 100% novo<\/span><br \/><span style=\"font-size:20px;, Roboto, Arial, Helvetica, sans-serif, SimSun\">&#8211; O pacote inclui: 4 unidades\/conjunto de tampa final do trilho do rack de teto<\/span><br \/><span style=\"font-size:20px;, Roboto, Arial, Helvetica, sans-serif, SimSun\">-Cor: Preto<\/span><br \/><span style=\"font-size:20px;, Roboto, Arial, Helvetica, sans-serif, SimSun\">-Material: Pl\u00e1stico ABS de alta qualidade<\/span><br \/><span style=\"font-size:20px;, Roboto, Arial, Helvetica, sans-serif, SimSun\">* Observa\u00e7\u00e3o: verifique o m\u00e1ximo poss\u00edvel para ter certeza de que o item \u00e9 o que voc\u00ea precisa antes de comprar<\/span><\/p>\n<p><span style=\"font-size:20px;, Roboto, Arial, Helvetica, sans-serif, SimSun\">Montagem:<br \/>Para Toyota Land Cruiser Prado FJ120 2003-2009<\/p>\n<p>Caracter\u00edsticas:<br \/>-Substitua a extremidade original do rack de teto quando ela for perdida ou quebrada<br \/>&#8211; Fabricado em instala\u00e7\u00f5es ISO 9001 para garantir a mais alta qualidade<br \/>&#8211; F\u00e1cil instala\u00e7\u00e3o<\/p>\n<p>Especifica\u00e7\u00f5es:<br \/>&#8211; Condi\u00e7\u00e3o: 100% novo<br \/>&#8211; O pacote inclui: 4 unidades\/conjunto de tampa final do trilho do rack de teto<br \/>-Cor: Preto<br \/>-Material: Pl\u00e1stico ABS de alta qualidade<br \/>* Observa\u00e7\u00e3o: verifique o m\u00e1ximo poss\u00edvel para ter certeza de que o item \u00e9 o que voc\u00ea precisa antes de comprar<\/span><img data-recalc-dims=\"1\" decoding=\"async\" src=\"https:\/\/i0.wp.com\/ae01.alicdn.com\/kf\/S1022fbb3eccb4685a882ee479bd40678v.jpg?w=1200&#038;ssl=1\"><img data-recalc-dims=\"1\" decoding=\"async\" src=\"https:\/\/i0.wp.com\/ae01.alicdn.com\/kf\/Sabdf6365660248c18e1a697a2c3a7cbdD.jpg?w=1200&#038;ssl=1\"><img data-recalc-dims=\"1\" decoding=\"async\" src=\"https:\/\/i0.wp.com\/ae01.alicdn.com\/kf\/Sc540fa8a109b473ea9ecb6b76fdc1a9a9.jpg?w=1200&#038;ssl=1\"><img data-recalc-dims=\"1\" decoding=\"async\" src=\"https:\/\/i0.wp.com\/ae01.alicdn.com\/kf\/Sd7d5e9885b1e453686c6820d9e680f13x.jpg?w=1200&#038;ssl=1\"><\/p>\n<\/div>\n<\/div>\n","protected":false},"excerpt":{"rendered":"<p>Montagem:Para Toyota Land Cruiser Prado FJ120 2003-2009 Caracter\u00edsticas:-Substitua a extremidade original do rack de teto quando ela for perdida ou quebrada&#8211; Fabricado em instala\u00e7\u00f5es ISO 9001 para garantir a mais alta qualidade&#8211; F\u00e1cil instala\u00e7\u00e3o Especifica\u00e7\u00f5es:&#8211; Condi\u00e7\u00e3o: 100% novo&#8211; O pacote inclui: 4 unidades\/conjunto de tampa final do trilho do rack de teto-Cor: Preto-Material: Pl\u00e1stico ABS&hellip;&nbsp;<\/p>\n","protected":false},"featured_media":29064,"template":"","meta":{"neve_meta_sidebar":"","neve_meta_container":"","neve_meta_enable_content_width":"","neve_meta_content_width":0,"neve_meta_title_alignment":"","neve_meta_author_avatar":"","neve_post_elements_order":"","neve_meta_disable_header":"","neve_meta_disable_footer":"","neve_meta_disable_title":""},"product_brand":[],"product_cat":[54,17,24],"product_tag":[],"class_list":{"0":"post-29070","1":"product","2":"type-product","3":"status-publish","4":"has-post-thumbnail","6":"product_cat-detalhamento-em-cromo","7":"product_cat-pecas-e-acessorios-automotivos","8":"product_cat-pecas-externas","10":"first","11":"instock","12":"shipping-taxable","13":"purchasable","14":"product-type-variable"},"jetpack_sharing_enabled":true,"_links":{"self":[{"href":"https:\/\/listman.shop\/autoparts-br\/wp-json\/wp\/v2\/product\/29070","targetHints":{"allow":["GET"]}}],"collection":[{"href":"https:\/\/listman.shop\/autoparts-br\/wp-json\/wp\/v2\/product"}],"about":[{"href":"https:\/\/listman.shop\/autoparts-br\/wp-json\/wp\/v2\/types\/product"}],"wp:featuredmedia":[{"embeddable":true,"href":"https:\/\/listman.shop\/autoparts-br\/wp-json\/wp\/v2\/media\/29064"}],"wp:attachment":[{"href":"https:\/\/listman.shop\/autoparts-br\/wp-json\/wp\/v2\/media?parent=29070"}],"wp:term":[{"taxonomy":"product_brand","embeddable":true,"href":"https:\/\/listman.shop\/autoparts-br\/wp-json\/wp\/v2\/product_brand?post=29070"},{"taxonomy":"product_cat","embeddable":true,"href":"https:\/\/listman.shop\/autoparts-br\/wp-json\/wp\/v2\/product_cat?post=29070"},{"taxonomy":"product_tag","embeddable":true,"href":"https:\/\/listman.shop\/autoparts-br\/wp-json\/wp\/v2\/product_tag?post=29070"}],"curies":[{"name":"wp","href":"https:\/\/api.w.org\/{rel}","templated":true}]}}