{"id":29461,"date":"2025-03-10T14:11:38","date_gmt":"2025-03-10T05:11:38","guid":{"rendered":"https:\/\/listman.shop\/autoparts-br\/product\/1005006082673767\/"},"modified":"2026-05-04T22:50:06","modified_gmt":"2026-05-04T13:50:06","slug":"1005006082673767","status":"publish","type":"product","link":"https:\/\/listman.shop\/autoparts-br\/product\/1005006082673767\/","title":{"rendered":"4x para jeep compass 2016 2017 2018 2019 2020 1.4t 2.4t mk2 paralama respingo guardas rodas dianteiras traseiras fender flaps estilo do carro"},"content":{"rendered":"<div class=\"detailmodule_html\">\n<div class=\"detail-desc-decorate-richtext\">\n<div class=\"detailmodule_html\">\n<div class=\"detail-desc-decorate-richtext\">\n<h2><span class=\"marker\">Montagem:<\/span><br \/>4x para Jeep Compass 2018 2019 2020 1.4T 2.4T MK2 Protetores de lama Protetores contra respingos Rodas dianteiras traseiras Para-choque Acess\u00f3rios de estilo de carro<\/h2>\n<div style=\", Roboto, Arial, Helvetica, sans-serif, SimSun;font-size:14px;font-weight:400;letter-spacing:normal;text-align:start;white-space:normal;margin:0px;margin-bottom:0px;margin-top:0px;margin-left:0px;margin-right:0px;padding:0px;padding-bottom:0px;padding-top:0px;padding-left:0px;padding-right:0px\" align=\"start\">\n<h2 class=\"detail-desc-decorate-content\">1.Os protetores contra respingos moldados de luxo fornecem excelente prote\u00e7\u00e3o para a parte inferior do corpo e acentuam o estilo do ve\u00edculo.<\/p>\n<p>2. feito de pl\u00e1stico tpe de alta qualidade para ser r\u00edgido e selecion\u00e1vel. fornece prote\u00e7\u00e3o adicional enquanto melhora o exterior esportivo do seu ve\u00edculo<\/p>\n<p>3.Os protetores contra respingos moldados de luxo fornecem excelente prote\u00e7\u00e3o para a parte inferior do corpo e acentuam o estilo do ve\u00edculo.Feito de pl\u00e1stico TPO para ser r\u00edgido e remov\u00edvel.Eles s\u00e3o moldados nos contornos do ve\u00edculo para um ajuste personalizado<\/p>\n<p>4. Esses protetores de lama resistentes combinam perfeitamente com o estilo do ve\u00edculo e minimizam o risco de sujeira, detritos da estrada e lascas de pedra voando dos pneus dianteiros e traseiros. Fornece prote\u00e7\u00e3o adicional enquanto melhora o exterior esportivo do seu ve\u00edculo<\/h2>\n<p style=\"margin:0px;margin-bottom:0px;margin-top:0px;margin-left:0px;margin-right:0px;display:block;width:100%\"><img data-recalc-dims=\"1\" decoding=\"async\" src=\"https:\/\/i0.wp.com\/ae03.alicdn.com\/kf\/S3d85057854a141f582c95697e64adfe49.jpg?w=1200&#038;ssl=1\"><img data-recalc-dims=\"1\" decoding=\"async\" src=\"https:\/\/i0.wp.com\/ae03.alicdn.com\/kf\/S8008121202e74c10ab3af3fc1cf93730l.jpg?w=1200&#038;ssl=1\"><img data-recalc-dims=\"1\" decoding=\"async\" src=\"https:\/\/i0.wp.com\/ae03.alicdn.com\/kf\/Seabd4cfa2b2444b5bee6aa86251c52bb0.jpg?w=1200&#038;ssl=1\"><img data-recalc-dims=\"1\" decoding=\"async\" src=\"https:\/\/i0.wp.com\/ae03.alicdn.com\/kf\/S7dac632d144c4964a75c90ee11d09804M.jpg?w=1200&#038;ssl=1\"><img data-recalc-dims=\"1\" decoding=\"async\" src=\"https:\/\/i0.wp.com\/ae03.alicdn.com\/kf\/S8c6dc9607929494fb7d6207f815d6b90z.jpg?w=1200&#038;ssl=1\"><\/p>\n<\/div>\n<h2><\/h2>\n<\/div>\n<\/div>\n<p><\/div>\n<\/div>\n","protected":false},"excerpt":{"rendered":"<p>Montagem:4x para Jeep Compass 2018 2019 2020 1.4T 2.4T MK2 Protetores de lama Protetores contra respingos Rodas dianteiras traseiras Para-choque Acess\u00f3rios de estilo de carro 1.Os protetores contra respingos moldados de luxo fornecem excelente prote\u00e7\u00e3o para a parte inferior do corpo e acentuam o estilo do ve\u00edculo. 2. feito de pl\u00e1stico tpe de alta qualidade&hellip;&nbsp;<\/p>\n","protected":false},"featured_media":29455,"template":"","meta":{"neve_meta_sidebar":"","neve_meta_container":"","neve_meta_enable_content_width":"","neve_meta_content_width":0,"neve_meta_title_alignment":"","neve_meta_author_avatar":"","neve_post_elements_order":"","neve_meta_disable_header":"","neve_meta_disable_footer":"","neve_meta_disable_title":""},"product_brand":[],"product_cat":[65,17,24],"product_tag":[],"class_list":{"0":"post-29461","1":"product","2":"type-product","3":"status-publish","4":"has-post-thumbnail","6":"product_cat-para-lamas","7":"product_cat-pecas-e-acessorios-automotivos","8":"product_cat-pecas-externas","10":"first","11":"instock","12":"shipping-taxable","13":"purchasable","14":"product-type-variable"},"jetpack_sharing_enabled":true,"_links":{"self":[{"href":"https:\/\/listman.shop\/autoparts-br\/wp-json\/wp\/v2\/product\/29461","targetHints":{"allow":["GET"]}}],"collection":[{"href":"https:\/\/listman.shop\/autoparts-br\/wp-json\/wp\/v2\/product"}],"about":[{"href":"https:\/\/listman.shop\/autoparts-br\/wp-json\/wp\/v2\/types\/product"}],"wp:featuredmedia":[{"embeddable":true,"href":"https:\/\/listman.shop\/autoparts-br\/wp-json\/wp\/v2\/media\/29455"}],"wp:attachment":[{"href":"https:\/\/listman.shop\/autoparts-br\/wp-json\/wp\/v2\/media?parent=29461"}],"wp:term":[{"taxonomy":"product_brand","embeddable":true,"href":"https:\/\/listman.shop\/autoparts-br\/wp-json\/wp\/v2\/product_brand?post=29461"},{"taxonomy":"product_cat","embeddable":true,"href":"https:\/\/listman.shop\/autoparts-br\/wp-json\/wp\/v2\/product_cat?post=29461"},{"taxonomy":"product_tag","embeddable":true,"href":"https:\/\/listman.shop\/autoparts-br\/wp-json\/wp\/v2\/product_tag?post=29461"}],"curies":[{"name":"wp","href":"https:\/\/api.w.org\/{rel}","templated":true}]}}