{"id":29857,"date":"2025-03-10T14:36:22","date_gmt":"2025-03-10T05:36:22","guid":{"rendered":"https:\/\/listman.shop\/autoparts-br\/product\/1005006796027766\/"},"modified":"2026-05-04T22:57:06","modified_gmt":"2026-05-04T13:57:06","slug":"1005006796027766","status":"publish","type":"product","link":"https:\/\/listman.shop\/autoparts-br\/product\/1005006796027766\/","title":{"rendered":"Frente traseira mud flaps para honda\/civic sedan 2016 2017 2018 fender respingo guardas paralama mudflaps acess\u00f3rios do carro"},"content":{"rendered":"<div class=\"detailmodule_html\">\n<div class=\"detail-desc-decorate-richtext\">\n<p><span style=\"font-size:20px\">Montagem:<\/span><\/p>\n<div style=\", Roboto, Arial, Helvetica, sans-serif, SimSun;font-size:14px;font-weight:400;letter-spacing:normal;text-align:start;white-space:normal;margin:0px;margin-bottom:0px;margin-top:0px;margin-left:0px;margin-right:0px;padding:0px;padding-bottom:0px;padding-top:0px;padding-left:0px;padding-right:0px\" class=\"detailmodule_text\" align=\"start\">\n<p style=\", Roboto, Arial, Helvetica, sans-serif, SimSun;font-size:16px;font-weight:bold;letter-spacing:normal;line-height:inherit;text-align:start;white-space:normal;margin:0px;margin-bottom:0px;margin-top:0px;margin-left:0px;margin-right:0px;padding:0px;padding-bottom:0px;padding-top:0px;padding-left:0px;padding-right:0px\" align=\"start\"><span style=\"font-size:20px\">Para honda civic sed\u00e3 de 4 portas 2016-2018 FC<\/p>\n<p>N\u00e3o cabe em Coupe\/Hatchback\/Si\/Tipo R<\/span><\/p>\n<\/div>\n<p><span style=\"font-size:18px\"><strong><br \/><\/strong><\/span><span style=\"font-size:18px\">1.Nota especial: O para-lama \u00e9 um produto montado na parte traseira e n\u00e3o est\u00e1 dentro do escopo do projeto de f\u00e1brica.Mais de 90% dos modelos de carros podem ser combinados diretamente, e alguns carros exigem furos para instalar o para-lama dianteiro.\u00c9 costume n\u00e3o danificar seu carro.<\/span><\/p>\n<p><span style=\"font-size:18px\">2.Composi\u00e7\u00e3o: 4 pe\u00e7as (1 conjunto); Um pacote de acess\u00f3rios para parafusos (8 parafusos)<\/span><\/p>\n<p><span style=\"font-size:18px\">3.Fun\u00e7\u00e3o: F\u00e1cil instala\u00e7\u00e3o, garantia de qualidade e garantia.<\/span><\/p>\n<p><span style=\"font-size:18px\">4.Os guarda-lamas protegem a parte inferior do carro da influ\u00eancia de neve, sal, areia, pedras e outros detritos ao redor das rodas.<\/span><\/p>\n<p><span style=\"font-size:18px\">5.Fabrica\u00e7\u00e3o: Fabricado na China.<\/span><\/p>\n<p><span style=\"font-size:18px\">6.Material: Pl\u00e1stico ABS avan\u00e7ado.Guarda-lamas moldado.<\/span><\/p>\n<p><span style=\"font-size:20px\"><strong>Lembrete amig\u00e1vel: Antes de fazer um pedido, verifique cuidadosamente se o ano da marca do seu carro corresponde \u00e0s nossas fotos e se a curvatura da posi\u00e7\u00e3o onde o para-lama est\u00e1 instalado \u00e9 a mesma. Escolha o produto que mais lhe convier!<\/strong><\/span><\/p>\n<p><img data-recalc-dims=\"1\" decoding=\"async\" src=\"https:\/\/i0.wp.com\/ae01.alicdn.com\/kf\/S87d6a932678b43309db5ca5dc2275c117.jpg?w=1200&#038;ssl=1\"><\/p>\n<p><img data-recalc-dims=\"1\" decoding=\"async\" src=\"https:\/\/i0.wp.com\/ae01.alicdn.com\/kf\/S688d951ec3194b61b3e0a47a675b4f140.jpg?w=1200&#038;ssl=1\"><\/p>\n<p><img data-recalc-dims=\"1\" decoding=\"async\" src=\"https:\/\/i0.wp.com\/ae01.alicdn.com\/kf\/Sc5e4d91707c94e37a1cbe9c572cf7c3a3.jpg?w=1200&#038;ssl=1\"><\/p>\n<p><img data-recalc-dims=\"1\" decoding=\"async\" src=\"https:\/\/i0.wp.com\/ae01.alicdn.com\/kf\/S307dad2591224711af17a6e4e9968647a.jpg?w=1200&#038;ssl=1\"><\/p>\n<p><img data-recalc-dims=\"1\" decoding=\"async\" src=\"https:\/\/i0.wp.com\/ae01.alicdn.com\/kf\/S4e6c8bf3d65e4abaad1776c614781566z.jpg?w=1200&#038;ssl=1\"><img data-recalc-dims=\"1\" decoding=\"async\" src=\"https:\/\/i0.wp.com\/ae01.alicdn.com\/kf\/Se642895e76494547b032392545593385Z.jpg?w=1200&#038;ssl=1\"><img data-recalc-dims=\"1\" decoding=\"async\" src=\"https:\/\/i0.wp.com\/ae01.alicdn.com\/kf\/S8e71f757511c453c9754b813fef438f8x.jpg?w=1200&#038;ssl=1\"><img data-recalc-dims=\"1\" decoding=\"async\" src=\"https:\/\/i0.wp.com\/ae01.alicdn.com\/kf\/Sc762379b14bf40d98a901b50b64cba32a.jpg?w=1200&#038;ssl=1\"><\/p>\n<\/div>\n<\/div>\n","protected":false},"excerpt":{"rendered":"<p>Montagem: Para honda civic sed\u00e3 de 4 portas 2016-2018 FC N\u00e3o cabe em Coupe\/Hatchback\/Si\/Tipo R 1.Nota especial: O para-lama \u00e9 um produto montado na parte traseira e n\u00e3o est\u00e1 dentro do escopo do projeto de f\u00e1brica.Mais de 90% dos modelos de carros podem ser combinados diretamente, e alguns carros exigem furos para instalar o para-lama&hellip;&nbsp;<\/p>\n","protected":false},"featured_media":29851,"template":"","meta":{"neve_meta_sidebar":"","neve_meta_container":"","neve_meta_enable_content_width":"","neve_meta_content_width":0,"neve_meta_title_alignment":"","neve_meta_author_avatar":"","neve_post_elements_order":"","neve_meta_disable_header":"","neve_meta_disable_footer":"","neve_meta_disable_title":""},"product_brand":[],"product_cat":[65,17,24],"product_tag":[],"class_list":{"0":"post-29857","1":"product","2":"type-product","3":"status-publish","4":"has-post-thumbnail","6":"product_cat-para-lamas","7":"product_cat-pecas-e-acessorios-automotivos","8":"product_cat-pecas-externas","10":"first","11":"instock","12":"shipping-taxable","13":"purchasable","14":"product-type-variable"},"jetpack_sharing_enabled":true,"_links":{"self":[{"href":"https:\/\/listman.shop\/autoparts-br\/wp-json\/wp\/v2\/product\/29857","targetHints":{"allow":["GET"]}}],"collection":[{"href":"https:\/\/listman.shop\/autoparts-br\/wp-json\/wp\/v2\/product"}],"about":[{"href":"https:\/\/listman.shop\/autoparts-br\/wp-json\/wp\/v2\/types\/product"}],"wp:featuredmedia":[{"embeddable":true,"href":"https:\/\/listman.shop\/autoparts-br\/wp-json\/wp\/v2\/media\/29851"}],"wp:attachment":[{"href":"https:\/\/listman.shop\/autoparts-br\/wp-json\/wp\/v2\/media?parent=29857"}],"wp:term":[{"taxonomy":"product_brand","embeddable":true,"href":"https:\/\/listman.shop\/autoparts-br\/wp-json\/wp\/v2\/product_brand?post=29857"},{"taxonomy":"product_cat","embeddable":true,"href":"https:\/\/listman.shop\/autoparts-br\/wp-json\/wp\/v2\/product_cat?post=29857"},{"taxonomy":"product_tag","embeddable":true,"href":"https:\/\/listman.shop\/autoparts-br\/wp-json\/wp\/v2\/product_tag?post=29857"}],"curies":[{"name":"wp","href":"https:\/\/api.w.org\/{rel}","templated":true}]}}