{"id":30085,"date":"2025-03-10T15:25:23","date_gmt":"2025-03-10T06:25:23","guid":{"rendered":"https:\/\/listman.shop\/autoparts-br\/product\/1005007119611075\/"},"modified":"2026-05-04T23:13:08","modified_gmt":"2026-05-04T14:13:08","slug":"1005007119611075","status":"publish","type":"product","link":"https:\/\/listman.shop\/autoparts-br\/product\/1005007119611075\/","title":{"rendered":"Para mazda 3 axela 2019 2020 2021 2022 2023 espelho retrovisor do carro capa asa tampa da porta exterior caso guarni\u00e7\u00e3o de fibra carbono olhar"},"content":{"rendered":"<div class=\"detailmodule_html\">\n<div class=\"detail-desc-decorate-richtext\">\n<div class=\"detailmodule_html\">\n<div class=\"detail-desc-decorate-richtext\">\n<div id=\"simple\">\n<div>\n<div id=\"banner\"><span style=\"font-size:16px\"><strong><span>Caracter\u00edstica:<\/span><\/strong><\/span><br \/><span style=\"font-size:16px\">100% novo e de alta qualidade.<\/span><br \/><span style=\"font-size:16px\"><span>F\u00e1cil instala\u00e7\u00e3o, fita adesiva automotiva est\u00e1 anexada.<\/span><\/span><br \/><span style=\"font-size:16px\">Forne\u00e7a uma decora\u00e7\u00e3o premium e elegante para o seu carro, cubra arranh\u00f5es existentes e decore seu carro.<\/span><br \/><span style=\"font-size:16px\">Decore seu carro com charme e luxo v\u00edvido.<\/span><\/p>\n<p><span style=\"font-size:16px\"><strong><span>Especifica\u00e7\u00e3o:<\/span><\/strong><\/span><br \/><span style=\"font-size:16px\">Material: ABS de alta qualidade<\/span><br \/><span style=\"font-size:16px\">Cor: preto brilhante\/ferramenta de carbono\/prata<\/span><\/div>\n<div id=\"banner\" style=\"font-weight:400;letter-spacing:normal;text-align:start;white-space:normal;margin:0px;margin-bottom:0px;margin-top:0px;margin-left:0px;margin-right:0px;padding:0px;padding-bottom:0px;padding-top:0px;padding-left:0px;padding-right:0px\" align=\"start\"><span style=\"font-size:16px\">Montagem:<\/span><\/div>\n<div id=\"banner\" style=\"font-weight:400;letter-spacing:normal;text-align:start;white-space:normal;margin:0px;margin-bottom:0px;margin-top:0px;margin-left:0px;margin-right:0px;padding:0px;padding-bottom:0px;padding-top:0px;padding-left:0px;padding-right:0px\" align=\"start\"><span style=\"font-size:16px\">Para Mazda 3 Axela 2019-2023<\/span><br \/><span style=\"font-size:16px\"><span>(A compatibilidade apenas para refer\u00eancia.Certifique-se de que este item \u00e9 adequado para o seu ve\u00edculo antes de comprar.)<\/span><\/span><\/div>\n<div id=\"banner\">\n<p><span style=\"font-size:16px\"><strong><span>Pacote inclu\u00eddo:<\/span><\/strong><\/span><br \/><span style=\"font-size:16px\">2X capa de espelho<\/span><\/p>\n<p><span style=\"font-size:16px\"><strong><span>Instala\u00e7\u00e3o:<\/span><\/strong><\/span><br \/><span style=\"font-size:16px\">1: Limpe o local com \u00e1lcool 50% para garantir que n\u00e3o haja poeira.<\/span><br \/><span style=\"font-size:16px\">2: Remova a fita adesiva na parte traseira;<\/span><br \/><span style=\"font-size:16px\">3: Aque\u00e7a a fita adesiva com uma pistola de ar quente; (Uma dica para colocar com a fita adesiva fornecida \u00e9 aquecer as al\u00e7as e as tampas, isso deixa a cola da fita mais pegajosa e elas permanecer\u00e3o para sempre!)<\/span><br \/><span style=\"font-size:16px\">4: Instale os produtos no lugar certo, n\u00e3o lave seu carro dentro de 48 horas.<\/span><\/p>\n<p><span style=\"font-size:16px\"><strong><span>Aten\u00e7\u00e3o:<\/span><\/strong><\/span><br \/><span style=\"font-size:16px\">Porque o mesmo modelo de carro pode ser produzido de forma diferente em pa\u00edses diferentes. Por favor, certifique-se de que a parte do seu carro como nossa imagem mostra, ou ela n\u00e3o caber\u00e1, se houver alguma diferen\u00e7a, entre em contato conosco antes da compra, obrigado!<\/span><\/div>\n<div id=\"banner\"><img data-recalc-dims=\"1\" decoding=\"async\" src=\"https:\/\/i0.wp.com\/ae01.alicdn.com\/kf\/S4c8e39a31ad94cc28a68cd5498de626eu.jpg?w=1200&#038;ssl=1\"><img data-recalc-dims=\"1\" decoding=\"async\" src=\"https:\/\/i0.wp.com\/ae01.alicdn.com\/kf\/Sd2af89d4d53f49fe80330bd8800608b3C.jpg?w=1200&#038;ssl=1\"><img data-recalc-dims=\"1\" decoding=\"async\" src=\"https:\/\/i0.wp.com\/ae01.alicdn.com\/kf\/Sbec6b92b0c3049128ea92d906b006afc2.jpg?w=1200&#038;ssl=1\"><img data-recalc-dims=\"1\" decoding=\"async\" src=\"https:\/\/i0.wp.com\/ae01.alicdn.com\/kf\/S91afba59c5604e069999927d85e811990.jpg?w=1200&#038;ssl=1\"><img data-recalc-dims=\"1\" decoding=\"async\" src=\"https:\/\/i0.wp.com\/ae01.alicdn.com\/kf\/Sc1cf51781c3e443096343f7f23682a74d.jpg?w=1200&#038;ssl=1\"><img data-recalc-dims=\"1\" decoding=\"async\" src=\"https:\/\/i0.wp.com\/ae01.alicdn.com\/kf\/S829763495ea645a79abe7d71de7da1452.jpg?w=1200&#038;ssl=1\"><img data-recalc-dims=\"1\" decoding=\"async\" src=\"https:\/\/i0.wp.com\/ae01.alicdn.com\/kf\/S9aa008473e574a72a4b94dfff274d5d5y.jpg?w=1200&#038;ssl=1\"><\/div>\n<\/div>\n<\/div>\n<div><\/div>\n<\/div>\n<\/div>\n<p><\/p>\n<\/div>\n<\/div>\n","protected":false},"excerpt":{"rendered":"<p>Caracter\u00edstica:100% novo e de alta qualidade.F\u00e1cil instala\u00e7\u00e3o, fita adesiva automotiva est\u00e1 anexada.Forne\u00e7a uma decora\u00e7\u00e3o premium e elegante para o seu carro, cubra arranh\u00f5es existentes e decore seu carro.Decore seu carro com charme e luxo v\u00edvido. Especifica\u00e7\u00e3o:Material: ABS de alta qualidadeCor: preto brilhante\/ferramenta de carbono\/prata Montagem: Para Mazda 3 Axela 2019-2023(A compatibilidade apenas para refer\u00eancia.Certifique-se de&hellip;&nbsp;<\/p>\n","protected":false},"featured_media":30079,"template":"","meta":{"neve_meta_sidebar":"","neve_meta_container":"","neve_meta_enable_content_width":"","neve_meta_content_width":0,"neve_meta_title_alignment":"","neve_meta_author_avatar":"","neve_post_elements_order":"","neve_meta_disable_header":"","neve_meta_disable_footer":"","neve_meta_disable_title":""},"product_brand":[],"product_cat":[17,24,74],"product_tag":[],"class_list":{"0":"post-30085","1":"product","2":"type-product","3":"status-publish","4":"has-post-thumbnail","6":"product_cat-pecas-e-acessorios-automotivos","7":"product_cat-pecas-externas","8":"product_cat-retrovisores-e-capas","10":"first","11":"instock","12":"shipping-taxable","13":"purchasable","14":"product-type-variable","15":"has-default-attributes"},"jetpack_sharing_enabled":true,"_links":{"self":[{"href":"https:\/\/listman.shop\/autoparts-br\/wp-json\/wp\/v2\/product\/30085","targetHints":{"allow":["GET"]}}],"collection":[{"href":"https:\/\/listman.shop\/autoparts-br\/wp-json\/wp\/v2\/product"}],"about":[{"href":"https:\/\/listman.shop\/autoparts-br\/wp-json\/wp\/v2\/types\/product"}],"wp:featuredmedia":[{"embeddable":true,"href":"https:\/\/listman.shop\/autoparts-br\/wp-json\/wp\/v2\/media\/30079"}],"wp:attachment":[{"href":"https:\/\/listman.shop\/autoparts-br\/wp-json\/wp\/v2\/media?parent=30085"}],"wp:term":[{"taxonomy":"product_brand","embeddable":true,"href":"https:\/\/listman.shop\/autoparts-br\/wp-json\/wp\/v2\/product_brand?post=30085"},{"taxonomy":"product_cat","embeddable":true,"href":"https:\/\/listman.shop\/autoparts-br\/wp-json\/wp\/v2\/product_cat?post=30085"},{"taxonomy":"product_tag","embeddable":true,"href":"https:\/\/listman.shop\/autoparts-br\/wp-json\/wp\/v2\/product_tag?post=30085"}],"curies":[{"name":"wp","href":"https:\/\/api.w.org\/{rel}","templated":true}]}}