{"id":30721,"date":"2025-03-10T16:16:05","date_gmt":"2025-03-10T07:16:05","guid":{"rendered":"https:\/\/listman.shop\/autoparts-br\/product\/1005007472488191\/"},"modified":"2026-05-04T22:59:06","modified_gmt":"2026-05-04T13:59:06","slug":"1005007472488191","status":"publish","type":"product","link":"https:\/\/listman.shop\/autoparts-br\/product\/1005007472488191\/","title":{"rendered":"Para volkswagen golf 7 vii mk7 gti 2013-2016 4 barbatanas difusor de para-choque traseiro do carro divisores laterais spoiler l\u00e1bio 2013-2016 pl\u00e1stico abs"},"content":{"rendered":"<div class=\"detailmodule_html\">\n<div class=\"detail-desc-decorate-richtext\">\n<div class=\"detailmodule_html\">\n<div class=\"detail-desc-decorate-richtext\">\n<p style=\"text-align:left;margin:0px;margin-bottom:0px;margin-top:0px;margin-left:0px;margin-right:0px\" align=\"left\"><img data-recalc-dims=\"1\" decoding=\"async\" style=\"width:850px\"  src=\"https:\/\/i0.wp.com\/ae01.alicdn.com\/kf\/S32d1284ce039433fa11fabd87d416abcZ.jpg?w=1200&#038;ssl=1\"><br \/><span style=\"font-size:18px\">Descri\u00e7\u00e3o<br \/>Para volkswagen golf 7 VII mk7 gti 2013-2016 difusor traseiro e divisores laterais traseiros preto<\/p>\n<p>Pacote inclu\u00eddo:<br \/>1 conjunto x difusor traseiro e divisores laterais traseiros<\/p>\n<p>Montagem:<br \/>Adequado para Volkswagen Golf 7 VII MK7 GTI 2013-2016<\/p>\n<p>Especifica\u00e7\u00e3o:<br \/>-Tipo: difusor traseiro e divisores laterais traseiros<br \/>-Material: ABS<br \/>-Cor: preto brilhante<br \/>-Coloca\u00e7\u00e3o no ve\u00edculo: traseira<\/p>\n<p>Caracter\u00edstica:<br \/>-\u00d3tima qualidade e \u00f3timo ajuste.<br \/>-Feito de material ABS leve e de qualidade.<br \/>-Melhora a apar\u00eancia e a aerodin\u00e2mica ao mesmo tempo.<br \/>-N\u00e3o \u00e9 necess\u00e1ria modifica\u00e7\u00e3o ou corte, basta colar no para-choque dianteiro.<br \/>-D\u00e1 ao seu carro uma extremidade traseira mais agressiva, melhora instantaneamente e drasticamente a apar\u00eancia esportiva do seu carro.<\/span><img data-recalc-dims=\"1\" decoding=\"async\" style=\"width:850px\"  src=\"https:\/\/i0.wp.com\/ae01.alicdn.com\/kf\/Se3c1e4c606f34cac8c00a599588adf2fP.jpg?w=1200&#038;ssl=1\"><img data-recalc-dims=\"1\" decoding=\"async\" style=\"width:850px\"  src=\"https:\/\/i0.wp.com\/ae01.alicdn.com\/kf\/S21b59117ac824979b54ea2acf4d1dc65c.jpg?w=1200&#038;ssl=1\"><img data-recalc-dims=\"1\" decoding=\"async\" src=\"https:\/\/i0.wp.com\/ae01.alicdn.com\/kf\/S5ea8c89b221344c9b1d7cd8661c4c23cl.jpg?w=1200&#038;ssl=1\"><img data-recalc-dims=\"1\" decoding=\"async\" src=\"https:\/\/i0.wp.com\/ae01.alicdn.com\/kf\/S3ab813b1da224321b296a76366b8957fR.jpg?w=1200&#038;ssl=1\"><img data-recalc-dims=\"1\" decoding=\"async\" style=\"width:850px\"  src=\"https:\/\/i0.wp.com\/ae01.alicdn.com\/kf\/S0a746b749c0941cf82a1eb5ef38c0fb14.jpg?w=1200&#038;ssl=1\"><img data-recalc-dims=\"1\" decoding=\"async\" style=\"width:850px\"  src=\"https:\/\/i0.wp.com\/ae01.alicdn.com\/kf\/S675bec9c624b438c8b10b78a7b234db9v.jpg?w=1200&#038;ssl=1\"><img data-recalc-dims=\"1\" decoding=\"async\" style=\"width:850px\"  src=\"https:\/\/i0.wp.com\/ae01.alicdn.com\/kf\/S555e4a3e4341473690392d9112c9b642K.jpg?w=1200&#038;ssl=1\"><img data-recalc-dims=\"1\" decoding=\"async\" style=\"width:850px\"  src=\"https:\/\/i0.wp.com\/ae01.alicdn.com\/kf\/S4b5acbd7c00743ffadce623897026216k.jpg?w=1200&#038;ssl=1\"><\/p>\n<\/div>\n<\/div>\n<p><\/div>\n<\/div>\n","protected":false},"excerpt":{"rendered":"<p>Descri\u00e7\u00e3oPara volkswagen golf 7 VII mk7 gti 2013-2016 difusor traseiro e divisores laterais traseiros preto Pacote inclu\u00eddo:1 conjunto x difusor traseiro e divisores laterais traseiros Montagem:Adequado para Volkswagen Golf 7 VII MK7 GTI 2013-2016 Especifica\u00e7\u00e3o:-Tipo: difusor traseiro e divisores laterais traseiros-Material: ABS-Cor: preto brilhante-Coloca\u00e7\u00e3o no ve\u00edculo: traseira Caracter\u00edstica:-\u00d3tima qualidade e \u00f3timo ajuste.-Feito de material ABS&hellip;&nbsp;<\/p>\n","protected":false},"featured_media":30715,"template":"","meta":{"neve_meta_sidebar":"","neve_meta_container":"","neve_meta_enable_content_width":"","neve_meta_content_width":0,"neve_meta_title_alignment":"","neve_meta_author_avatar":"","neve_post_elements_order":"","neve_meta_disable_header":"","neve_meta_disable_footer":"","neve_meta_disable_title":""},"product_brand":[],"product_cat":[65,17,24],"product_tag":[],"class_list":{"0":"post-30721","1":"product","2":"type-product","3":"status-publish","4":"has-post-thumbnail","6":"product_cat-para-lamas","7":"product_cat-pecas-e-acessorios-automotivos","8":"product_cat-pecas-externas","10":"first","11":"instock","12":"shipping-taxable","13":"purchasable","14":"product-type-variable","15":"has-default-attributes"},"jetpack_sharing_enabled":true,"_links":{"self":[{"href":"https:\/\/listman.shop\/autoparts-br\/wp-json\/wp\/v2\/product\/30721","targetHints":{"allow":["GET"]}}],"collection":[{"href":"https:\/\/listman.shop\/autoparts-br\/wp-json\/wp\/v2\/product"}],"about":[{"href":"https:\/\/listman.shop\/autoparts-br\/wp-json\/wp\/v2\/types\/product"}],"wp:featuredmedia":[{"embeddable":true,"href":"https:\/\/listman.shop\/autoparts-br\/wp-json\/wp\/v2\/media\/30715"}],"wp:attachment":[{"href":"https:\/\/listman.shop\/autoparts-br\/wp-json\/wp\/v2\/media?parent=30721"}],"wp:term":[{"taxonomy":"product_brand","embeddable":true,"href":"https:\/\/listman.shop\/autoparts-br\/wp-json\/wp\/v2\/product_brand?post=30721"},{"taxonomy":"product_cat","embeddable":true,"href":"https:\/\/listman.shop\/autoparts-br\/wp-json\/wp\/v2\/product_cat?post=30721"},{"taxonomy":"product_tag","embeddable":true,"href":"https:\/\/listman.shop\/autoparts-br\/wp-json\/wp\/v2\/product_tag?post=30721"}],"curies":[{"name":"wp","href":"https:\/\/api.w.org\/{rel}","templated":true}]}}