{"id":30925,"date":"2025-03-10T16:29:41","date_gmt":"2025-03-10T07:29:41","guid":{"rendered":"https:\/\/listman.shop\/autoparts-br\/product\/1005008084402346\/"},"modified":"2026-05-04T23:16:08","modified_gmt":"2026-05-04T14:16:08","slug":"1005008084402346","status":"publish","type":"product","link":"https:\/\/listman.shop\/autoparts-br\/product\/1005008084402346\/","title":{"rendered":"Para vw volkswagen golf 6\/7\/7.5 2010 2011 ~ 2020 porta traseira do carro p\u00e1ra-choques protetor placa de soleira tronco guarda placa capa estilo traseiro do carro"},"content":{"rendered":"<div class=\"detailmodule_html\">\n<div class=\"detail-desc-decorate-richtext\">\n<div class=\"detailmodule_html\">\n<div class=\"detail-desc-decorate-richtext\">\n<p style=\"text-align: left;margin:0\">Nome do produto: protetor de para-choque traseiro<br \/>Modelos aplic\u00e1veis: Para VW Volkswagen Golf 6\/7\/7\/7.5 2010 2011 ~ 2020<br \/>Material do produto: a\u00e7o inoxid\u00e1vel<\/p>\n<p>Especifica\u00e7\u00f5es do produto: 1PCS<\/p>\n<p>Local de instala\u00e7\u00e3o: bagageiro (dentro)<\/p>\n<p>M\u00e9todo de instala\u00e7\u00e3o: Antes da instala\u00e7\u00e3o, certifique-se de comparar se a posi\u00e7\u00e3o do produto est\u00e1 correta e, em seguida, limpe as pe\u00e7as que precisam ser coladas sem manchas de \u00f3leo ou poeira.A curvatura original do ve\u00edculo pode ser colada<\/p>\n<p>Decora\u00e7\u00e3o profissional de acess\u00f3rios automotivos, consulte-nos para mais produtos!<\/p>\n<p>Bem-vindo \u00e0 nossa loja!<\/p>\n<p>1.Todos os produtos da nossa loja est\u00e3o em estoque.Se voc\u00ea gosta deles, pode fazer um pedido diretamente<\/p>\n<p>Se precisar de alguma coisa, entre em contato conosco diretamente e responderemos o mais breve poss\u00edvel.<\/p>\n<p>Em rela\u00e7\u00e3o ao transporte:<\/p>\n<p>1.Prometemos inspecionar cuidadosamente cada produto antes do envio para garantir que voc\u00ea receba produtos satisfat\u00f3rios.<\/p>\n<p>2.Nossa loja tem todos os produtos em estoque e n\u00f3s os enviamos todos os dias<\/p>\n<p>Aviso ao comprador:<\/p>\n<p>Se voc\u00ea tiver alguma d\u00favida, n\u00e3o hesite em nos contatar a qualquer momento.Se estivermos offline, sinta-se \u00e0 vontade para deixar uma mensagem.Estamos felizes em atend\u00ea-lo!<\/p>\n<p>Se voc\u00ea tiver algum problema com o produto recebido, entre em contato conosco dentro de 3 dias e seremos muito respons\u00e1veis por resolv\u00ea-lo para voc\u00ea!<\/p>\n<p>3.Se houver uma situa\u00e7\u00e3o de devolu\u00e7\u00e3o ou troca, observe que o produto deve ser mantido na embalagem original do novo produto enviado por nossa loja.<\/p>\n<p>Finalmente, para aqueles que est\u00e3o satisfeitos com nossos produtos e servi\u00e7os, d\u00ea-nos uma avalia\u00e7\u00e3o de cinco estrelas. Caso haja alguma \u00e1rea de insatisfa\u00e7\u00e3o, entre em contato conosco e estaremos sempre ao seu dispor. Sua satisfa\u00e7\u00e3o \u00e9 nossa for\u00e7a motriz para o progresso!<br \/><img data-recalc-dims=\"1\" decoding=\"async\" src=\"https:\/\/i0.wp.com\/ae01.alicdn.com\/kf\/S8617ad8a36f4497b87a225c89cdecf6eX.jpg?w=1200&#038;ssl=1\"><img data-recalc-dims=\"1\" decoding=\"async\" src=\"https:\/\/i0.wp.com\/ae01.alicdn.com\/kf\/S6f57980894a2427592fcf20e38774bf8M.jpg?w=1200&#038;ssl=1\"><img data-recalc-dims=\"1\" decoding=\"async\" src=\"https:\/\/i0.wp.com\/ae01.alicdn.com\/kf\/S3542a8e98b7249268d390d71e0f6c6ad4.jpg?w=1200&#038;ssl=1\"><img data-recalc-dims=\"1\" decoding=\"async\" src=\"https:\/\/i0.wp.com\/ae01.alicdn.com\/kf\/S9d21464b264346e09b17214e3f32ba20S.jpg?w=1200&#038;ssl=1\"><img data-recalc-dims=\"1\" decoding=\"async\" src=\"https:\/\/i0.wp.com\/ae01.alicdn.com\/kf\/S1533e3c714d446299b59e08ac478b31ff.jpg?w=1200&#038;ssl=1\">&nbsp;<span style=\", Helvetica, Arial, sans-serif;font-size: 13px;font-style: normal;font-weight: 400;letter-spacing: normal;text-align: left;text-indent: 0px;text-transform: none;white-space: pre-wrap;display: inline !important;float: none\"><span style=\", Helvetica, Arial, sans-serif;font-size: 13px;font-style: normal;font-weight: 400;letter-spacing: normal;text-align: left;text-indent: 0px;text-transform: none;white-space: pre-wrap;display: inline !important;float: none\"> <\/span><\/span><br \/><img data-recalc-dims=\"1\" decoding=\"async\" alt=\"HTB1gtOCyDJYBeNjy1zeq6yhzVXax\" src=\"https:\/\/i0.wp.com\/ae01.alicdn.com\/kf\/S9bdb6f0cac18498badb9f9aa9652f5047.jpg?w=1200&#038;ssl=1\"><\/p>\n<p>&nbsp;<\/p>\n<p><img data-recalc-dims=\"1\" decoding=\"async\" alt=\"HTB15.4aSVXXXXa8XXXXq6xXFXXXj\" src=\"https:\/\/i0.wp.com\/ae01.alicdn.com\/kf\/S58041287794b44db885ebc7162310c20w.jpg?w=1200&#038;ssl=1\"><\/p>\n<p align=\"left\" style=\"text-align:left;margin:0px;margin-bottom:0px;margin-top:0px;margin-left:0px;margin-right:0px\"><img data-recalc-dims=\"1\" decoding=\"async\" src=\"https:\/\/i0.wp.com\/ae01.alicdn.com\/kf\/S85fbc463b2e3468faa40671d882361eeC.jpg?w=1200&#038;ssl=1\"> <img data-recalc-dims=\"1\" decoding=\"async\" src=\"https:\/\/i0.wp.com\/ae01.alicdn.com\/kf\/Sa650b5e3dbdd4d668072b4d4e7f661beO.jpg?w=1200&#038;ssl=1\"> <img data-recalc-dims=\"1\" decoding=\"async\" src=\"https:\/\/i0.wp.com\/ae01.alicdn.com\/kf\/S9125096dec4c40c78b16900498f003029.jpg?w=1200&#038;ssl=1\"> <img data-recalc-dims=\"1\" decoding=\"async\" src=\"https:\/\/i0.wp.com\/ae01.alicdn.com\/kf\/S9c22ac5f1d274e2f87caddf3c095066cO.jpg?w=1200&#038;ssl=1\"><\/p>\n<\/div>\n<\/div>\n<\/div>\n<\/div>\n","protected":false},"excerpt":{"rendered":"<p>Nome do produto: protetor de para-choque traseiroModelos aplic\u00e1veis: Para VW Volkswagen Golf 6\/7\/7\/7.5 2010 2011 ~ 2020Material do produto: a\u00e7o inoxid\u00e1vel Especifica\u00e7\u00f5es do produto: 1PCS Local de instala\u00e7\u00e3o: bagageiro (dentro) M\u00e9todo de instala\u00e7\u00e3o: Antes da instala\u00e7\u00e3o, certifique-se de comparar se a posi\u00e7\u00e3o do produto est\u00e1 correta e, em seguida, limpe as pe\u00e7as que precisam ser&hellip;&nbsp;<\/p>\n","protected":false},"featured_media":30920,"template":"","meta":{"neve_meta_sidebar":"","neve_meta_container":"","neve_meta_enable_content_width":"","neve_meta_content_width":0,"neve_meta_title_alignment":"","neve_meta_author_avatar":"","neve_post_elements_order":"","neve_meta_disable_header":"","neve_meta_disable_footer":"","neve_meta_disable_title":""},"product_brand":[],"product_cat":[54,17,24],"product_tag":[],"class_list":{"0":"post-30925","1":"product","2":"type-product","3":"status-publish","4":"has-post-thumbnail","6":"product_cat-detalhamento-em-cromo","7":"product_cat-pecas-e-acessorios-automotivos","8":"product_cat-pecas-externas","10":"first","11":"instock","12":"shipping-taxable","13":"purchasable","14":"product-type-variable","15":"has-default-attributes"},"jetpack_sharing_enabled":true,"_links":{"self":[{"href":"https:\/\/listman.shop\/autoparts-br\/wp-json\/wp\/v2\/product\/30925","targetHints":{"allow":["GET"]}}],"collection":[{"href":"https:\/\/listman.shop\/autoparts-br\/wp-json\/wp\/v2\/product"}],"about":[{"href":"https:\/\/listman.shop\/autoparts-br\/wp-json\/wp\/v2\/types\/product"}],"wp:featuredmedia":[{"embeddable":true,"href":"https:\/\/listman.shop\/autoparts-br\/wp-json\/wp\/v2\/media\/30920"}],"wp:attachment":[{"href":"https:\/\/listman.shop\/autoparts-br\/wp-json\/wp\/v2\/media?parent=30925"}],"wp:term":[{"taxonomy":"product_brand","embeddable":true,"href":"https:\/\/listman.shop\/autoparts-br\/wp-json\/wp\/v2\/product_brand?post=30925"},{"taxonomy":"product_cat","embeddable":true,"href":"https:\/\/listman.shop\/autoparts-br\/wp-json\/wp\/v2\/product_cat?post=30925"},{"taxonomy":"product_tag","embeddable":true,"href":"https:\/\/listman.shop\/autoparts-br\/wp-json\/wp\/v2\/product_tag?post=30925"}],"curies":[{"name":"wp","href":"https:\/\/api.w.org\/{rel}","templated":true}]}}