{"id":31080,"date":"2025-03-10T16:40:49","date_gmt":"2025-03-10T07:40:49","guid":{"rendered":"https:\/\/listman.shop\/autoparts-br\/product\/1005008309597858\/"},"modified":"2026-05-04T22:17:23","modified_gmt":"2026-05-04T13:17:23","slug":"1005008309597858","status":"publish","type":"product","link":"https:\/\/listman.shop\/autoparts-br\/product\/1005008309597858\/","title":{"rendered":"Para toyota chr C-HR 2024 2025 abs chrome acess\u00f3rios exteriores foglight moldura capa p\u00e1ra-choques tira painel traseiro bumpr cove guarni\u00e7\u00e3o"},"content":{"rendered":"<div class=\"detailmodule_html\">\n<div class=\"detail-desc-decorate-richtext\">\n<div>\n<div>\n  <span style=\"font-size:20px\"><span style=\"background-color:#e74c3c\" id=\"tl_1\">For Toyota CHR C-HR 2024 2025 ABS Chrome Exterior Accessories Foglight Bezel Cover Bumper Strip Panel Rear Bumpr Cove Trim<br \/> <img data-recalc-dims=\"1\" decoding=\"async\" data-id=\"ckeditor_img9\" src=\"https:\/\/i0.wp.com\/ae01.alicdn.com\/kf\/Sd04444f7c23041c1a2699a404e509bd7Z.jpg?w=1200&#038;ssl=1\" \/><\/span><\/span><br \/>\n  <br \/> <br \/>\n  <span style=\"font-size: 20px\"><img data-recalc-dims=\"1\" decoding=\"async\" data-id=\"ckeditor_img10\" src=\"https:\/\/i0.wp.com\/ae01.alicdn.com\/kf\/Sf61f86cb8c0640619da4425a99f47607I.jpg?w=1200&#038;ssl=1\" \/><img data-recalc-dims=\"1\" decoding=\"async\" data-id=\"ckeditor_img11\" src=\"https:\/\/i0.wp.com\/ae01.alicdn.com\/kf\/S4b5aaafd9a7a4ab4ae8071d54bdb8a53R.jpg?w=1200&#038;ssl=1\" \/><img data-recalc-dims=\"1\" decoding=\"async\" data-id=\"ckeditor_img12\" src=\"https:\/\/i0.wp.com\/ae01.alicdn.com\/kf\/Scc2c0c2038b445ec8e83b1ed987ab86dP.jpg?w=1200&#038;ssl=1\" \/><img data-recalc-dims=\"1\" decoding=\"async\" data-id=\"ckeditor_img13\" src=\"https:\/\/i0.wp.com\/ae01.alicdn.com\/kf\/Sd425af01ee684984b0aeb50c5bcfdfc69.jpg?w=1200&#038;ssl=1\" \/><img data-recalc-dims=\"1\" decoding=\"async\" data-id=\"ckeditor_img14\" src=\"https:\/\/i0.wp.com\/ae01.alicdn.com\/kf\/S3599b460ce9c48fc88c30c5d214cd5dcJ.jpg?w=1200&#038;ssl=1\" \/><img data-recalc-dims=\"1\" decoding=\"async\" data-id=\"ckeditor_img15\" src=\"https:\/\/i0.wp.com\/ae01.alicdn.com\/kf\/Sb0c7263fa926469a87b30e52f7f853d75.jpg?w=1200&#038;ssl=1\" \/><img data-recalc-dims=\"1\" decoding=\"async\" data-id=\"ckeditor_img16\" src=\"https:\/\/i0.wp.com\/ae01.alicdn.com\/kf\/S60b33414471c42689ef45709b94b491es.jpg?w=1200&#038;ssl=1\" \/><img data-recalc-dims=\"1\" decoding=\"async\" data-id=\"ckeditor_img17\" src=\"https:\/\/i0.wp.com\/ae01.alicdn.com\/kf\/Sd2defb15447c46db97435c730c05edaf1.jpg?w=1200&#038;ssl=1\" \/><img data-recalc-dims=\"1\" decoding=\"async\" data-id=\"ckeditor_img18\" src=\"https:\/\/i0.wp.com\/ae01.alicdn.com\/kf\/S8ceab785081e49498b791fa92f9ad0a7t.jpg?w=1200&#038;ssl=1\" \/><img data-recalc-dims=\"1\" decoding=\"async\" data-id=\"ckeditor_img19\" src=\"https:\/\/i0.wp.com\/ae01.alicdn.com\/kf\/Sfdab2a07b4814b8b84a4c8efb4603608U.jpg?w=1200&#038;ssl=1\" \/><br \/> <b id=\"tl_2\">Specification:<\/b><\/span><br \/>\n  <br \/> <br \/>\n  <span style=\"font-size: 16px;, Arial, Helvetica, sans-serif, Heiti\" id=\"tl_3\">1. Fitment&nbsp;For Toyota CHR C-HR 2024 2025<\/span><br \/>\n  <br \/> <br \/>\n  <span style=\"max-width: 100%;font-size: 16px\" id=\"tl_4\">2. Feature:&nbsp;Protection and Decoration<\/span><br \/>\n  <br \/> <br \/>\n  <span style=\"max-width: 100%;font-size: 16px\" id=\"tl_5\">3 .Condition: 100% Brand New&nbsp;and High Quality<\/span><br \/>\n  <br \/> <br \/>\n  <span style=\"max-width: 100%;font-size: 16px\" id=\"tl_6\">4.&nbsp;Material: ABS Chrome Color&nbsp;<\/span><br \/>\n  <br \/> <br \/>\n  <span style=\"max-width: 100%;font-size: 16px\" id=\"tl_7\">5.&nbsp;Composition:1PCs \/ set<\/span><br \/>\n  <br \/> <br \/>\n  <span style=\"max-width: 100%;font-size: 16px\" id=\"tl_8\">6. Color: &nbsp;As the picture shows&nbsp;<\/span><br \/>\n  <br \/> <br \/>\n  <span style=\"max-width: 100%;font-size: 16px\" id=\"tl_9\">7. Easy installation,with high quality&nbsp;3M automotive adhesive tape is attached.<\/span>\n <\/div>\n<\/div>\n<p align=\"left\" style=\"margin: 0px;font-size: 14px;line-height: inherit;, Arial, Helvetica, sans-serif, Heiti\">&nbsp;<\/p>\n<p align=\"left\" style=\"margin: 0px;font-size: 14px;line-height: inherit;, Arial, Helvetica, sans-serif, Heiti\"><span style=\"max-width: 100%;font-size: 20px\"><span style=\"max-width: 100%;font-weight: 700 !important\"><span style=\"max-width: 100%\" id=\"tl_10\">How To Install:(3M glue Method)<\/span><\/span><\/span><\/p>\n<p align=\"left\" style=\"margin: 0px;font-size: 14px;line-height: inherit;, Arial, Helvetica, sans-serif, Heiti\">&nbsp;<\/p>\n<p align=\"left\" style=\"margin: 0px;font-size: 14px;line-height: inherit;, Arial, Helvetica, sans-serif, Heiti\"><span style=\"max-width: 100%;font-size: 16px\" id=\"tl_11\">Step1:please clean the place with 50% alcohol to make sure no dust.<br \/> Step2:remove the 3m glue in back;<br \/> Step3 :heat the 3m glue by hot air gun;(A tip for putting on with supplied 3m tape is to warm the handles and the covers this makes the glue on the tape more sticky and they will stay on for ever!)<br \/> Step 4:install the products in the right place ,Don&#8217;t wash your car within 48hours.<\/span><\/p>\n<p align=\"left\" style=\"margin: 0px;font-size: 14px;line-height: inherit;, Arial, Helvetica, sans-serif, Heiti\"><span style=\"max-width: 100%;font-size: 20px\"><span style=\"max-width: 100%;font-weight: 700 !important\"><span style=\"max-width: 100%\" id=\"tl_12\">Shipping and Delivery<\/span><\/span><\/span><\/p>\n<p align=\"left\" style=\"margin: 0px;font-size: 14px;line-height: inherit;, Arial, Helvetica, sans-serif, Heiti\">&nbsp;<\/p>\n<p align=\"left\" style=\"margin: 0px;font-size: 14px;line-height: inherit;, Arial, Helvetica, sans-serif, Heiti\"><span style=\"max-width: 100%;font-size: 16px\" id=\"tl_13\">1. WORLDWIDE SHIPPING. (Except some countries and APO \/ FPO)<\/span><\/p>\n<p align=\"left\" style=\"margin: 0px;font-size: 14px;line-height: inherit;, Arial, Helvetica, sans-serif, Heiti\"><span style=\"max-width: 100%;font-size: 16px\" id=\"tl_14\">2. Orders processed timely after the payment verification.<\/span><\/p>\n<p align=\"left\" style=\"margin: 0px;font-size: 14px;line-height: inherit;, Arial, Helvetica, sans-serif, Heiti\"><span style=\"max-width: 100%;font-size: 16px\" id=\"tl_15\">3. We only ship to the confirmed address for Your order address MUST MATCH your shipping address.<\/span><\/p>\n<p align=\"left\" style=\"margin: 0px;font-size: 14px;line-height: inherit;, Arial, Helvetica, sans-serif, Heiti\"><span style=\"max-width: 100%;font-size: 16px\" id=\"tl_16\">4. The images shown are not the actual item and are for your reference only.<\/span><\/p>\n<p align=\"left\" style=\"margin: 0px;font-size: 14px;line-height: inherit;, Arial, Helvetica, sans-serif, Heiti\"><span style=\"max-width: 100%;font-size: 16px\" id=\"tl_17\">5. Service Transit Time is provided by the carrier and excludes weekends and holidays. Transit times may vary, particularly during the holiday season.<\/span><\/p>\n<p align=\"left\" style=\"margin: 0px;font-size: 14px;line-height: inherit;, Arial, Helvetica, sans-serif, Heiti\"><span style=\"max-width: 100%;font-size: 16px\" id=\"tl_18\">6. If you have not received your shipment within 30 days from payment, please contact us. We will track the shipment and get back to you as soon as possible with a reply. Our goal is customer satisfaction!<\/span><\/p>\n<p align=\"left\" style=\"margin: 0px;font-size: 14px;line-height: inherit;, Arial, Helvetica, sans-serif, Heiti\"><span style=\"max-width: 100%;font-size: 16px\" id=\"tl_19\">7. Due to Stock Status and time, we choose to ship your item from our first available warehouse for fast delivery.<\/span><\/p>\n<div style=\", Arial, Helvetica, sans-serif, Heiti;font-size: 14px;line-height: 17.9999px\">\n <span style=\"max-width: 100%;font-size: 20px\"><span style=\"max-width: 100%\" id=\"tl_20\">Notice<\/span><\/span>\n<\/div>\n<div style=\", Arial, Helvetica, sans-serif, Heiti;font-size: 14px;line-height: 17.9999px\">\n  &nbsp;\n<\/div>\n<div style=\", Arial, Helvetica, sans-serif, Heiti;font-size: 14px;line-height: 17.9999px\">\n <span style=\"max-width: 100%;font-size: 16px\" id=\"tl_21\">All our products are not suitable for the car, which is variant version. If your car is a variant version , please contact with the seller before buying.<\/span>\n<\/div>\n<div style=\", Arial, Helvetica, sans-serif, Heiti;font-size: 14px;line-height: 17.9999px\">\n <span style=\"max-width: 100%;font-size: 16px\" id=\"tl_22\">what we send is exactly as picture shows, please confirm with the pictures before bid the item.Please check your Car before you make an order.<\/span>\n<\/div>\n<div style=\", Arial, Helvetica, sans-serif, Heiti;font-size: 14px;line-height: 17.9999px\">\n <span style=\"max-width: 100%;font-size: 16px\" id=\"tl_23\">This Following Car Only For Your Reference between Your Car.If you need any help about product, please contact us for any time.<\/span>\n<\/div>\n<\/p><\/div>\n<\/div>\n","protected":false},"excerpt":{"rendered":"<p>For Toyota CHR C-HR 2024 2025 ABS Chrome Exterior Accessories Foglight Bezel Cover Bumper Strip Panel Rear Bumpr Cove Trim Specification: 1. Fitment&nbsp;For Toyota CHR C-HR 2024 2025 2. Feature:&nbsp;Protection and Decoration 3 .Condition: 100% Brand New&nbsp;and High Quality 4.&nbsp;Material: ABS Chrome Color&nbsp; 5.&nbsp;Composition:1PCs \/ set 6. Color: &nbsp;As the picture shows&nbsp; 7. Easy installation,with&hellip;&nbsp;<\/p>\n","protected":false},"featured_media":31074,"template":"","meta":{"neve_meta_sidebar":"","neve_meta_container":"","neve_meta_enable_content_width":"","neve_meta_content_width":0,"neve_meta_title_alignment":"","neve_meta_author_avatar":"","neve_post_elements_order":"","neve_meta_disable_header":"","neve_meta_disable_footer":"","neve_meta_disable_title":""},"product_brand":[],"product_cat":[54,17,24],"product_tag":[],"class_list":{"0":"post-31080","1":"product","2":"type-product","3":"status-publish","4":"has-post-thumbnail","6":"product_cat-detalhamento-em-cromo","7":"product_cat-pecas-e-acessorios-automotivos","8":"product_cat-pecas-externas","10":"first","11":"instock","12":"shipping-taxable","13":"purchasable","14":"product-type-variable","15":"has-default-attributes"},"jetpack_sharing_enabled":true,"_links":{"self":[{"href":"https:\/\/listman.shop\/autoparts-br\/wp-json\/wp\/v2\/product\/31080","targetHints":{"allow":["GET"]}}],"collection":[{"href":"https:\/\/listman.shop\/autoparts-br\/wp-json\/wp\/v2\/product"}],"about":[{"href":"https:\/\/listman.shop\/autoparts-br\/wp-json\/wp\/v2\/types\/product"}],"wp:featuredmedia":[{"embeddable":true,"href":"https:\/\/listman.shop\/autoparts-br\/wp-json\/wp\/v2\/media\/31074"}],"wp:attachment":[{"href":"https:\/\/listman.shop\/autoparts-br\/wp-json\/wp\/v2\/media?parent=31080"}],"wp:term":[{"taxonomy":"product_brand","embeddable":true,"href":"https:\/\/listman.shop\/autoparts-br\/wp-json\/wp\/v2\/product_brand?post=31080"},{"taxonomy":"product_cat","embeddable":true,"href":"https:\/\/listman.shop\/autoparts-br\/wp-json\/wp\/v2\/product_cat?post=31080"},{"taxonomy":"product_tag","embeddable":true,"href":"https:\/\/listman.shop\/autoparts-br\/wp-json\/wp\/v2\/product_tag?post=31080"}],"curies":[{"name":"wp","href":"https:\/\/api.w.org\/{rel}","templated":true}]}}