{"id":3129,"date":"2024-10-13T01:25:36","date_gmt":"2024-10-12T16:25:36","guid":{"rendered":"https:\/\/listman.shop\/autoparts-br\/product\/1005006489570849\/"},"modified":"2026-04-14T18:36:39","modified_gmt":"2026-04-14T09:36:39","slug":"1005006489570849","status":"publish","type":"product","link":"https:\/\/listman.shop\/autoparts-br\/product\/1005006489570849\/","title":{"rendered":"Lhd interior porta dianteira chifre alto-falante capa de som \u00e1udio alto-falante capa substitui\u00e7\u00e3o para bmw s\u00e9rie 5 f10 f11 523 525 530 535"},"content":{"rendered":"<div class=\"detailmodule_html\">\n<div class=\"detail-desc-decorate-richtext\">\n<div class=\"detailmodule_image\"><img data-recalc-dims=\"1\" decoding=\"async\" class=\"detail-desc-decorate-image\" src=\"https:\/\/i0.wp.com\/ae01.alicdn.com\/kf\/Hcd790908f1134b43850ff8ded0373f37N.jpg?w=1200&#038;ssl=1\"><\/div>\n<div class=\"detailmodule_text\">\n<p style=\"font-family:OpenSans;font-size:14px;font-weight:300;line-height:20px;white-space:pre-wrap;margin-bottom:12px\" class=\"detail-desc-decorate-content\"><strong><span style=\"font-size:18px;font-family:tahoma, geneva, sans-serif\">Nome do produto<\/span><\/strong><span style=\"font-size:18px;font-family:tahoma, geneva, sans-serif\">:<\/span><\/p>\n<p><span style=\"font-size:18px;font-family:tahoma, geneva, sans-serif\">Lhd interior porta dianteira chifre alto-falante capa som \u00e1udio alto-falante capa substitui\u00e7\u00e3o para bmw s\u00e9rie 5 f10 f11 523 525 530 535<\/span><\/p>\n<p><strong><span style=\"font-size:18px;font-family:tahoma, geneva, sans-serif\"><span style=\"font-size:18px;font-family:tahoma, geneva, sans-serif\"><span style=\"font-size:18px;font-family:tahoma, geneva, sans-serif\">Material:<\/span><\/span><\/span><\/strong><span style=\"font-size:18px;font-family:tahoma, geneva, sans-serif\"><span style=\"font-size:18px;font-family:tahoma, geneva, sans-serif\"><span style=\"font-size:18px;font-family:tahoma, geneva, sans-serif\">PC e ABS, revestimento emborrachado, material pl\u00e1stico macio n\u00e3o original.<br \/><\/span><\/span><\/span><strong><span style=\"font-size:18px;font-family:tahoma, geneva, sans-serif\"><span style=\"font-size:18px;font-family:tahoma, geneva, sans-serif\"><span style=\"font-size:18px;font-family:tahoma, geneva, sans-serif\">Cor:<\/span><\/span><\/span><\/strong><span style=\"font-size:18px;font-family:tahoma, geneva, sans-serif\"><span style=\"font-size:18px;font-family:tahoma, geneva, sans-serif\"><span style=\"font-size:18px;font-family:tahoma, geneva, sans-serif\">Preto\/Bege\/Cinza\/Vermelho marrom\/Oyster\/Moka<\/span><\/span><\/span><br \/><strong><span style=\"font-size:18px;font-family:tahoma, geneva, sans-serif\"><span style=\"font-size:18px;font-family:tahoma, geneva, sans-serif\">OE N\u00c3O.:<\/span><\/span><\/strong><span style=\"font-size:18px;font-family:tahoma, geneva, sans-serif\"><span style=\"font-size:18px;font-family:tahoma, geneva, sans-serif\"><br \/>Bege: 5141 7225 969 L 5141 7225 980 R<br \/>Preto: 5141 7225 967 L 5141 7225 978 R<br \/>Oyster: 5141 7225 973 L 5141 7225 984 R<\/span><\/span><\/p>\n<p><span style=\"font-size:18px;font-family:tahoma, geneva, sans-serif\"><span style=\"font-size:18px;font-family:tahoma, geneva, sans-serif\">Cinza: 5141 7225 971 L 5141 7225 981 R<br \/>Moka: 5141 7359 297 L 5141 7359 300 R<br \/>Vermelho Marrom: 5141 7225 931 L 5141 7225 956 R<\/span><\/span><span style=\"font-size:18px;, Roboto, Arial, Helvetica, sans-serif, SimSun\"><span style=\"font-family:Tahoma, Geneva, sans-serif\"><br \/><\/span><\/span><strong><span style=\"font-size:18px;font-family:tahoma, geneva, sans-serif\"><span style=\"font-size:18px;font-family:tahoma, geneva, sans-serif\">Caracter\u00edsticas:<\/span><\/span><\/strong><span style=\"font-size:18px;font-family:tahoma, geneva, sans-serif\"><span style=\"font-size:18px;font-family:tahoma, geneva, sans-serif\">Design atualizado, mais s\u00f3lido, n\u00e3o \u00e9 f\u00e1cil de quebrar, substitua perfeitamente.<\/span><\/span><span style=\"font-size:18px;, Roboto, Arial, Helvetica, sans-serif, SimSun\"><span style=\"font-family:Tahoma, Geneva, sans-serif\"><br \/><\/span><\/span><strong><span style=\"font-size:18px;font-family:tahoma, geneva, sans-serif\"><span style=\"font-size:18px;font-family:tahoma, geneva, sans-serif\">Modelos de carros de aplica\u00e7\u00e3o:<\/span><\/span><\/strong><span style=\"font-size:18px;font-family:tahoma, geneva, sans-serif\"><span style=\"font-size:18px;font-family:tahoma, geneva, sans-serif\">Para<\/span><\/span><span style=\"font-size:18px;, Roboto, Arial, Helvetica, sans-serif, SimSun\"><span style=\"font-family:Tahoma, Geneva, sans-serif\">BMW S\u00e9rie 5 F10 F11 F18 520 523 525 530 2010-2017 (adequado apenas para carros com volante esquerdo)<\/span><\/span><\/p>\n<\/div>\n<div class=\"detailmodule_text\">\n<p><strong><span style=\"font-size:18px;, Roboto, Arial, Helvetica, sans-serif, SimSun\"><span style=\"font-family:Tahoma, Geneva, sans-serif\"><span style=\"font-size:18px;font-family:Tahoma, Geneva, sans-serif\">Nota:<\/span><\/span><\/span><\/strong><br \/><span style=\"font-size:18px;, Roboto, Arial, Helvetica, sans-serif, SimSun\"><span style=\"font-family:Tahoma, Geneva, sans-serif\"><span style=\"font-size:18px;font-family:Tahoma, Geneva, sans-serif\">&#8211; Devido \u00e0 diferen\u00e7a de luz e tela, a cor do item pode ser ligeiramente diferente das imagens.Por favor, entenda.<\/span><\/span><\/span><br \/><span style=\"font-size:18px;, Roboto, Arial, Helvetica, sans-serif, SimSun\"><span style=\"font-family:Tahoma, Geneva, sans-serif\"><span style=\"font-size:18px;font-family:Tahoma, Geneva, sans-serif\">&#8211; Por favor, permita diferen\u00e7as de 1-2mm devido \u00e0 medi\u00e7\u00e3o manual.<\/span><\/span><\/span><\/p>\n<\/div>\n<div class=\"detailmodule_text\"><\/div>\n<div class=\"detailmodule_image\"><img data-recalc-dims=\"1\" decoding=\"async\" class=\"detail-desc-decorate-image\" src=\"https:\/\/i0.wp.com\/ae01.alicdn.com\/kf\/H6e388ab71fee49a595ef822b7c46fe76v.jpg?w=1200&#038;ssl=1\"><img data-recalc-dims=\"1\" decoding=\"async\" src=\"https:\/\/i0.wp.com\/ae01.alicdn.com\/kf\/S56883e79a33d40fc98b52960204a086aa.jpg?w=1200&#038;ssl=1\"><img data-recalc-dims=\"1\" decoding=\"async\" src=\"https:\/\/i0.wp.com\/ae01.alicdn.com\/kf\/Sac4eec50eb0e429ab1993d02d1948532i.jpg?w=1200&#038;ssl=1\"><\/div>\n<div class=\"detailmodule_image\"><img data-recalc-dims=\"1\" decoding=\"async\" src=\"https:\/\/i0.wp.com\/ae01.alicdn.com\/kf\/S108fe7fdbf174a1dae104d781476752e8.jpg?w=1200&#038;ssl=1\"><img data-recalc-dims=\"1\" decoding=\"async\" src=\"https:\/\/i0.wp.com\/ae01.alicdn.com\/kf\/Sc0ed6a13a9d2460b885eb705d032bea8O.jpg?w=1200&#038;ssl=1\"><img data-recalc-dims=\"1\" decoding=\"async\" src=\"https:\/\/i0.wp.com\/ae01.alicdn.com\/kf\/S6d27c4a47f424f0e9d92c8e13ad339c7A.jpg?w=1200&#038;ssl=1\"><img data-recalc-dims=\"1\" decoding=\"async\" src=\"https:\/\/i0.wp.com\/ae01.alicdn.com\/kf\/S35122748669444778466eca61361bb57h.jpg?w=1200&#038;ssl=1\"><img data-recalc-dims=\"1\" decoding=\"async\" src=\"https:\/\/i0.wp.com\/ae01.alicdn.com\/kf\/Saa0300726ba240798c581d684ffd57aby.jpg?w=1200&#038;ssl=1\"><img data-recalc-dims=\"1\" decoding=\"async\" src=\"https:\/\/i0.wp.com\/ae01.alicdn.com\/kf\/Scc6c794ee685455fbc01359e018754b3U.jpg?w=1200&#038;ssl=1\"><img data-recalc-dims=\"1\" decoding=\"async\" src=\"https:\/\/i0.wp.com\/ae01.alicdn.com\/kf\/Sce63c973573e42368286099f7389ac25S.jpg?w=1200&#038;ssl=1\"><img data-recalc-dims=\"1\" decoding=\"async\" src=\"https:\/\/i0.wp.com\/ae01.alicdn.com\/kf\/S5eaa9781f140400da6494274ba4558caV.jpg?w=1200&#038;ssl=1\"><img data-recalc-dims=\"1\" decoding=\"async\" src=\"https:\/\/i0.wp.com\/ae01.alicdn.com\/kf\/S5907c675dd0e49ecb6e0d33754d5a254V.jpg?w=1200&#038;ssl=1\"><img data-recalc-dims=\"1\" decoding=\"async\" src=\"https:\/\/i0.wp.com\/ae01.alicdn.com\/kf\/S188b050306d54204b2480a0e6ffe4d5fp.jpg?w=1200&#038;ssl=1\"><img data-recalc-dims=\"1\" decoding=\"async\" src=\"https:\/\/i0.wp.com\/ae01.alicdn.com\/kf\/S038efefd449d4a8ba91704e8b4f41cb4S.jpg?w=1200&#038;ssl=1\"><img data-recalc-dims=\"1\" decoding=\"async\" src=\"https:\/\/i0.wp.com\/ae01.alicdn.com\/kf\/S065d43e0208944198057cae4fb17230fg.jpg?w=1200&#038;ssl=1\"><\/div>\n<div class=\"detailmodule_image\"><\/div>\n<div class=\"detailmodule_image\"><img data-recalc-dims=\"1\" decoding=\"async\" class=\"detail-desc-decorate-image\" src=\"https:\/\/i0.wp.com\/ae01.alicdn.com\/kf\/Ha8feb09e9290439fadd055e060ebbf9fs.jpg?w=1200&#038;ssl=1\"><\/div>\n<div class=\"detailmodule_text\">\n<p style=\"font-family:OpenSans;font-size:14px;font-weight:300;line-height:20px;white-space:pre-wrap;margin-bottom:12px\" class=\"detail-desc-decorate-content\">Por favor, verifique a descri\u00e7\u00e3o detalhada do produto e certifique-se de que as pe\u00e7as s\u00e3o adequadas para o seu carro antes de comprar.Se voc\u00ea n\u00e3o conseguir confirmar se a pe\u00e7a cabe no seu carro ou n\u00e3o, entre em contato conosco.Se voc\u00ea encomendou os produtos errados, poder\u00e1 nos devolver, mas precisar\u00e1 pagar o frete.<\/p>\n<\/div>\n<div class=\"detailmodule_text\">\n<p style=\"font-family:OpenSans;font-size:14px;font-weight:300;line-height:20px;white-space:pre-wrap;margin-bottom:12px\" class=\"detail-desc-decorate-content\">Todas as fotos dos produtos s\u00e3o apenas para demonstra\u00e7\u00e3o e talvez uma pequena diferen\u00e7a com as pe\u00e7as reais.As pequenas diferen\u00e7as de cor e detalhes com o carro original s\u00e3o condi\u00e7\u00f5es normais.<\/p>\n<\/div>\n<div class=\"detailmodule_text\">\n<p style=\"font-family:OpenSans;font-size:14px;font-weight:300;line-height:20px;white-space:pre-wrap;margin-bottom:12px\" class=\"detail-desc-decorate-content\">Por favor confirme os endere\u00e7os de entrega, tel.N\u00e3o., o nome do destinat\u00e1rio e o ID fiscal s\u00e3o detalhados e exatamente corretos.<\/p>\n<\/div>\n<div class=\"detailmodule_text\">\n<p style=\"font-family:OpenSans;font-size:14px;font-weight:300;line-height:20px;white-space:pre-wrap;margin-bottom:12px\" class=\"detail-desc-decorate-content\">Se voc\u00ea n\u00e3o conseguir substituir bem as pe\u00e7as sozinho, poder\u00e1 reajust\u00e1-las ou ir \u00e0 loja de manuten\u00e7\u00e3o profissional local para instal\u00e1-las.<\/p>\n<\/div>\n<div class=\"detailmodule_image\"><img data-recalc-dims=\"1\" decoding=\"async\" class=\"detail-desc-decorate-image\" src=\"https:\/\/i0.wp.com\/ae01.alicdn.com\/kf\/H1068f19d48fd4cb6a3b6c2a692ef4fc5Y.jpg?w=1200&#038;ssl=1\"><\/div>\n<div class=\"detailmodule_text\">\n<p style=\"font-family:OpenSans;font-size:14px;font-weight:300;line-height:20px;white-space:pre-wrap;margin-bottom:12px\" class=\"detail-desc-decorate-content\">Normalmente, o pedido ser\u00e1 enviado dentro de 2 a 7 dias \u00fateis ap\u00f3s receber o pagamento on-line, excluindo feriados.Aguarde de 24 a 48 horas para que os detalhes de rastreamento sejam atualizados online.<\/p>\n<\/div>\n<div class=\"detailmodule_text\">\n<p style=\"font-family:OpenSans;font-size:14px;font-weight:300;line-height:20px;white-space:pre-wrap;margin-bottom:12px\" class=\"detail-desc-decorate-content\">Os dias de envio depender\u00e1\u00e3o do correio de entrega.Se voc\u00ea n\u00e3o recebeu o pacote dentro de 45 dias, entre em contato conosco para que possamos rastre\u00e1-lo para voc\u00ea.<\/p>\n<\/div>\n<div class=\"detailmodule_text\">\n<p style=\"font-family:OpenSans;font-size:14px;font-weight:300;line-height:20px;white-space:pre-wrap;margin-bottom:12px\" class=\"detail-desc-decorate-content\">Se o pacote foi danificado durante o transporte, recuse-se a aceit\u00e1-lo e mantenha o registro e as evid\u00eancias de reclama\u00e7\u00e3o.<\/p>\n<\/div>\n<div class=\"detailmodule_text\">\n<p style=\"font-family:OpenSans;font-size:14px;font-weight:300;line-height:20px;white-space:pre-wrap;margin-bottom:12px\" class=\"detail-desc-decorate-content\">Abra o pacote para verificar se as pe\u00e7as e acess\u00f3rios com os pacotes n\u00e3o est\u00e3o danificados durante o envio antes de assinar o pacote.<\/p>\n<\/div>\n<div class=\"detailmodule_image\"><img data-recalc-dims=\"1\" decoding=\"async\" class=\"detail-desc-decorate-image\" src=\"https:\/\/i0.wp.com\/ae01.alicdn.com\/kf\/Hd6a346d5853b4ea2a65e5462bb4f24d15.jpg?w=1200&#038;ssl=1\"><\/div>\n<div class=\"detailmodule_text\">\n<p style=\"font-family:OpenSans;font-size:14px;font-weight:300;line-height:20px;white-space:pre-wrap;margin-bottom:12px\" class=\"detail-desc-decorate-content\">Se voc\u00ea n\u00e3o estiver satisfeito com nossos produtos, poder\u00e1 devolv\u00ea-los no prazo de 30 dias para substitui\u00e7\u00e3o ou devolu\u00e7\u00e3o do dinheiro.ent\u00e3o atualize o n\u00famero de rastreamento.de devolver o pacote no pedido de disputa.entre em contato conosco antes de devolv\u00ea-lo.<\/p>\n<\/div>\n<div class=\"detailmodule_text\">\n<p style=\"font-family:OpenSans;font-size:14px;font-weight:300;line-height:20px;white-space:pre-wrap;margin-bottom:12px\" class=\"detail-desc-decorate-content\">O imposto de importa\u00e7\u00e3o do pacote ser\u00e1 pago pelos compradores.Se o comprador se recusar a fazer o desembara\u00e7o aduaneiro ou se recusar a aceitar o pacote da transportadora local para que o pacote seja destru\u00eddo ou faltando, n\u00e3o reembolsaremos aos clientes.<\/p>\n<\/div>\n<div class=\"detailmodule_text\">\n<p style=\"font-family:OpenSans;font-size:14px;font-weight:300;line-height:20px;white-space:pre-wrap;margin-bottom:12px\" class=\"detail-desc-decorate-content\">Se as pe\u00e7as apresentarem problemas de qualidade, o custo de envio do pacote devolvido dever\u00e1 ser pago pelos compradores.<\/p>\n<\/div>\n<div class=\"detailmodule_text\">\n<p style=\"font-family:OpenSans;font-size:14px;font-weight:300;line-height:20px;white-space:pre-wrap;margin-bottom:12px\" class=\"detail-desc-decorate-content\">Se as pe\u00e7as apresentarem problemas de qualidade, n\u00e3o hesite em entrar em contato conosco, faremos o poss\u00edvel para oferecer a solu\u00e7\u00e3o.<\/p>\n<\/div>\n<div class=\"detailmodule_text\">\n<p style=\"font-family:OpenSans;font-size:14px;font-weight:300;line-height:20px;white-space:pre-wrap;margin-bottom:12px\" class=\"detail-desc-decorate-content\">Se voc\u00ea estiver satisfeito com nossos produtos e servi\u00e7os, envie-nos um bom coment\u00e1rio e um feedback de cinco estrelas.<\/p>\n<\/div>\n<div class=\"detailmodule_text\">\n<p style=\"font-family:OpenSans;font-size:14px;font-weight:300;line-height:20px;white-space:pre-wrap;margin-bottom:12px\" class=\"detail-desc-decorate-content\">Adicionaremos os clientes \u00e0 nossa lista negra que deixar\u00e3o o coment\u00e1rio negativo apesaramente.<\/p>\n<\/div>\n<div class=\"detailmodule_image\"><img data-recalc-dims=\"1\" decoding=\"async\" class=\"detail-desc-decorate-image\" src=\"https:\/\/i0.wp.com\/ae01.alicdn.com\/kf\/H02ee053a0ac2482abc7119a42c75d5755.jpg?w=1200&#038;ssl=1\"><\/div>\n<p><\/p>\n<\/div>\n<\/div>\n","protected":false},"excerpt":{"rendered":"<p>Nome do produto: Lhd interior porta dianteira chifre alto-falante capa som \u00e1udio alto-falante capa substitui\u00e7\u00e3o para bmw s\u00e9rie 5 f10 f11 523 525 530 535 Material:PC e ABS, revestimento emborrachado, material pl\u00e1stico macio n\u00e3o original.Cor:Preto\/Bege\/Cinza\/Vermelho marrom\/Oyster\/MokaOE N\u00c3O.:Bege: 5141 7225 969 L 5141 7225 980 RPreto: 5141 7225 967 L 5141 7225 978 ROyster: 5141 7225&hellip;&nbsp;<\/p>\n","protected":false},"featured_media":3123,"template":"","meta":{"neve_meta_sidebar":"","neve_meta_container":"","neve_meta_enable_content_width":"","neve_meta_content_width":0,"neve_meta_title_alignment":"","neve_meta_author_avatar":"","neve_post_elements_order":"","neve_meta_disable_header":"","neve_meta_disable_footer":"","neve_meta_disable_title":""},"product_brand":[],"product_cat":[41,22,17],"product_tag":[],"class_list":{"0":"post-3129","1":"product","2":"type-product","3":"status-publish","4":"has-post-thumbnail","6":"product_cat-paineis-porta-interior-e-painel-protetor","7":"product_cat-partes-interiores","8":"product_cat-pecas-e-acessorios-automotivos","10":"first","11":"instock","12":"shipping-taxable","13":"purchasable","14":"product-type-variable","15":"has-default-attributes"},"jetpack_sharing_enabled":true,"_links":{"self":[{"href":"https:\/\/listman.shop\/autoparts-br\/wp-json\/wp\/v2\/product\/3129","targetHints":{"allow":["GET"]}}],"collection":[{"href":"https:\/\/listman.shop\/autoparts-br\/wp-json\/wp\/v2\/product"}],"about":[{"href":"https:\/\/listman.shop\/autoparts-br\/wp-json\/wp\/v2\/types\/product"}],"wp:featuredmedia":[{"embeddable":true,"href":"https:\/\/listman.shop\/autoparts-br\/wp-json\/wp\/v2\/media\/3123"}],"wp:attachment":[{"href":"https:\/\/listman.shop\/autoparts-br\/wp-json\/wp\/v2\/media?parent=3129"}],"wp:term":[{"taxonomy":"product_brand","embeddable":true,"href":"https:\/\/listman.shop\/autoparts-br\/wp-json\/wp\/v2\/product_brand?post=3129"},{"taxonomy":"product_cat","embeddable":true,"href":"https:\/\/listman.shop\/autoparts-br\/wp-json\/wp\/v2\/product_cat?post=3129"},{"taxonomy":"product_tag","embeddable":true,"href":"https:\/\/listman.shop\/autoparts-br\/wp-json\/wp\/v2\/product_tag?post=3129"}],"curies":[{"name":"wp","href":"https:\/\/api.w.org\/{rel}","templated":true}]}}