{"id":31965,"date":"2025-03-12T08:01:56","date_gmt":"2025-03-11T23:01:56","guid":{"rendered":"https:\/\/listman.shop\/autoparts-br\/product\/1005006484242958\/"},"modified":"2026-04-14T13:34:08","modified_gmt":"2026-04-14T04:34:08","slug":"1005006484242958","status":"publish","type":"product","link":"https:\/\/listman.shop\/autoparts-br\/product\/1005006484242958\/","title":{"rendered":"Curso completo de WINOLS-aprender a reescrever a mem\u00f3ria do ECU (n\u00edvel b\u00e1sico avan\u00e7ado), 40 horas, v\u00eddeos explicativos 320 p\u00e1ginas"},"content":{"rendered":"<div class=\"detailmodule_html\">\n<div class=\"detail-desc-decorate-richtext\">\n<div class=\"detailmodule_html\">\n<div class=\"detail-desc-decorate-richtext\">\n<div>\n<div>\n<p style=\", sans-serif;font-size:15px;font-weight:400;letter-spacing:normal;text-align:start;white-space:normal;margin-bottom:1rem;margin-top:0px\" align=\"start\"><span style=\"font-size:22px\"><strong>!!!!POR FAVOR LEIA ESTO!!!!<\/strong><\/span><\/p>\n<p style=\", Roboto, Arial, Helvetica, sans-serif, SimSun;font-size:14px;font-weight:400;letter-spacing:normal;line-height:inherit;text-align:start;white-space:normal;margin:0px;margin-bottom:0px;margin-top:0px;margin-left:0px;margin-right:0px;padding:0px;padding-bottom:0px;padding-top:0px;padding-left:0px;padding-right:0px\" align=\"start\"><span class=\"Y2IQFc\" style=\"font-size:20px\"><strong>Por favor, N\u00c3O OLHATE gravar seu endere\u00e7o de e-mail na NOTA DO PEDIDO.<\/strong><\/span> <span style=\"font-size:36px\"><span><span><br \/>Curso completo WINOLS &#8211; aprende a reescrever a mem\u00f3ria da ECU (n\u00edvel b\u00e1sico avan\u00e7ado), 40 horas, v\u00eddeos explicativos da Agenda<\/span><\/span><\/span><\/p>\n<div>&nbsp;<\/div>\n<p style=\", sans-serif;font-size:15px;font-weight:400;letter-spacing:normal;text-align:start;white-space:normal;margin-bottom:1rem;margin-top:0px\" align=\"start\"><span style=\"font-size:24px;font-family:verdana, arial\"><span style=\"font-size:24px\"><strong>Arquivos incluindo:<\/strong><\/span><\/span><\/p>\n<p style=\", sans-serif;font-size:15px;font-weight:400;letter-spacing:normal;text-align:start;white-space:normal;margin-bottom:1rem;margin-top:0px\" align=\"start\"><span style=\"font-size:22px;, cursive\">1-CURSO WINOLES PARA DESCARGA TOTALMENTE EN ESPA\u00d1OL<\/span><\/p>\n<p><span style=\"font-size:22px;, cursive\">DESCARGA DE LIN\u00d3RIO 2-SW (Winols 2.24)<\/span><\/p>\n<p><span style=\"font-size:22px;, cursive\">3-CURSO DE POTEN\u00c7\u00c3O DE REGALO (EN PORTUGUES)<\/span><\/p>\n<p><span style=\"font-size:24px;, cursive\">4-Archivos potenciados egr off dpf off tesados y funcionando<\/span><\/p>\n<div>&nbsp;<\/div>\n<div>\n<div>\n<p style=\", sans-serif;font-size:15px;font-weight:400;letter-spacing:normal;text-align:start;white-space:normal;margin-bottom:1rem;margin-top:0px\" align=\"start\"><span style=\"font-size:14px;font-family:verdana, arial\">Curso completo do n\u00edvel b\u00e1sico ao n\u00edvel avan\u00e7ado.Onde voc\u00ea aprender\u00e1 desde o primeiro n\u00edvel para atingir um n\u00edvel avan\u00e7ado.320 p\u00e1ginas com tudo explicado passo a passo.Todas as unidades de controle explicadas como identifica\u00e7\u00e3o de mapas, cancelamento, fab, reprodu\u00e7\u00e3o etc&#8230;<\/span><\/p>\n<p style=\", sans-serif;font-size:15px;font-weight:400;letter-spacing:normal;text-align:start;white-space:normal;margin-bottom:1rem;margin-top:0px\" align=\"start\"><span style=\"font-size:14px;font-family:verdana, arial\">Inclui mais de 40h de aprendizagem.<\/span><\/p>\n<p style=\", sans-serif;font-size:15px;font-weight:400;letter-spacing:normal;text-align:start;white-space:normal;margin-bottom:1rem;margin-top:0px\" align=\"start\"><span style=\"font-family:verdana, arial\"><span style=\"font-size:14px\">V\u00eddeos explicativos em cada agenda<\/span><\/span><\/p>\n<p style=\", sans-serif;font-size:15px;font-weight:400;letter-spacing:normal;text-align:start;white-space:normal;margin-bottom:1rem;margin-top:0px\" align=\"start\"><span style=\"font-family:verdana, arial\"><span style=\"font-size:14px\">Material did\u00e1tico de aprendizagem<\/span><\/span><\/p>\n<\/div>\n<\/div>\n<p><img data-recalc-dims=\"1\" decoding=\"async\" src=\"https:\/\/i0.wp.com\/ae01.alicdn.com\/kf\/S166898208a404db3b7ec8cfbc7dcafbdz.jpg?w=1200&#038;ssl=1\"><\/p>\n<div>\n<div>\n<div><\/div>\n<p><span style=\"font-size:24px;, cursive\">Archivos potenciados,<\/span><span style=\"font-size:22px;, cursive\"><span style=\"font-size:22px;, cursive\">Arquivos de ajuste de mapa ECU,<\/span><\/span><span style=\"font-size:24px;, cursive\">egr off dpf off testado y funcionando<\/span><\/p>\n<\/div>\n<\/div>\n<div>&nbsp;<\/div>\n<p><span style=\"font-size:20px;font-family:tahoma, geneva, sans-serif\"><span style=\"font-size:20px;font-family:tahoma, geneva, sans-serif\">Arquivos de ajuste de mapa do ECU ALFA ROMEO FECHADO PARA 10 GB Est\u00e1gio 1 + Est\u00e1gio 2 Cole\u00e7\u00e3o de arquivos de remapeamento TESTADO<\/span><\/span><\/p>\n<div>&nbsp;<\/div>\n<p><span style=\"font-size:20px;font-family:tahoma, geneva, sans-serif\"><span style=\"font-size:20px;font-family:tahoma, geneva, sans-serif\">Arquivos de ajuste de mapa AUDI ECU FECHADO PARA 20 GB Est\u00e1gio 1 + Est\u00e1gio 2 Cole\u00e7\u00e3o de arquivos de remapeamento TESTADO<\/span><\/span><\/p>\n<div>&nbsp;<\/div>\n<p><span style=\"font-size:20px;font-family:tahoma, geneva, sans-serif\"><span style=\"font-size:20px;font-family:tahoma, geneva, sans-serif\">Arquivos de ajuste de mapa BMW ECU FECHADO PARA 18 GB Est\u00e1gio 1 + Est\u00e1gio 2 Cole\u00e7\u00e3o de arquivos de remapeamento TESTADO<\/span><\/span><\/p>\n<div>&nbsp;<\/div>\n<p><span style=\"font-size:20px;font-family:tahoma, geneva, sans-serif\"><span style=\"font-size:20px;font-family:tahoma, geneva, sans-serif\">Arquivos de ajuste de mapa CHEVROLET ECU fechados para 5 GB est\u00e1gio 1 + est\u00e1gio 2 cole\u00e7\u00e3o de arquivos de remapeamento testado<\/span><\/span><\/p>\n<div><\/div>\n<p><span style=\"font-size:20px;font-family:tahoma, geneva, sans-serif\"><span style=\"font-size:20px;font-family:tahoma, geneva, sans-serif\">Arquivos de ajuste de mapa CITROEN ECU FECHADO PARA 5 GB Est\u00e1gio 1 + Est\u00e1gio 2 Cole\u00e7\u00e3o de arquivos de remapeamento TESTADO<\/span><\/span><\/p>\n<div>&nbsp;<\/div>\n<p><span style=\"font-size:20px;font-family:tahoma, geneva, sans-serif\"><span style=\"font-size:20px;font-family:tahoma, geneva, sans-serif\">Arquivos de ajuste de mapa FiAT ECU FECHADO PARA 4 GB Est\u00e1gio 1 + Est\u00e1gio 2 Cole\u00e7\u00e3o de arquivos de remapeamento TESTADO<\/span><\/span><\/p>\n<div>&nbsp;<\/div>\n<p><span style=\"font-size:20px;font-family:tahoma, geneva, sans-serif\"><span style=\"font-size:20px;font-family:tahoma, geneva, sans-serif\">Arquivos de ajuste de mapa FORD ECU FECHADO PARA 5 GB Est\u00e1gio 1 + Est\u00e1gio 2 Cole\u00e7\u00e3o de arquivos de remapeamento TESTADO<\/span><\/span><\/p>\n<div>&nbsp;<\/div>\n<p><span style=\"font-size:20px;font-family:tahoma, geneva, sans-serif\"><span style=\"font-size:20px;font-family:tahoma, geneva, sans-serif\">Arquivos de ajuste de mapa KIA ECU FECHADO PARA 8 GB Est\u00e1gio 1 + Est\u00e1gio 2 Cole\u00e7\u00e3o de arquivos de remapeamento TESTADO<\/span><\/span><\/p>\n<div>&nbsp;<\/div>\n<p><span style=\"font-size:20px;font-family:tahoma, geneva, sans-serif\"><span style=\"font-size:20px;font-family:tahoma, geneva, sans-serif\">LAND ROVER Arquivos de ajuste de mapa ECU Fechados para 3 GB Est\u00e1gio 1 + Est\u00e1gio 2 Cole\u00e7\u00e3o de arquivos de remapeamento TESTADO<\/span><\/span><\/p>\n<div>&nbsp;<\/div>\n<p><span style=\"font-size:20px;font-family:tahoma, geneva, sans-serif\"><span style=\"font-size:20px;font-family:tahoma, geneva, sans-serif\">MERCEDES BENZ ECU Map Tuning Arquivos FECHADO PARA 10 GB Est\u00e1gio 1 + Est\u00e1gio 2 Cole\u00e7\u00e3o de arquivos de remapeamento TESTED<\/span><\/span><\/p>\n<div><\/div>\n<p><span style=\"font-size:20px;font-family:tahoma, geneva, sans-serif\"><span style=\"font-size:20px;font-family:tahoma, geneva, sans-serif\">Arquivos de ajuste de mapa MiN COOPER ECU Fechados para 2 GB Est\u00e1gio 1 + Est\u00e1gio 2 Cole\u00e7\u00e3o de arquivos de remapeamento TESTADO<\/span><\/span><\/p>\n<div>&nbsp;<\/div>\n<p><span style=\"font-size:20px;font-family:tahoma, geneva, sans-serif\"><span style=\"font-size:20px;font-family:tahoma, geneva, sans-serif\">Arquivos de ajuste de mapa NaSSAN ECU FECHADO PARA 1 GB Est\u00e1gio 1 + Est\u00e1gio 2 Cole\u00e7\u00e3o de arquivos de remapeamento TESTADO<\/span><\/span><\/p>\n<div>&nbsp;<\/div>\n<p><span style=\"font-size:20px;font-family:tahoma, geneva, sans-serif\"><span style=\"font-size:20px;font-family:tahoma, geneva, sans-serif\">Arquivos de ajuste de mapa OPEL ECU FECHADO PARA 10 GB Est\u00e1gio 1 + Est\u00e1gio 2 Cole\u00e7\u00e3o de arquivos de remapeamento TESTADO<\/span><\/span><\/p>\n<div>&nbsp;<\/div>\n<p><span style=\"font-size:20px;font-family:tahoma, geneva, sans-serif\"><span style=\"font-size:20px;font-family:tahoma, geneva, sans-serif\">Arquivos de ajuste de mapa PEUGEOT ECU Fechados para 5 GB Est\u00e1gio 1 + Est\u00e1gio 2 Cole\u00e7\u00e3o de arquivos de remapeamento TESTADO<\/span><\/span><\/p>\n<div>&nbsp;<\/div>\n<p><span style=\"font-size:20px;font-family:tahoma, geneva, sans-serif\"><span style=\"font-size:20px;font-family:tahoma, geneva, sans-serif\">Arquivos de ajuste de mapa ECU PORSCHE FECHADO PARA 3 GB Est\u00e1gio 1 + Est\u00e1gio 2 Cole\u00e7\u00e3o de arquivos de remapeamento TESTADO<\/span><\/span><\/p>\n<div>&nbsp;<\/div>\n<p><span style=\"font-size:20px;font-family:tahoma, geneva, sans-serif\"><span style=\"font-size:20px;font-family:tahoma, geneva, sans-serif\">Arquivos de ajuste de mapa RENAULT ECU FECHADO PARA 4 GB Est\u00e1gio 1 + Est\u00e1gio 2 Cole\u00e7\u00e3o de arquivos de remapeamento TESTADO<\/span><\/span><\/p>\n<div>&nbsp;<\/div>\n<p><span style=\"font-size:20px;font-family:tahoma, geneva, sans-serif\"><span style=\"font-size:20px;font-family:tahoma, geneva, sans-serif\">Arquivos de ajuste de mapa ECU SEAT FECHADO PARA 5 GB Est\u00e1gio 1 + Est\u00e1gio 2 Cole\u00e7\u00e3o de arquivos de remapeamento TESTADO<\/span><\/span><\/p>\n<div>&nbsp;<\/div>\n<p><span style=\"font-size:20px;font-family:tahoma, geneva, sans-serif\"><span style=\"font-size:20px;font-family:tahoma, geneva, sans-serif\">Arquivos de ajuste de mapa SKODA ECU FECHADO PARA 4 GB Est\u00e1gio 1 + Est\u00e1gio 2 Cole\u00e7\u00e3o de arquivos de remapeamento TESTADO<\/span><\/span><\/p>\n<div>&nbsp;<\/div>\n<p><span style=\"font-size:20px;font-family:tahoma, geneva, sans-serif\"><span style=\"font-size:20px;font-family:tahoma, geneva, sans-serif\">Arquivos de ajuste de mapa SMART ECU FECHADO PARA 2 GB Est\u00e1gio 1 + Est\u00e1gio 2 Cole\u00e7\u00e3o de arquivos de remapeamento TESTADO<\/span><\/span><\/p>\n<div>&nbsp;<\/div>\n<p><span style=\"font-size:20px;font-family:tahoma, geneva, sans-serif\"><span style=\"font-size:20px;font-family:tahoma, geneva, sans-serif\">Arquivos de ajuste de mapa TOYOTA ECU FECHADO PARA 1 GB Est\u00e1gio 1 + Est\u00e1gio 2 Cole\u00e7\u00e3o de arquivos de remapeamento TESTADO<\/span><\/span><\/p>\n<div>&nbsp;<\/div>\n<p><span style=\"font-size:20px;font-family:tahoma, geneva, sans-serif\"><span style=\"font-size:20px;font-family:tahoma, geneva, sans-serif\">Arquivos de ajuste de mapa VOLKSWAGEN ECU FECHADO PARA 16 GB Est\u00e1gio 1 + Est\u00e1gio 2 Cole\u00e7\u00e3o de arquivos de remapeamento TESTADO<\/span><\/span><\/p>\n<div>&nbsp;<\/div>\n<p><span style=\"font-size:20px;font-family:tahoma, geneva, sans-serif\"><span style=\"font-size:20px;font-family:tahoma, geneva, sans-serif\">Arquivos de ajuste de mapa VOLVO ECU FECHADO PARA 5 GB Est\u00e1gio 1 + Est\u00e1gio 2 Cole\u00e7\u00e3o de arquivos de remapeamento TESTADO<\/span><\/span><\/p>\n<div><\/div>\n<p style=\", sans-serif;font-size:15px;font-weight:400;letter-spacing:normal;text-align:start;white-space:normal;margin-bottom:1rem;margin-top:0px\" align=\"start\"><span style=\"font-size:14px;font-family:verdana, arial\">Curso completo do n\u00edvel b\u00e1sico ao n\u00edvel avan\u00e7ado.Onde voc\u00ea aprender\u00e1 desde o primeiro n\u00edvel para atingir um n\u00edvel avan\u00e7ado.320 p\u00e1ginas com tudo explicado passo a passo.Todas as unidades de controle explicadas como identifica\u00e7\u00e3o de mapas, cancelamento, fab, reprodu\u00e7\u00e3o etc&#8230;<\/span><\/p>\n<p style=\", sans-serif;font-size:15px;font-weight:400;letter-spacing:normal;text-align:start;white-space:normal;margin-bottom:1rem;margin-top:0px\" align=\"start\"><span style=\"font-size:14px;font-family:verdana, arial\">Inclui mais de 40h de aprendizagem.<\/span><\/p>\n<p style=\", sans-serif;font-size:15px;font-weight:400;letter-spacing:normal;text-align:start;white-space:normal;margin-bottom:1rem;margin-top:0px\" align=\"start\"><span style=\"font-family:verdana, arial\"><span style=\"font-size:14px\">V\u00eddeos explicativos em cada agenda<\/span><\/span><\/p>\n<p style=\", sans-serif;font-size:15px;font-weight:400;letter-spacing:normal;text-align:start;white-space:normal;margin-bottom:1rem;margin-top:0px\" align=\"start\"><span style=\"font-family:verdana, arial\"><span style=\"font-size:14px\">Material did\u00e1tico de aprendizagem<\/span><\/span><\/p>\n<p style=\", sans-serif;font-size:15px;font-weight:400;letter-spacing:normal;text-align:start;white-space:normal;margin-bottom:1rem;margin-top:0px\" align=\"start\"><span style=\"font-family:verdana, arial\"><span style=\"font-size:14px\">Software para o curso + software para presente suficiente.<\/span><\/span><\/p>\n<p style=\", sans-serif;font-size:15px;font-weight:400;letter-spacing:normal;text-align:start;white-space:normal;margin-bottom:1rem;margin-top:0px\" align=\"start\">\u00e9 enviado via link de download.<\/p>\n<\/div>\n<\/div>\n<div><\/div>\n<\/div>\n<\/div>\n<p><\/p>\n<\/div>\n<\/div>\n","protected":false},"excerpt":{"rendered":"<p>!!!!POR FAVOR LEIA ESTO!!!! Por favor, N\u00c3O OLHATE gravar seu endere\u00e7o de e-mail na NOTA DO PEDIDO. Curso completo WINOLS &#8211; aprende a reescrever a mem\u00f3ria da ECU (n\u00edvel b\u00e1sico avan\u00e7ado), 40 horas, v\u00eddeos explicativos da Agenda &nbsp; Arquivos incluindo: 1-CURSO WINOLES PARA DESCARGA TOTALMENTE EN ESPA\u00d1OL DESCARGA DE LIN\u00d3RIO 2-SW (Winols 2.24) 3-CURSO DE&hellip;&nbsp;<\/p>\n","protected":false},"featured_media":31959,"template":"","meta":{"neve_meta_sidebar":"","neve_meta_container":"","neve_meta_enable_content_width":"","neve_meta_content_width":0,"neve_meta_title_alignment":"","neve_meta_author_avatar":"","neve_post_elements_order":"","neve_meta_disable_header":"","neve_meta_disable_footer":"","neve_meta_disable_title":""},"product_brand":[],"product_cat":[197,203,17],"product_tag":[],"class_list":{"0":"post-31965","1":"product","2":"type-product","3":"status-publish","4":"has-post-thumbnail","6":"product_cat-ferramentas-de-manutencao-de-automoveis","7":"product_cat-ferramentas-de-programacao-e-melhoria-de-potencia-ferramentas-de-manutencao-de-automoveis","8":"product_cat-pecas-e-acessorios-automotivos","10":"first","11":"instock","12":"shipping-taxable","13":"purchasable","14":"product-type-variable","15":"has-default-attributes"},"jetpack_sharing_enabled":true,"_links":{"self":[{"href":"https:\/\/listman.shop\/autoparts-br\/wp-json\/wp\/v2\/product\/31965","targetHints":{"allow":["GET"]}}],"collection":[{"href":"https:\/\/listman.shop\/autoparts-br\/wp-json\/wp\/v2\/product"}],"about":[{"href":"https:\/\/listman.shop\/autoparts-br\/wp-json\/wp\/v2\/types\/product"}],"wp:featuredmedia":[{"embeddable":true,"href":"https:\/\/listman.shop\/autoparts-br\/wp-json\/wp\/v2\/media\/31959"}],"wp:attachment":[{"href":"https:\/\/listman.shop\/autoparts-br\/wp-json\/wp\/v2\/media?parent=31965"}],"wp:term":[{"taxonomy":"product_brand","embeddable":true,"href":"https:\/\/listman.shop\/autoparts-br\/wp-json\/wp\/v2\/product_brand?post=31965"},{"taxonomy":"product_cat","embeddable":true,"href":"https:\/\/listman.shop\/autoparts-br\/wp-json\/wp\/v2\/product_cat?post=31965"},{"taxonomy":"product_tag","embeddable":true,"href":"https:\/\/listman.shop\/autoparts-br\/wp-json\/wp\/v2\/product_tag?post=31965"}],"curies":[{"name":"wp","href":"https:\/\/api.w.org\/{rel}","templated":true}]}}