{"id":32344,"date":"2025-03-12T08:12:32","date_gmt":"2025-03-11T23:12:32","guid":{"rendered":"https:\/\/listman.shop\/autoparts-br\/product\/1005007203820796\/"},"modified":"2026-04-14T13:45:10","modified_gmt":"2026-04-14T04:45:10","slug":"1005007203820796","status":"publish","type":"product","link":"https:\/\/listman.shop\/autoparts-br\/product\/1005007203820796\/","title":{"rendered":"Konnwei kw870 kw880 kw890 12v testador de bateria de carro analisador ferramenta de diagn\u00f3stico autom\u00e1tico bateria jogo 3 em 1 carro obd2 scanner leitor c\u00f3digo"},"content":{"rendered":"<div class=\"detailmodule_html\">\n<div class=\"detail-desc-decorate-richtext\">\n<div class=\"detailmodule_media\">\n<div class=\"video-container-1100206587876\">\n<div class=\"detail-video\" id=\"1100206587876\" data-previewurl=\"https:\/\/ae01.alicdn.com\/kf\/S0068688a6f784c97a22f24dd6f1a6244k.jpg\"><\/div>\n<\/div>\n<\/div>\n<p><a href=\"https:\/\/www.aliexpress.us\/item\/3256806230509610.html?gatewayAdapt=glo2usa4itemAdapt\" target=\"_self\" class=\"\"><img data-recalc-dims=\"1\" loading=\"lazy\" decoding=\"async\" width=\"944\" height=\"473\" src=\"https:\/\/i0.wp.com\/ae01.alicdn.com\/kf\/S25197b9949d44b5f9af2608bc393fba40.jpg?resize=944%2C473&#038;ssl=1\"><\/a><a href=\"https:\/\/www.aliexpress.us\/item\/3256806233014938.html?gatewayAdapt=glo2usa4itemAdapt\" target=\"_self\" class=\"\"><img data-recalc-dims=\"1\" loading=\"lazy\" decoding=\"async\" width=\"944\" height=\"472\" src=\"https:\/\/i0.wp.com\/ae01.alicdn.com\/kf\/Sd770f0665f0d46769c508b0c1fb09dcdu.jpg?resize=944%2C472&#038;ssl=1\"><\/a><img data-recalc-dims=\"1\" decoding=\"async\" src=\"https:\/\/i0.wp.com\/ae01.alicdn.com\/kf\/S896016e0c1004b5fa78286a6603dd70dP.jpg?w=1200&#038;ssl=1\"><\/p>\n<p><\/p>\n<p><\/p>\n<p><\/p>\n<p><strong><span style=\"font-size:20px\">Dicas de compra:<\/span><\/strong><\/p>\n<p>1.KW870 \u00e9 um scanner 2 em 1, suporta diagn\u00f3stico + teste de bateria e pode suportar motocicletas de 6V<\/p>\n<p>2.KW880 \u00e9 scanner 3 em 1, suporte para diagn\u00f3stico + teste de bateria + correspond\u00eancia de bateria<\/p>\n<p>3.KW890 \u00e9 um scanner 3 em 1, suporte para diagn\u00f3stico + teste de bateria + redefini\u00e7\u00e3o de \u00f3leo<\/p>\n<p><\/p>\n<p><strong><span style=\"font-size:20px\">KONNWEI KW870 Suporta IDIOMA:<\/span><\/strong><\/p>\n<p><\/p>\n<p>Ingl\u00eas, Franc\u00eas, Alem\u00e3o, Espanhol, Russo, Polon\u00eas, Italiano, Portugu\u00eas, Holand\u00eas<\/p>\n<p><\/p>\n<p><strong><span style=\"font-size:20px\">KONNWEI KW880\/890 Suporta IDIOMA:<\/span><\/strong><\/p>\n<p><\/p>\n<p>Ingl\u00eas, Franc\u00eas, Alem\u00e3o, Espanhol, Russo, Polon\u00eas, Italiano<\/p>\n<p><\/p>\n<p><strong><span style=\"font-size:20px\">Scanner de diagn\u00f3stico de carro KONNWEI KW890<\/span><\/strong><\/p>\n<p>O scanner de diagn\u00f3stico obd2 para carro KW890 pode funcionar com todas as gasolina e diesel de 12 V de 1996 e mais recentes que s\u00e3o compat\u00edveis com OBD II. Ele pode identificar a causa do seu MOTOR DE VERIFICA\u00c7\u00c3O e talvez consert\u00e1-lo sem ver seu revendedor.Ele ajuda voc\u00ea a passar facilmente nos testes gerais e SMOG CHECK.Abrange todas as fun\u00e7\u00f5es de diagn\u00f3stico OBDII\/EOBD para sistema de motor.O teste do sensor de O2, o teste dos sistemas EVAP e o teste de itoria do mon da placa oferecem controle total do status de funcionamento do seu ve\u00edculo, enquanto um display gr\u00e1fico e num\u00e9rico de fluxo de dados ao vivo ir\u00e1 ajud\u00e1-lo a descobrir as leituras de sensor defeituosas.Suporta v\u00e1rios idiomas, o cliente pode selecionar idiomas diferentes, que incluem ingl\u00eas, franc\u00eas, espanhol, alem\u00e3o, russo, italiano, polon\u00eas.<\/p>\n<p><\/p>\n<p><strong><span style=\"font-size:20px\">Testador de bateria KONNWEI KW890<\/span><\/strong><\/p>\n<p>O testador de bateria KW890 pode testar todas as baterias de chumbo-\u00e1cido de partida automotiva, incluindo baterias de chumbo-\u00e1cido comuns, baterias de placa plana AGM, baterias espirais AGM e baterias de gel, baterias de l\u00edtio, etc.Ele adota a tecnologia de teste de condutividade de \u00faltima gera\u00e7\u00e3o no mundo para medir com facilidade, rapidez e precis\u00e3o a capacidade real dos amplificadores de partida a frio da bateria de partida do ve\u00edculo, o estado saud\u00e1vel da pr\u00f3pria bateria e a falha comum do sistema de partida do ve\u00edculo e sistema de carregamento, que pode ajudar o pessoal de manuten\u00e7\u00e3o a encontrar o problema com rapidez e precis\u00e3o, assim para conseguir um reparo r\u00e1pido do ve\u00edculo.<\/p>\n<p><\/p>\n<p><strong><span style=\"font-size:20px\">Lista de pacotes:<\/span><\/strong><\/p>\n<p><\/p>\n<p><span style=\"font-size:16px\"><strong>KW870<\/strong><\/span><\/p>\n<p><span style=\"font-size:14px\">*KONNWEI KW870 carro OBD II scanner PlUS testador de bateria de carro<\/span><\/p>\n<p>*Manual do usu\u00e1rio<\/p>\n<p>*Caixa de varejo<\/p>\n<p>* Bolsa de nylon<\/p>\n<p>* Cabo Mini USB para atualiza\u00e7\u00e3o e impress\u00e3o de dados<\/p>\n<p>* Cabo de clipe de bra\u00e7adeira de bateria para fun\u00e7\u00e3o de testador de bateria<\/p>\n<p>* Cabo OBD de 16 pinos para fun\u00e7\u00e3o de scanner obdii<\/p>\n<p><\/p>\n<p><strong><span style=\"font-size:16px\">KW880<\/span><\/strong><\/p>\n<p><span style=\"font-size:14px;font-family:OpenSans\">*Teste de bateria KONNWEI KW880 e scanner OBD II<\/span><br \/><span style=\"font-size:14px;font-family:OpenSans\">*manual do usu\u00e1rio<\/span><br \/><span style=\"font-size:14px;font-family:OpenSans\">* caixa de varejo<\/span><br \/><span style=\"font-size:14px;font-family:OpenSans\">* Bolsa de nylon<\/span><br \/><span style=\"font-size:14px;font-family:OpenSans\">* Cabo Mini USB para atualiza\u00e7\u00e3o e impress\u00e3o de dados<\/span><br \/><span style=\"font-size:14px;font-family:OpenSans\">*Cabo OBD2 para porta obd2 de 16 pinos<\/span><br \/><span style=\"font-size:14px;font-family:OpenSans\">* Porta OBD para adaptador de clipe de bateria<\/span><\/p>\n<p><\/p>\n<p><strong><span style=\"font-size:16px;font-family:OpenSans\">KW890<\/span><\/strong><\/p>\n<p><span style=\"font-size:14px;font-family:OpenSans\">* KONNWEI KW890<\/span><br \/><span style=\"font-size:14px;font-family:OpenSans\">* Manual do usu\u00e1rio em ingl\u00eas<\/span><br \/><span style=\"font-size:14px;font-family:OpenSans\">* Bolsa de poli\u00e9ster<\/span><br \/><span style=\"font-size:14px;font-family:OpenSans\">* Cabo de clipe de bra\u00e7adeira de bateria<\/span><br \/><span style=\"font-size:14px;font-family:OpenSans\">* Cabo OBD2 de 16 pinos<\/span><br \/><span style=\"font-size:14px;font-family:OpenSans\">* Cabo USB para atualiza\u00e7\u00e3o e impress\u00e3o<\/span><br \/><img data-recalc-dims=\"1\" decoding=\"async\" src=\"https:\/\/i0.wp.com\/ae01.alicdn.com\/kf\/S5501830cb11d4a8181fbbdbb700584caO.jpg?w=1200&#038;ssl=1\"><img data-recalc-dims=\"1\" decoding=\"async\" src=\"https:\/\/i0.wp.com\/ae01.alicdn.com\/kf\/S78970cca43ec4bf5a978f72fa68419393.jpg?w=1200&#038;ssl=1\"><img data-recalc-dims=\"1\" decoding=\"async\" src=\"https:\/\/i0.wp.com\/ae01.alicdn.com\/kf\/S1ced49be6bba446cbc33ada0bbcbea09F.jpg?w=1200&#038;ssl=1\"><img data-recalc-dims=\"1\" decoding=\"async\" src=\"https:\/\/i0.wp.com\/ae01.alicdn.com\/kf\/S672539a96c6349bc92505c04b89a8523t.jpg?w=1200&#038;ssl=1\"><img data-recalc-dims=\"1\" decoding=\"async\" src=\"https:\/\/i0.wp.com\/ae01.alicdn.com\/kf\/S3c95646759bc41369bd8acefe3b588402.jpg?w=1200&#038;ssl=1\"><img data-recalc-dims=\"1\" decoding=\"async\" src=\"https:\/\/i0.wp.com\/ae01.alicdn.com\/kf\/S8eafd8b287974ffc8fe7d82988628597X.jpg?w=1200&#038;ssl=1\"><img data-recalc-dims=\"1\" decoding=\"async\" src=\"https:\/\/i0.wp.com\/ae01.alicdn.com\/kf\/S9fde4482755f465f8e6d0be9cac5bc45H.jpg?w=1200&#038;ssl=1\"><img data-recalc-dims=\"1\" decoding=\"async\" src=\"https:\/\/i0.wp.com\/ae01.alicdn.com\/kf\/Sea6f4c8a85a3483faebb306ebacec552F.jpg?w=1200&#038;ssl=1\"><img data-recalc-dims=\"1\" decoding=\"async\" src=\"https:\/\/i0.wp.com\/ae01.alicdn.com\/kf\/S1ffa2e05839d41b3825fbc2b8200f464v.jpg?w=1200&#038;ssl=1\"><img data-recalc-dims=\"1\" decoding=\"async\" src=\"https:\/\/i0.wp.com\/ae01.alicdn.com\/kf\/S01cc3715015d4d33b1eecb1c582ed2b6W.jpg?w=1200&#038;ssl=1\"><img data-recalc-dims=\"1\" decoding=\"async\" src=\"https:\/\/i0.wp.com\/ae01.alicdn.com\/kf\/Sf0c76179c9bf46d68c1c9a6569680b2eR.jpg?w=1200&#038;ssl=1\"><img data-recalc-dims=\"1\" decoding=\"async\" src=\"https:\/\/i0.wp.com\/ae01.alicdn.com\/kf\/Se3f7513db7044d0eada7e254d21b64a62.jpg?w=1200&#038;ssl=1\"><img data-recalc-dims=\"1\" decoding=\"async\" src=\"https:\/\/i0.wp.com\/ae01.alicdn.com\/kf\/Sac9e422ad41a40e38e9317aa4e81b8c1O.jpg?w=1200&#038;ssl=1\"><img data-recalc-dims=\"1\" decoding=\"async\" src=\"https:\/\/i0.wp.com\/ae01.alicdn.com\/kf\/S4120d4b0814842fbb30e4f7674ffb0f8z.jpg?w=1200&#038;ssl=1\"><img data-recalc-dims=\"1\" decoding=\"async\" src=\"https:\/\/i0.wp.com\/ae01.alicdn.com\/kf\/Sa8ef2ae61b5d4602b8656d7f95a362a29.jpg?w=1200&#038;ssl=1\"><img data-recalc-dims=\"1\" decoding=\"async\" src=\"https:\/\/i0.wp.com\/ae01.alicdn.com\/kf\/Sa27ba3593057499784b24992fa26ade5I.jpg?w=1200&#038;ssl=1\"><img data-recalc-dims=\"1\" decoding=\"async\" src=\"https:\/\/i0.wp.com\/ae01.alicdn.com\/kf\/S7fa5e90918cd4a32acd0424d9c719b469.jpg?w=1200&#038;ssl=1\"><img data-recalc-dims=\"1\" decoding=\"async\" src=\"https:\/\/i0.wp.com\/ae01.alicdn.com\/kf\/S5757b27b2db44455ba6e0b42e32b9341r.jpg?w=1200&#038;ssl=1\"><img data-recalc-dims=\"1\" decoding=\"async\" src=\"https:\/\/i0.wp.com\/ae01.alicdn.com\/kf\/Sccb31e1bee7a4066bb55ddea7d17c63aS.jpg?w=1200&#038;ssl=1\"><img data-recalc-dims=\"1\" decoding=\"async\" src=\"https:\/\/i0.wp.com\/ae01.alicdn.com\/kf\/S573e163568ca4711846659e8c62bf695O.jpg?w=1200&#038;ssl=1\"><img data-recalc-dims=\"1\" decoding=\"async\" src=\"https:\/\/i0.wp.com\/ae01.alicdn.com\/kf\/S4dc59b60104748e28566230bf209cedaL.jpg?w=1200&#038;ssl=1\"><img data-recalc-dims=\"1\" decoding=\"async\" src=\"https:\/\/i0.wp.com\/ae01.alicdn.com\/kf\/Sb6be1679dea940ad9e8c5280b3e4c668l.jpg?w=1200&#038;ssl=1\"><img data-recalc-dims=\"1\" decoding=\"async\" src=\"https:\/\/i0.wp.com\/ae01.alicdn.com\/kf\/S388e66c80a104099b56ffa33ccb38f33B.jpg?w=1200&#038;ssl=1\"><img data-recalc-dims=\"1\" decoding=\"async\" src=\"https:\/\/i0.wp.com\/ae01.alicdn.com\/kf\/S4b393262422b4ce384a3de49ceae58e59.jpg?w=1200&#038;ssl=1\"><img data-recalc-dims=\"1\" decoding=\"async\" src=\"https:\/\/i0.wp.com\/ae01.alicdn.com\/kf\/S045301f758954447b71fbcf91c0a2353i.jpg?w=1200&#038;ssl=1\"><img data-recalc-dims=\"1\" decoding=\"async\" src=\"https:\/\/i0.wp.com\/ae01.alicdn.com\/kf\/Sb9e817ad33924e11bd866e5e1323ec90r.jpg?w=1200&#038;ssl=1\"><img data-recalc-dims=\"1\" loading=\"lazy\" decoding=\"async\" width=\"944\" height=\"944\" src=\"https:\/\/i0.wp.com\/ae01.alicdn.com\/kf\/Sb3efaf848f7f45eda77fbdd3a70cf3e1g.jpg?resize=944%2C944&#038;ssl=1\"><img data-recalc-dims=\"1\" loading=\"lazy\" decoding=\"async\" width=\"944\" height=\"944\" src=\"https:\/\/i0.wp.com\/ae01.alicdn.com\/kf\/Se2f505c028eb438db937f549ebac2b79I.jpg?resize=944%2C944&#038;ssl=1\"><img data-recalc-dims=\"1\" decoding=\"async\" src=\"https:\/\/i0.wp.com\/ae01.alicdn.com\/kf\/Se4f91c9afc8c448fb7e0e5b22a502826i.jpg?w=1200&#038;ssl=1\"><img data-recalc-dims=\"1\" decoding=\"async\" src=\"https:\/\/i0.wp.com\/ae01.alicdn.com\/kf\/S1ae375b227ff46c78345a2a566bed23el.jpg?w=1200&#038;ssl=1\"><\/p>\n<p><\/p>\n<p><\/p>\n<p><\/div>\n<\/div>\n","protected":false},"excerpt":{"rendered":"<p>Dicas de compra: 1.KW870 \u00e9 um scanner 2 em 1, suporta diagn\u00f3stico + teste de bateria e pode suportar motocicletas de 6V 2.KW880 \u00e9 scanner 3 em 1, suporte para diagn\u00f3stico + teste de bateria + correspond\u00eancia de bateria 3.KW890 \u00e9 um scanner 3 em 1, suporte para diagn\u00f3stico + teste de bateria + redefini\u00e7\u00e3o&hellip;&nbsp;<\/p>\n","protected":false},"featured_media":32338,"template":"","meta":{"neve_meta_sidebar":"","neve_meta_container":"","neve_meta_enable_content_width":"","neve_meta_content_width":0,"neve_meta_title_alignment":"","neve_meta_author_avatar":"","neve_post_elements_order":"","neve_meta_disable_header":"","neve_meta_disable_footer":"","neve_meta_disable_title":""},"product_brand":[],"product_cat":[206,197,17],"product_tag":[],"class_list":{"0":"post-32344","1":"product","2":"type-product","3":"status-publish","4":"has-post-thumbnail","6":"product_cat-ferramentas-de-inspecao-ferramentas-de-manutencao-de-automoveis","7":"product_cat-ferramentas-de-manutencao-de-automoveis","8":"product_cat-pecas-e-acessorios-automotivos","10":"first","11":"instock","12":"shipping-taxable","13":"purchasable","14":"product-type-variable","15":"has-default-attributes"},"jetpack_sharing_enabled":true,"_links":{"self":[{"href":"https:\/\/listman.shop\/autoparts-br\/wp-json\/wp\/v2\/product\/32344","targetHints":{"allow":["GET"]}}],"collection":[{"href":"https:\/\/listman.shop\/autoparts-br\/wp-json\/wp\/v2\/product"}],"about":[{"href":"https:\/\/listman.shop\/autoparts-br\/wp-json\/wp\/v2\/types\/product"}],"wp:featuredmedia":[{"embeddable":true,"href":"https:\/\/listman.shop\/autoparts-br\/wp-json\/wp\/v2\/media\/32338"}],"wp:attachment":[{"href":"https:\/\/listman.shop\/autoparts-br\/wp-json\/wp\/v2\/media?parent=32344"}],"wp:term":[{"taxonomy":"product_brand","embeddable":true,"href":"https:\/\/listman.shop\/autoparts-br\/wp-json\/wp\/v2\/product_brand?post=32344"},{"taxonomy":"product_cat","embeddable":true,"href":"https:\/\/listman.shop\/autoparts-br\/wp-json\/wp\/v2\/product_cat?post=32344"},{"taxonomy":"product_tag","embeddable":true,"href":"https:\/\/listman.shop\/autoparts-br\/wp-json\/wp\/v2\/product_tag?post=32344"}],"curies":[{"name":"wp","href":"https:\/\/api.w.org\/{rel}","templated":true}]}}