{"id":32860,"date":"2025-03-12T08:25:27","date_gmt":"2025-03-11T23:25:27","guid":{"rendered":"https:\/\/listman.shop\/autoparts-br\/product\/1005008334667958\/"},"modified":"2026-04-14T13:31:08","modified_gmt":"2026-04-14T04:31:08","slug":"1005008334667958","status":"publish","type":"product","link":"https:\/\/listman.shop\/autoparts-br\/product\/1005008334667958\/","title":{"rendered":"Ferramenta de reparo de bico injetor diesel para Bosch 110 120 177 para resolver pequenas pr\u00e9-spray e baixas emiss\u00f5es"},"content":{"rendered":"<div class=\"detailmodule_html\">\n<div class=\"detail-desc-decorate-richtext\">\n<h1 style=\"text-align:center\" align=\"center\">Ferramenta de reparo do bico do injetor diesel para Bosch 110 120 177 para resolver pequenas pr\u00e9-pulver\u00e7\u00f5es e baixas emiss\u00f5es<\/h1>\n<p><\/p>\n<p>Especializada em lidar com quest\u00f5es de pequenas pr\u00e9-prayas e baixas emiss\u00f5es nos ve\u00edculos.<\/p>\n<p><img data-recalc-dims=\"1\" decoding=\"async\" src=\"https:\/\/i0.wp.com\/ae01.alicdn.com\/kf\/Se923a17f7399472db0c0605e3a477722c.jpg?w=1200&#038;ssl=1\"><img data-recalc-dims=\"1\" decoding=\"async\" src=\"https:\/\/i0.wp.com\/ae01.alicdn.com\/kf\/S1eb9a72cb02048b6bf4f0ef343cd8db2x.jpg?w=1200&#038;ssl=1\"><img data-recalc-dims=\"1\" decoding=\"async\" src=\"https:\/\/i0.wp.com\/ae01.alicdn.com\/kf\/S71bceaa0aa87421ba364f28bfe2231857.jpg?w=1200&#038;ssl=1\"><img data-recalc-dims=\"1\" decoding=\"async\" src=\"https:\/\/i0.wp.com\/ae01.alicdn.com\/kf\/S6b618fd821f348ea9add1d87edb8933cg.jpg?w=1200&#038;ssl=1\"><\/p>\n<p><\/p>\n<\/div>\n<\/div>\n","protected":false},"excerpt":{"rendered":"<p>Ferramenta de reparo do bico do injetor diesel para Bosch 110 120 177 para resolver pequenas pr\u00e9-pulver\u00e7\u00f5es e baixas emiss\u00f5es Especializada em lidar com quest\u00f5es de pequenas pr\u00e9-prayas e baixas emiss\u00f5es nos ve\u00edculos.<\/p>\n","protected":false},"featured_media":32856,"template":"","meta":{"neve_meta_sidebar":"","neve_meta_container":"","neve_meta_enable_content_width":"","neve_meta_content_width":0,"neve_meta_title_alignment":"","neve_meta_author_avatar":"","neve_post_elements_order":"","neve_meta_disable_header":"","neve_meta_disable_footer":"","neve_meta_disable_title":""},"product_brand":[],"product_cat":[197,201,17],"product_tag":[],"class_list":{"0":"post-32860","1":"product","2":"type-product","3":"status-publish","4":"has-post-thumbnail","6":"product_cat-ferramentas-de-manutencao-de-automoveis","7":"product_cat-ferramentas-de-mecanico-de-brinquedo-ferramentas-de-manutencao-de-automoveis","8":"product_cat-pecas-e-acessorios-automotivos","10":"first","11":"instock","12":"shipping-taxable","13":"purchasable","14":"product-type-variable","15":"has-default-attributes"},"jetpack_sharing_enabled":true,"_links":{"self":[{"href":"https:\/\/listman.shop\/autoparts-br\/wp-json\/wp\/v2\/product\/32860","targetHints":{"allow":["GET"]}}],"collection":[{"href":"https:\/\/listman.shop\/autoparts-br\/wp-json\/wp\/v2\/product"}],"about":[{"href":"https:\/\/listman.shop\/autoparts-br\/wp-json\/wp\/v2\/types\/product"}],"wp:featuredmedia":[{"embeddable":true,"href":"https:\/\/listman.shop\/autoparts-br\/wp-json\/wp\/v2\/media\/32856"}],"wp:attachment":[{"href":"https:\/\/listman.shop\/autoparts-br\/wp-json\/wp\/v2\/media?parent=32860"}],"wp:term":[{"taxonomy":"product_brand","embeddable":true,"href":"https:\/\/listman.shop\/autoparts-br\/wp-json\/wp\/v2\/product_brand?post=32860"},{"taxonomy":"product_cat","embeddable":true,"href":"https:\/\/listman.shop\/autoparts-br\/wp-json\/wp\/v2\/product_cat?post=32860"},{"taxonomy":"product_tag","embeddable":true,"href":"https:\/\/listman.shop\/autoparts-br\/wp-json\/wp\/v2\/product_tag?post=32860"}],"curies":[{"name":"wp","href":"https:\/\/api.w.org\/{rel}","templated":true}]}}