{"id":33137,"date":"2025-03-22T22:13:21","date_gmt":"2025-03-22T13:13:21","guid":{"rendered":"https:\/\/listman.shop\/autoparts-br\/product\/1005006602572277\/"},"modified":"2026-04-11T10:00:13","modified_gmt":"2026-04-11T01:00:13","slug":"1005006602572277","status":"publish","type":"product","link":"https:\/\/listman.shop\/autoparts-br\/product\/1005006602572277\/","title":{"rendered":"Feyree ev cabo de carregamento 16a\/32a 4kw\/8kw\/11kw\/22kw cabo de ve\u00edculo el\u00e9trico 5m tipo 2 evse esta\u00e7\u00e3o de carregamento f\u00eamea para macho plug"},"content":{"rendered":"<div class=\"detailmodule_html\">\n<div class=\"detail-desc-decorate-richtext\">\n<div>\n <span style=\"font-size:14px;font-family:arial, helvetica, sans-serif\"><strong id=\"tl_1\">Caracter&iacute;sticas:<\/strong><\/span>\n<\/div>\n<div>\n<p style=\"font-family:OpenSans;font-size:14px;font-weight:300;line-height:20px;white-space:pre-wrap;margin-bottom:12px\" class=\"detail-desc-decorate-content\"><span style=\"font-size:14px;font-family:arial, helvetica, sans-serif\" id=\"tl_2\">1.O plugue final do ve&iacute;culo &eacute; projetado de acordo com o padr&atilde;o IEC62196-2.<\/span><\/p>\n<p style=\"font-family:OpenSans;font-size:14px;font-weight:300;line-height:20px;white-space:pre-wrap;margin-bottom:12px\" class=\"detail-desc-decorate-content\"><span style=\"font-size:14px;font-family:arial, helvetica, sans-serif\" id=\"tl_3\">2.Plugue de carregamento: tratamento de chapeamento de prata, monitoramento de temperatura de estrutura de palheta especial.<\/span><\/p>\n<\/div>\n<div>\n<p style=\"font-family:OpenSans;font-size:14px;font-weight:300;line-height:20px;white-space:pre-wrap;margin-bottom:12px\" class=\"detail-desc-decorate-content\"><span style=\"font-size:14px;font-family:arial, helvetica, sans-serif\" id=\"tl_4\">3.Cabos: Nossos cabos s&atilde;o confort&aacute;veis ao toque, mais resistentes &agrave; abras&atilde;o e altas temperaturas.<\/span><\/p>\n<\/div>\n<div>\n<p style=\"font-family:OpenSans;font-size:14px;font-weight:300;line-height:20px;white-space:pre-wrap;margin-bottom:12px\" class=\"detail-desc-decorate-content\"><span style=\"font-size:14px;font-family:arial, helvetica, sans-serif\" id=\"tl_5\">\u2022 Vida mec&acirc;nica: conecte\/desconecte &gt; 10.000 vezes<\/span><\/p>\n<\/div>\n<div>\n<p style=\"font-family:OpenSans;font-size:14px;font-weight:300;line-height:20px;white-space:pre-wrap;margin-bottom:12px\" class=\"detail-desc-decorate-content\"><span style=\"font-size:14px;font-family:arial, helvetica, sans-serif\" id=\"tl_6\">\u2022 Impacto de for&ccedil;a externa: pode permitir queda de 1m e press&atilde;o de rodagem de ve&iacute;culo de 2t<\/span><\/p>\n<\/div>\n<div>\n<p style=\"font-family:OpenSans;font-size:14px;font-weight:300;line-height:20px;white-space:pre-wrap;margin-bottom:12px\" class=\"detail-desc-decorate-content\"><span style=\"font-size:14px;font-family:arial, helvetica, sans-serif\" id=\"tl_7\">\u2022 Material do pino: liga de cobre, banhado a prata<\/span><\/p>\n<\/div>\n<div>\n<p style=\"font-family:OpenSans;font-size:14px;font-weight:300;line-height:20px;white-space:pre-wrap;margin-bottom:12px\" class=\"detail-desc-decorate-content\"><span style=\"font-size:14px;font-family:arial, helvetica, sans-serif\" id=\"tl_8\">\u2022 Classifica&ccedil;&atilde;o de fogo da caixa: UL94V-0.<\/span><\/p>\n<\/div>\n<div>\n<p style=\"font-family:OpenSans;font-size:14px;font-weight:300;line-height:20px;white-space:pre-wrap;margin-bottom:12px\" class=\"detail-desc-decorate-content\"><span style=\"font-size:14px;font-family:arial, helvetica, sans-serif\" id=\"tl_9\">\u2022 Grau IP: IP66<\/span><\/p>\n<\/div>\n<div>\n<p style=\"font-family:OpenSans;font-size:14px;font-weight:300;line-height:20px;white-space:pre-wrap;margin-bottom:12px\" class=\"detail-desc-decorate-content\"><span style=\"font-size:14px;font-family:arial, helvetica, sans-serif\" id=\"tl_10\">\u2022 Temperatura de trabalho: -30 &deg; C ~ 55 &deg; C<\/span><\/p>\n<div>\n  <br \/> \n <\/div>\n<div>\n  <img data-recalc-dims=\"1\" decoding=\"async\" src=\"https:\/\/i0.wp.com\/ae01.alicdn.com\/kf\/S04bcb9b684254806b9dc848033d5ea77Q.jpg?w=1200&#038;ssl=1\" \/>\n <\/div>\n<div>\n   &nbsp;\n <\/div>\n<div>\n  <img data-recalc-dims=\"1\" decoding=\"async\" src=\"https:\/\/i0.wp.com\/ae01.alicdn.com\/kf\/S852fd201a2ac4750acac98e836a4810bF.jpg?w=1200&#038;ssl=1\" \/>\n <\/div>\n<div>\n   &nbsp;\n <\/div>\n<div>\n  <img data-recalc-dims=\"1\" decoding=\"async\" src=\"https:\/\/i0.wp.com\/ae01.alicdn.com\/kf\/S5dcb617f38bf41d4a18f9666d3d24217V.jpg?w=1200&#038;ssl=1\" \/>\n <\/div>\n<div>\n   &nbsp;\n <\/div>\n<div>\n  <img data-recalc-dims=\"1\" decoding=\"async\" src=\"https:\/\/i0.wp.com\/ae01.alicdn.com\/kf\/See5dccc5d73b4982ac7dc5c3d65105e2C.jpg?w=1200&#038;ssl=1\" \/>\n <\/div>\n<div>\n   &nbsp;\n <\/div>\n<div>\n  <img data-recalc-dims=\"1\" decoding=\"async\" src=\"https:\/\/i0.wp.com\/ae01.alicdn.com\/kf\/S62a23fc4969f4acc8426a474c43adb52d.jpg?w=1200&#038;ssl=1\" \/>\n <\/div>\n<div>\n   &nbsp;\n <\/div>\n<div>\n  <img data-recalc-dims=\"1\" decoding=\"async\" src=\"https:\/\/i0.wp.com\/ae01.alicdn.com\/kf\/Sca4133d3de5e4640a16ee6d4b5f8dc7es.jpg?w=1200&#038;ssl=1\" \/>\n <\/div>\n<div>\n   &nbsp;\n <\/div>\n<div>\n  <img data-recalc-dims=\"1\" decoding=\"async\" src=\"https:\/\/i0.wp.com\/ae01.alicdn.com\/kf\/Sea080989b6aa43259b0373e6b63fad81p.jpg?w=1200&#038;ssl=1\" \/>\n <\/div>\n<div>\n   &nbsp;\n <\/div>\n<div>\n  <img data-recalc-dims=\"1\" decoding=\"async\" src=\"https:\/\/i0.wp.com\/ae01.alicdn.com\/kf\/S548aee5d99614ed78c1230f1aae22e369.png?w=1200&#038;ssl=1\" \/>\n <\/div>\n<div>\n   &nbsp;\n <\/div>\n<div>\n  <img data-recalc-dims=\"1\" decoding=\"async\" src=\"https:\/\/i0.wp.com\/ae01.alicdn.com\/kf\/S40d996814830489b8fe45bc623c3e21ek.jpg?w=1200&#038;ssl=1\" \/>\n <\/div>\n<\/div>\n<p><img data-recalc-dims=\"1\" decoding=\"async\" src=\"https:\/\/i0.wp.com\/ae01.alicdn.com\/kf\/S468210048d3243c9b8d8535779454869o.jpg?w=1200&#038;ssl=1\" \/><img data-recalc-dims=\"1\" decoding=\"async\" src=\"https:\/\/i0.wp.com\/ae01.alicdn.com\/kf\/Sd5dfb63de98841368964c0895946f4cc9.jpg?w=1200&#038;ssl=1\" \/><img data-recalc-dims=\"1\" decoding=\"async\" src=\"https:\/\/i0.wp.com\/ae01.alicdn.com\/kf\/Sc5cf24042e0642a28b54e6909d4c7237T.jpg?w=1200&#038;ssl=1\" \/><\/p>\n<p><\/div>\n<\/div>\n","protected":false},"excerpt":{"rendered":"<p>Caracter&iacute;sticas: 1.O plugue final do ve&iacute;culo &eacute; projetado de acordo com o padr&atilde;o IEC62196-2. 2.Plugue de carregamento: tratamento de chapeamento de prata, monitoramento de temperatura de estrutura de palheta especial. 3.Cabos: Nossos cabos s&atilde;o confort&aacute;veis ao toque, mais resistentes &agrave; abras&atilde;o e altas temperaturas. \u2022 Vida mec&acirc;nica: conecte\/desconecte &gt; 10.000 vezes \u2022 Impacto de for&ccedil;a&hellip;&nbsp;<\/p>\n","protected":false},"featured_media":33131,"template":"","meta":{"neve_meta_sidebar":"","neve_meta_container":"","neve_meta_enable_content_width":"","neve_meta_content_width":0,"neve_meta_title_alignment":"","neve_meta_author_avatar":"","neve_post_elements_order":"","neve_meta_disable_header":"","neve_meta_disable_footer":"","neve_meta_disable_title":""},"product_brand":[],"product_cat":[31,17,143],"product_tag":[],"class_list":{"0":"post-33137","1":"product","2":"type-product","3":"status-publish","4":"has-post-thumbnail","6":"product_cat-novo-veiculo-de-energia-pecas-acessorios","7":"product_cat-pecas-e-acessorios-automotivos","8":"product_cat-unidades-de-carregamento-de-veiculos-electricos-acessorios","10":"first","11":"instock","12":"shipping-taxable","13":"purchasable","14":"product-type-variable","15":"has-default-attributes"},"jetpack_sharing_enabled":true,"_links":{"self":[{"href":"https:\/\/listman.shop\/autoparts-br\/wp-json\/wp\/v2\/product\/33137","targetHints":{"allow":["GET"]}}],"collection":[{"href":"https:\/\/listman.shop\/autoparts-br\/wp-json\/wp\/v2\/product"}],"about":[{"href":"https:\/\/listman.shop\/autoparts-br\/wp-json\/wp\/v2\/types\/product"}],"wp:featuredmedia":[{"embeddable":true,"href":"https:\/\/listman.shop\/autoparts-br\/wp-json\/wp\/v2\/media\/33131"}],"wp:attachment":[{"href":"https:\/\/listman.shop\/autoparts-br\/wp-json\/wp\/v2\/media?parent=33137"}],"wp:term":[{"taxonomy":"product_brand","embeddable":true,"href":"https:\/\/listman.shop\/autoparts-br\/wp-json\/wp\/v2\/product_brand?post=33137"},{"taxonomy":"product_cat","embeddable":true,"href":"https:\/\/listman.shop\/autoparts-br\/wp-json\/wp\/v2\/product_cat?post=33137"},{"taxonomy":"product_tag","embeddable":true,"href":"https:\/\/listman.shop\/autoparts-br\/wp-json\/wp\/v2\/product_tag?post=33137"}],"curies":[{"name":"wp","href":"https:\/\/api.w.org\/{rel}","templated":true}]}}