{"id":33262,"date":"2025-03-22T22:17:15","date_gmt":"2025-03-22T13:17:15","guid":{"rendered":"https:\/\/listman.shop\/autoparts-br\/product\/1005007519013658\/"},"modified":"2026-04-08T02:09:18","modified_gmt":"2026-04-07T17:09:18","slug":"1005007519013658","status":"publish","type":"product","link":"https:\/\/listman.shop\/autoparts-br\/product\/1005007519013658\/","title":{"rendered":"3-15v 3-100a 12v 100a 60a carregador ajust\u00e1vel 14.6v 100a 12.6v 50a 20a pol\u00edmero de l\u00edtio para bateria de \u00edon de l\u00edtio bateria de chumbo-\u00e1cido"},"content":{"rendered":"<div class=\"detailmodule_html\">\n<div class=\"detail-desc-decorate-richtext\">\n<div id=\"tl_1\">\n  \u3010Nota\u3011 A carga total pode ser alcan&ccedil;ada somente quando a tens&atilde;o de sa&iacute;da estiver entre 220v &#8211; 240v.Para carregadores com corrente de sa&iacute;da de 100A ou mais, quando a tens&atilde;o de entrada &eacute; 110V, a pot&ecirc;ncia de carregamento s&oacute; pode atingir 60%. <\/p>\n<p>Modo de dissipa&ccedil;&atilde;o de calor: resfriamento a ar (ventilador de resfriamento embutido, a velocidade aumenta com a temperatura)\n<\/p><\/div>\n<div id=\"tl_2\">\n  Acess&oacute;rios: Para carregador 60A, h&aacute; dois fios e clipes positivos e negativos inclu&iacute;dos.<br \/>\n <span style=\"font-size:22px\">(Os acess&oacute;rios incluem: 1 carregador, 1 cabo de entrada)<\/span>os fios de sa&iacute;da devem ser fios de silicone 80A de alta qualidade.\n<\/div>\n<div>\n  &nbsp;\n<\/div>\n<div id=\"tl_3\">\n  AVISO: N&atilde;o inverta os p&oacute;los positivo e negativo da bateria (vermelho para p&oacute;lo positivo e preto para p&oacute;lo negativo)\n<\/div>\n<div id=\"tl_4\">\n  Uso:\n<\/div>\n<div id=\"tl_5\">\n  Primeiro passo: Em primeiro lugar, n&atilde;o conecte a bateria ao carregador, ligue a fonte de alimenta&ccedil;&atilde;o, ajuste o bot&atilde;o de tens&atilde;o para ajustar a tens&atilde;o, consulte a exibi&ccedil;&atilde;o de tens&atilde;o na tela de exibi&ccedil;&atilde;o (4S LiFePo4: 3.65V *4= 14.6V, &iacute;on de l&iacute;tio 3S: 4.2V *3=12.6V), ajuste &agrave; tens&atilde;o necess&aacute;ria.\n<\/div>\n<div>\n  &nbsp;\n<\/div>\n<div id=\"tl_6\">\n  Segundo passo: ajuste a corrente ao m&iacute;nimo, ap&oacute;s conectar a bateria, ajuste a corrente de pequeno a grande, ajuste &agrave; corrente necess&aacute;ria.(No processo de carregamento, n&atilde;o ajuste o bot&atilde;o de tens&atilde;o, caso contr&aacute;rio haver&aacute; sobrecarga ou subcarga)\n<\/div>\n<div id=\"tl_7\">\n  Se mostrar a tens&atilde;o definida e a corrente chegar a zero, j&aacute; est&aacute; totalmente carregada\n<\/div>\n<div id=\"tl_8\">\n  Notas para carregamento de bateria de chumbo-&aacute;cido:\n<\/div>\n<div id=\"tl_9\">\n  As baterias de chumbo-&aacute;cido n&atilde;o suportam carregamento de alta corrente.Por favor, use 1\/10 de capacidade de carregamento de corrente.\n<\/div>\n<div id=\"tl_10\">\n  Por exemplo: bateria de chumbo-&aacute;cido 100A, para usar carregamento de corrente 10A!O tempo deve durar de 8 a 10 horas, se o carregamento for muito r&aacute;pido, a corrente ser&aacute; muito grande para danificar a bateria.As baterias de chumbo-&aacute;cido podem ser carregadas em cerca de 14,4 volts.Dependendo das diferentes marcas da bateria, a tens&atilde;o varia ligeiramente, consulte as instru&ccedil;&otilde;es da etiqueta da bateria.<br \/>\n <img data-recalc-dims=\"1\" decoding=\"async\" src=\"https:\/\/i0.wp.com\/ae01.alicdn.com\/kf\/S89b7cba4f10d424fb6c1b19fb865c4deV.jpg?w=1200&#038;ssl=1\" style=\"display: initial;width: 800px;height: 800px\" \/><br \/>\n <img data-recalc-dims=\"1\" decoding=\"async\" src=\"https:\/\/i0.wp.com\/ae01.alicdn.com\/kf\/Se0fee54a3539472bbb735d3a9f1154c0k.jpg?w=1200&#038;ssl=1\" style=\"display: initial;width: 800px;height: 800px\" \/>\n<\/div>\n<div id=\"tl_11\">\n  Par&acirc;metros do carregador\n<\/div>\n<div id=\"tl_12\">\n  Descri&ccedil;&atilde;o 60A:\n<\/div>\n<div id=\"tl_13\">\n  Carregador de fosfato de ferro-l&iacute;tio 14,6 V 12,6 V 60 A, l&iacute;tio tern&aacute;rio, chumbo-&aacute;cido, carregador RV, fonte de alimenta&ccedil;&atilde;o de programa&ccedil;&atilde;o de carro,\n<\/div>\n<div id=\"tl_14\">\n  Modifica&ccedil;&atilde;o da fonte de alimenta&ccedil;&atilde;o de servi&ccedil;o, alta efici&ecirc;ncia,\n<\/div>\n<div id=\"tl_15\">\n  Tens&atilde;o de entrada: 110-240V CA,\n<\/div>\n<div id=\"tl_16\">\n  Tens&atilde;o de sa&iacute;da: 5-15V DC ajust&aacute;vel,\n<\/div>\n<div id=\"tl_17\">\n  Corrente de sa&iacute;da: 2-60A ajust&aacute;vel,\n<\/div>\n<div id=\"tl_18\">\n  Precis&atilde;o de tens&atilde;o: 0,1 V\n<\/div>\n<div id=\"tl_19\">\n  Precis&atilde;o atual: 1,6%+-0,3A (1-2A)\n<\/div>\n<div id=\"tl_20\">\n  Adequado para carregamento de bateria de 8-15V,\n<\/div>\n<div id=\"tl_21\">\n  Introdu&ccedil;&atilde;o 100A:\n<\/div>\n<div id=\"tl_22\">\n  12,6 V, 14,6 V 100 A fonte de alimenta&ccedil;&atilde;o regulada programada automotiva, carregador de fosfato de ferro-l&iacute;tio s&eacute;rie 4, carregador de l&iacute;tio tern&aacute;rio s&eacute;rie 3, carregador de bateria de chumbo-&aacute;cido,\n<\/div>\n<div id=\"tl_23\">\n  Tens&atilde;o de entrada: CA 110-240V 50-60Hz\n<\/div>\n<div id=\"tl_24\">\n  Tens&atilde;o de sa&iacute;da: DC 3-15V ajust&aacute;vel\n<\/div>\n<div id=\"tl_25\">\n  Corrente de sa&iacute;da: 3-100A ajust&aacute;vel (apenas tens&atilde;o constante de corrente constante pode ser usada como carregador)\n<\/div>\n<div id=\"tl_26\">\n  Pot&ecirc;ncia nominal: sa&iacute;da de 1200W\n<\/div>\n<div id=\"tl_27\">\n  Pot&ecirc;ncia de pico: Sa&iacute;da 1500W\n<\/div>\n<div id=\"tl_28\">\n  Precis&atilde;o do erro de tens&atilde;o: +-0,1V\n<\/div>\n<div id=\"tl_29\">\n  Precis&atilde;o do erro atual: +-2A\n<\/div>\n<div id=\"tl_30\">\n  Modo de carregamento: corrente constante ap&oacute;s tens&atilde;o constante, corrente total retorna automaticamente a zero, exibi&ccedil;&atilde;o atual 0 est&aacute; cheia\n<\/div>\n<div id=\"tl_31\">\n  Modo de prote&ccedil;&atilde;o: sa&iacute;da de corrente constante quando o clipe positivo ou negativo estiver em curto-circuito, n&atilde;o use por muito tempo\n<\/div>\n<div id=\"tl_32\">\n  Modo de carregamento: primeiro corrente constante e depois tens&atilde;o constante, a tens&atilde;o do processo de carregamento &eacute; primeiro baixa e depois alta, a corrente diminui gradualmente, a corrente total &eacute; carga de parada zero, mude para espera.\n<\/div>\n<div id=\"tl_33\">\n  Instru&ccedil;&otilde;es de carregamento: regula&ccedil;&atilde;o de tens&atilde;o quando sem carga, regula&ccedil;&atilde;o de corrente com carga, sem regula&ccedil;&atilde;o de tens&atilde;o durante o carregamento,\n<\/div>\n<div id=\"tl_34\">\n  Nota: o inv&oacute;lucro do carregador &eacute; comunicado com o eletrodo negativo, n&atilde;o toque no eletrodo positivo da bateria, caso contr&aacute;rio ir&aacute; fa&iacute;scar e danificar o carregador!\n<\/div>\n<div id=\"tl_35\">\n  Os p&oacute;los positivo e negativo n&atilde;o podem ser invertidos e o reverso ser&aacute; quebrado!O oposto ser&aacute; ruim!O oposto ser&aacute; ruim!\n<\/div>\n<div>\n  &nbsp;\n<\/div>\n<div id=\"tl_36\">\n  A linha de sa&iacute;da &eacute; feita de fio de silicone resistente a altas temperaturas, que pode funcionar 60A\/100A, o comprimento da linha &eacute; de cerca de 40CM e o clipe &eacute; de cerca de 10CM.<br \/>\n <img data-recalc-dims=\"1\" decoding=\"async\" src=\"https:\/\/i0.wp.com\/ae01.alicdn.com\/kf\/Sba7ebc5a69284ee6a41cd4b7728db939E.jpg?w=1200&#038;ssl=1\" \/><br \/>\n <img data-recalc-dims=\"1\" decoding=\"async\" src=\"https:\/\/i0.wp.com\/ae01.alicdn.com\/kf\/S5b0eba9eb02f46a697ed6d654fea02dba.jpg?w=1200&#038;ssl=1\" \/><br \/>\n <img data-recalc-dims=\"1\" decoding=\"async\" src=\"https:\/\/i0.wp.com\/ae01.alicdn.com\/kf\/S8bf029f407dd4282ae290c93c03c1ce6I.jpg?w=1200&#038;ssl=1\" \/>\n<\/div>\n<div>\n <img data-recalc-dims=\"1\" decoding=\"async\" src=\"https:\/\/i0.wp.com\/ae01.alicdn.com\/kf\/S38ede1154af040008b7df2295155cba1I.jpg?w=1200&#038;ssl=1\" \/>\n<\/div>\n<\/p><\/div>\n<\/div>\n","protected":false},"excerpt":{"rendered":"<p>\u3010Nota\u3011 A carga total pode ser alcan&ccedil;ada somente quando a tens&atilde;o de sa&iacute;da estiver entre 220v &#8211; 240v.Para carregadores com corrente de sa&iacute;da de 100A ou mais, quando a tens&atilde;o de entrada &eacute; 110V, a pot&ecirc;ncia de carregamento s&oacute; pode atingir 60%. Modo de dissipa&ccedil;&atilde;o de calor: resfriamento a ar (ventilador de resfriamento embutido, a&hellip;&nbsp;<\/p>\n","protected":false},"featured_media":33256,"template":"","meta":{"neve_meta_sidebar":"","neve_meta_container":"","neve_meta_enable_content_width":"","neve_meta_content_width":0,"neve_meta_title_alignment":"","neve_meta_author_avatar":"","neve_post_elements_order":"","neve_meta_disable_header":"","neve_meta_disable_footer":"","neve_meta_disable_title":""},"product_brand":[],"product_cat":[31,146,17],"product_tag":[],"class_list":{"0":"post-33262","1":"product","2":"type-product","3":"status-publish","4":"has-post-thumbnail","6":"product_cat-novo-veiculo-de-energia-pecas-acessorios","7":"product_cat-pecas-de-veiculos-eletricos","8":"product_cat-pecas-e-acessorios-automotivos","10":"first","11":"instock","12":"shipping-taxable","13":"purchasable","14":"product-type-variable","15":"has-default-attributes"},"jetpack_sharing_enabled":true,"_links":{"self":[{"href":"https:\/\/listman.shop\/autoparts-br\/wp-json\/wp\/v2\/product\/33262","targetHints":{"allow":["GET"]}}],"collection":[{"href":"https:\/\/listman.shop\/autoparts-br\/wp-json\/wp\/v2\/product"}],"about":[{"href":"https:\/\/listman.shop\/autoparts-br\/wp-json\/wp\/v2\/types\/product"}],"wp:featuredmedia":[{"embeddable":true,"href":"https:\/\/listman.shop\/autoparts-br\/wp-json\/wp\/v2\/media\/33256"}],"wp:attachment":[{"href":"https:\/\/listman.shop\/autoparts-br\/wp-json\/wp\/v2\/media?parent=33262"}],"wp:term":[{"taxonomy":"product_brand","embeddable":true,"href":"https:\/\/listman.shop\/autoparts-br\/wp-json\/wp\/v2\/product_brand?post=33262"},{"taxonomy":"product_cat","embeddable":true,"href":"https:\/\/listman.shop\/autoparts-br\/wp-json\/wp\/v2\/product_cat?post=33262"},{"taxonomy":"product_tag","embeddable":true,"href":"https:\/\/listman.shop\/autoparts-br\/wp-json\/wp\/v2\/product_tag?post=33262"}],"curies":[{"name":"wp","href":"https:\/\/api.w.org\/{rel}","templated":true}]}}