{"id":33826,"date":"2025-03-22T22:55:34","date_gmt":"2025-03-22T13:55:34","guid":{"rendered":"https:\/\/listman.shop\/autoparts-br\/product\/1005005616074810\/"},"modified":"2026-05-04T19:06:08","modified_gmt":"2026-05-04T10:06:08","slug":"1005005616074810","status":"publish","type":"product","link":"https:\/\/listman.shop\/autoparts-br\/product\/1005005616074810\/","title":{"rendered":"NEVOSA MR 732119   Para 1996-2007 Mitsubishi L200 Interruptor de controle de janela el\u00e9trica Bot\u00e3o levantador MR 194826   SOR 587942 513938"},"content":{"rendered":"<div class=\"detailmodule_html\">\n<div class=\"detail-desc-decorate-richtext\">\n<div class=\"detailmodule_html\">\n<div class=\"detail-desc-decorate-richtext\">\n<div><\/div>\n<p><img data-recalc-dims=\"1\" decoding=\"async\" style=\"width:944px;height:138px\"   src=\"https:\/\/i0.wp.com\/ae01.alicdn.com\/kf\/S92d2ea29c0844cb8980fa3d84ebfd0ddL.jpg?w=1200&#038;ssl=1\"><\/p>\n<p><img data-recalc-dims=\"1\" decoding=\"async\" style=\"width:407px;height:79px\"   src=\"https:\/\/i0.wp.com\/ae01.alicdn.com\/kf\/Sc9576f68d1884032ae20e4061fb97d61h.jpg?w=1200&#038;ssl=1\"><\/p>\n<p><span style=\"font-size:18px\"><span><span><span style=\", times, serif\">Tipo de produto: interruptor de controle de janela<\/span><\/span><\/span><\/span><\/p>\n<p><span style=\"font-size:20px;, times, serif\"><span style=\"font-size:20px;, times, serif\"><strong>14 pinos:-<\/strong><\/span><\/span><span style=\"font-size:20px;, times, serif\"><span style=\"font-size:20px;, times, serif\"><strong>OE No.: MR732119; MR732118,MR732116<\/strong><\/span><\/span><\/p>\n<p><span style=\"font-size:20px;, times, serif\"><span style=\"font-size:20px;, times, serif\"><strong>10 pinos:<\/strong><\/span><\/span><span style=\"font-size:20px;, times, serif\"><span style=\"font-size:20px;, times, serif\"><strong>-OE No.: MR194826-LHD; MR587942\uff1b513938<\/strong><\/span><\/span><\/p>\n<p><span style=\"font-size:18px\"><span><span><span style=\", times, serif\">Qualidade: 100% Teste<\/span><\/span><\/span><\/span><\/p>\n<p><span style=\"font-size:18px\"><span><span><span style=\", times, serif\">Posi\u00e7\u00e3o de montagem: janela lateral do motorista<\/span><\/span><\/span><\/span><\/p>\n<p><span style=\"font-size:18px\"><span><span><span style=\", times, serif\">Tamanho: substitui\u00e7\u00e3o OEM<\/span><\/span><\/span><\/span><\/p>\n<p><span style=\"font-size:18px\"><span><span><span style=\", times, serif\">Material: pl\u00e1stico PP e pl\u00e1stico ABS<\/span><\/span><\/span><\/span><\/p>\n<p><span style=\"font-size:18px\"><span><span><span style=\", times, serif\">M\u00e9todo de instala\u00e7\u00e3o: estilo plug and play diretamente<\/span><\/span><\/span><\/span><\/p>\n<div><\/div>\n<p><img data-recalc-dims=\"1\" decoding=\"async\" style=\"width:424px;height:77px\"   src=\"https:\/\/i0.wp.com\/ae01.alicdn.com\/kf\/Sac46a8beb2d34a2d96207015b9bfba59t.jpg?w=1200&#038;ssl=1\"><\/p>\n<p><span style=\"font-size:18px\"><span><span><span style=\", times, serif\">Aten\u00e7\u00e3o: A \u00fanica maneira de ter 100% de certeza de que a pe\u00e7a caber\u00e1 no seu ve\u00edculo \u00e9 verificar o n\u00famero da pe\u00e7a original.<\/span><\/span><\/span><\/span><\/p>\n<p><span style=\"font-size:18px\"><span><span><span style=\", times, serif\">Caracter\u00edsticas:<\/span><\/span><\/span><\/span><\/p>\n<p><span style=\"font-size:18px\"><span><span><span style=\", times, serif\">&#8211;Material ABS ambiental, anti-queima, resist\u00eancia ao calor, resist\u00eancia ao impacto e excelentes propriedades el\u00e9tricas para uma longa vida \u00fatil.<\/span><\/span><\/span><\/span><\/p>\n<p><span style=\"font-size:18px\"><span><span><span style=\", times, serif\">-Alta sensibilidade, instala\u00e7\u00e3o simples, sem necessidade de programa\u00e7\u00e3o, conecta-se diretamente ao chicote el\u00e9trico do seu ve\u00edculo, cabe perfeitamente no seu carro.<\/span><\/span><\/span><\/span><\/p>\n<p><span style=\"font-size:18px\"><span><span><span style=\", times, serif\">&#8212; Todos os nossos produtos foram testados e enviados sob a condi\u00e7\u00e3o de serem aplic\u00e1veis.Se o interruptor da janela apresentar algum problema, basta entrar em contato conosco para lhe dar uma solu\u00e7\u00e3o satisfat\u00f3ria.<\/span><\/span><\/span><\/span><\/p>\n<p><img data-recalc-dims=\"1\" decoding=\"async\" style=\"width:394px;height:81px\"   src=\"https:\/\/i0.wp.com\/ae01.alicdn.com\/kf\/Sefadbc94615b4c7bb5fda97248b22d44V.jpg?w=1200&#038;ssl=1\"><\/p>\n<div><\/div>\n<p><span style=\"font-size:22px;, times, serif\"><strong>OE: MR732119<\/strong><\/span><\/p>\n<p><span style=\"font-size:20px;, times, serif\"><span style=\", times, serif\">Para 1996-2007 Mitsubishi L200 Europa K74T<br \/>Para 1996-2007 Mitsubishi L200 Europa K64T<br \/>Para 1996-2007 Mitsubishi L200 Geral (EXPORTA\u00c7\u00c3O) K62T<\/span><\/span><\/p>\n<div><\/div>\n<div class=\"detailmodule_html\">\n<div class=\"detail-desc-decorate-richtext\">\n<p><span style=\"font-size:22px;, times, serif\"><strong>OE: MR194826<\/strong><\/span><\/p>\n<p><span style=\"font-size:20px;, times, serif\">Para L200 1999-2012<br \/><\/span><\/p>\n<div class=\"detailmodule_html\">\n<div class=\"detail-desc-decorate-richtext\">\n<div class=\"detailmodule_html\">\n<div class=\"detail-desc-decorate-richtext\">\n<p><span style=\"font-size:20px;, times, serif\">Para Pijama 1994-2004<br \/><\/span><\/p>\n<div class=\"detailmodule_html\">\n<div class=\"detail-desc-decorate-richtext\">\n<div class=\"detailmodule_html\">\n<div class=\"detail-desc-decorate-richtext\">\n<p><span style=\"font-size:20px;, times, serif\">Para Olander de 2001 a 2008<br \/><\/span><\/p>\n<div class=\"detailmodule_html\">\n<div class=\"detail-desc-decorate-richtext\">\n<div class=\"detailmodule_html\">\n<div class=\"detail-desc-decorate-richtext\">\n<p><span style=\"font-size:20px;, times, serif\">Para colt lancer 1995-2003<\/span><\/p>\n<\/div>\n<\/div>\n<\/div>\n<\/div>\n<\/div>\n<\/div>\n<\/div>\n<\/div>\n<\/div>\n<\/div>\n<\/div>\n<\/div>\n<\/div>\n<\/div>\n<div><\/div>\n<p><img data-recalc-dims=\"1\" decoding=\"async\" style=\"width:944px;height:137px\"   src=\"https:\/\/i0.wp.com\/ae01.alicdn.com\/kf\/S018a698a5cbd4aa6a64bebe01e08bbffT.jpg?w=1200&#038;ssl=1\"><\/p>\n<div><\/div>\n<p><img data-recalc-dims=\"1\" decoding=\"async\" src=\"https:\/\/i0.wp.com\/ae01.alicdn.com\/kf\/S9cf3295d15d14b4aa43dac0ee45a625dV.jpg?w=1200&#038;ssl=1\"><img data-recalc-dims=\"1\" decoding=\"async\" src=\"https:\/\/i0.wp.com\/ae01.alicdn.com\/kf\/Sb189a725fd9a4eab956296496f4e16aeW.jpg?w=1200&#038;ssl=1\"><img data-recalc-dims=\"1\" decoding=\"async\" src=\"https:\/\/i0.wp.com\/ae03.alicdn.com\/kf\/S5e7a5f6f4298448fbf5fa671c9096a194.jpg?w=1200&#038;ssl=1\"><img data-recalc-dims=\"1\" decoding=\"async\" src=\"https:\/\/i0.wp.com\/ae03.alicdn.com\/kf\/Sd84477b886e04828a4442b88212d2798E.jpg?w=1200&#038;ssl=1\"><img data-recalc-dims=\"1\" decoding=\"async\" src=\"https:\/\/i0.wp.com\/ae03.alicdn.com\/kf\/Sd2581b6f89eb4dbf85b0518ecfcba403V.jpg?w=1200&#038;ssl=1\"><img data-recalc-dims=\"1\" decoding=\"async\" src=\"https:\/\/i0.wp.com\/ae03.alicdn.com\/kf\/S87fc684c73be42a7b1c66b3cc4b62d60G.jpg?w=1200&#038;ssl=1\"><img data-recalc-dims=\"1\" decoding=\"async\" src=\"https:\/\/i0.wp.com\/ae03.alicdn.com\/kf\/Sff8f3992e54a409884f571e82aba1679I.jpg?w=1200&#038;ssl=1\"><img data-recalc-dims=\"1\" decoding=\"async\" src=\"https:\/\/i0.wp.com\/ae03.alicdn.com\/kf\/Sd70240842f5342fba1b3a3dbe990e775y.jpg?w=1200&#038;ssl=1\"><\/p>\n<div>\n<\/div>\n<p><img data-recalc-dims=\"1\" decoding=\"async\" style=\"width:944px;height:4385px\"   src=\"https:\/\/i0.wp.com\/ae01.alicdn.com\/kf\/S6399856b7e2e42929575a33e7f09ca89Y.jpg?w=1200&#038;ssl=1\"><\/p>\n<div>\n<\/div>\n<\/div>\n<\/div>\n<p><\/p>\n<\/div>\n<\/div>\n","protected":false},"excerpt":{"rendered":"<p>Tipo de produto: interruptor de controle de janela 14 pinos:-OE No.: MR732119; MR732118,MR732116 10 pinos:-OE No.: MR194826-LHD; MR587942\uff1b513938 Qualidade: 100% Teste Posi\u00e7\u00e3o de montagem: janela lateral do motorista Tamanho: substitui\u00e7\u00e3o OEM Material: pl\u00e1stico PP e pl\u00e1stico ABS M\u00e9todo de instala\u00e7\u00e3o: estilo plug and play diretamente Aten\u00e7\u00e3o: A \u00fanica maneira de ter 100% de certeza de&hellip;&nbsp;<\/p>\n","protected":false},"featured_media":33820,"template":"","meta":{"neve_meta_sidebar":"","neve_meta_container":"","neve_meta_enable_content_width":"","neve_meta_content_width":0,"neve_meta_title_alignment":"","neve_meta_author_avatar":"","neve_post_elements_order":"","neve_meta_disable_header":"","neve_meta_disable_footer":"","neve_meta_disable_title":""},"product_brand":[],"product_cat":[43,22,17],"product_tag":[],"class_list":{"0":"post-33826","1":"product","2":"type-product","3":"status-publish","4":"has-post-thumbnail","6":"product_cat-interruptores-e-controles","7":"product_cat-partes-interiores","8":"product_cat-pecas-e-acessorios-automotivos","10":"first","11":"instock","12":"shipping-taxable","13":"purchasable","14":"product-type-variable","15":"has-default-attributes"},"jetpack_sharing_enabled":true,"_links":{"self":[{"href":"https:\/\/listman.shop\/autoparts-br\/wp-json\/wp\/v2\/product\/33826","targetHints":{"allow":["GET"]}}],"collection":[{"href":"https:\/\/listman.shop\/autoparts-br\/wp-json\/wp\/v2\/product"}],"about":[{"href":"https:\/\/listman.shop\/autoparts-br\/wp-json\/wp\/v2\/types\/product"}],"wp:featuredmedia":[{"embeddable":true,"href":"https:\/\/listman.shop\/autoparts-br\/wp-json\/wp\/v2\/media\/33820"}],"wp:attachment":[{"href":"https:\/\/listman.shop\/autoparts-br\/wp-json\/wp\/v2\/media?parent=33826"}],"wp:term":[{"taxonomy":"product_brand","embeddable":true,"href":"https:\/\/listman.shop\/autoparts-br\/wp-json\/wp\/v2\/product_brand?post=33826"},{"taxonomy":"product_cat","embeddable":true,"href":"https:\/\/listman.shop\/autoparts-br\/wp-json\/wp\/v2\/product_cat?post=33826"},{"taxonomy":"product_tag","embeddable":true,"href":"https:\/\/listman.shop\/autoparts-br\/wp-json\/wp\/v2\/product_tag?post=33826"}],"curies":[{"name":"wp","href":"https:\/\/api.w.org\/{rel}","templated":true}]}}