{"id":33907,"date":"2025-03-22T22:58:37","date_gmt":"2025-03-22T13:58:37","guid":{"rendered":"https:\/\/listman.shop\/autoparts-br\/product\/1005005807826207\/"},"modified":"2026-05-04T20:09:08","modified_gmt":"2026-05-04T11:09:08","slug":"1005005807826207","status":"publish","type":"product","link":"https:\/\/listman.shop\/autoparts-br\/product\/1005005807826207\/","title":{"rendered":"1pc display lcd para renault duster captur logan s\u00edmbolo de pulso 3rd-gen r\u00e1dio est\u00e9reo interior instrumento cluster som do carro"},"content":{"rendered":"<div class=\"detailmodule_html\">\n<div class=\"detail-desc-decorate-richtext\">\n<div class=\"detailmodule_dynamic\"><\/div>\n<div class=\"detailmodule_html\">\n<div class=\"detail-desc-decorate-richtext\">\n<div class=\"detailmodule_dynamic\"><\/div>\n<div class=\"detailmodule_dynamic\"><\/div>\n<p>Caracter\u00edsticas:<\/p>\n<p>Substitui\u00e7\u00e3o direta para sua unidade original.<\/p>\n<p>Plug-and-play, ajuste direto, f\u00e1cil instala\u00e7\u00e3o.<\/p>\n<p>Nenhuma montagem necess\u00e1ria.<\/p>\n<p>Maior grau de componentes el\u00e9tricos.<\/p>\n<p>Dissipador de calor e recursos de carregamento aprimorados.<\/p>\n<p>A qualidade excede ou atende ao equipamento OEM.<\/p>\n<p>Todos os produtos enviados s\u00e3o testados.<\/p>\n<p>Especifica\u00e7\u00f5es:<\/p>\n<p>Cor: como imagem<\/p>\n<p>Material: tela LCD<\/p>\n<p>Tamanho: 97,5*38mm<\/p>\n<p>Montagem:<\/p>\n<p>Se encaixa para Renault Duster de 2012<\/p>\n<p>Se encaixa para Renault Duster Oroch de 2015<\/p>\n<p>Serve para Renault Captur (2013-2019)<\/p>\n<p>Serve para Renault Logan de 2012<\/p>\n<p>Serve para Renault Pulso (2012-2018)<\/p>\n<p>Se encaixa para Renault Symbol 3a gera\u00e7\u00e3o de 2012<\/p>\n<p>Se encaixa para Dacia Duster 1a gera\u00e7\u00e3o (2012-2017)<\/p>\n<p>Se encaixa para Dacia Duster 2a gera\u00e7\u00e3o de 2018<\/p>\n<p>Se encaixa para Dacia Logan 2a gera\u00e7\u00e3o de 2012<\/p>\n<p>Serve para Dacia Lodgy de 2012<\/p>\n<p>Se encaixa para Dacia Dokker de 2012<\/p>\n<p>Se encaixa para Dacia Sandero 2a gera\u00e7\u00e3o de 2012<\/p>\n<p>Se encaixa para Lada Xray de 2015<\/p>\n<p>Se encaixa para Renault Master Van (2011-2017)<\/p>\n<p>Se encaixa para Mercedes Citan (2013-2015)<\/p>\n<p>Se encaixa para Renault Kangoo II (2008-2018)<\/p>\n<p>Pacote inclu\u00eddo: 1X display LCD<\/p>\n<div><img data-recalc-dims=\"1\" decoding=\"async\" src=\"https:\/\/i0.wp.com\/ae01.alicdn.com\/kf\/S20e978b0360542fab340711caa33705ap.jpg?w=1200&#038;ssl=1\"><img data-recalc-dims=\"1\" decoding=\"async\" src=\"https:\/\/i0.wp.com\/ae01.alicdn.com\/kf\/Sf1108e9d4dd544c1b04cf1b37f3e8c7bY.jpg?w=1200&#038;ssl=1\"><img data-recalc-dims=\"1\" decoding=\"async\" src=\"https:\/\/i0.wp.com\/ae01.alicdn.com\/kf\/S7a0a01be67f04af2a39edd81c724b7c5W.jpg?w=1200&#038;ssl=1\"><img data-recalc-dims=\"1\" decoding=\"async\" src=\"https:\/\/i0.wp.com\/ae01.alicdn.com\/kf\/S7785eb27857d4b9cbd290700c425f02eO.jpg?w=1200&#038;ssl=1\"><img data-recalc-dims=\"1\" decoding=\"async\" src=\"https:\/\/i0.wp.com\/ae01.alicdn.com\/kf\/S08c73fd394b14f03acb8833d2c15261ca.jpg?w=1200&#038;ssl=1\"><img data-recalc-dims=\"1\" decoding=\"async\" src=\"https:\/\/i0.wp.com\/ae01.alicdn.com\/kf\/Sa025fb20ef6f46cd84147143139365d1O.jpg?w=1200&#038;ssl=1\"><img data-recalc-dims=\"1\" decoding=\"async\" src=\"https:\/\/i0.wp.com\/ae01.alicdn.com\/kf\/S639c69a342834cb3b408fb1c7dd94b90B.jpg?w=1200&#038;ssl=1\"><\/div>\n<div><\/div>\n<\/div>\n<\/div>\n<div class=\"detailmodule_dynamic\"><\/div>\n<p><\/div>\n<\/div>\n","protected":false},"excerpt":{"rendered":"<p>Caracter\u00edsticas: Substitui\u00e7\u00e3o direta para sua unidade original. Plug-and-play, ajuste direto, f\u00e1cil instala\u00e7\u00e3o. Nenhuma montagem necess\u00e1ria. Maior grau de componentes el\u00e9tricos. Dissipador de calor e recursos de carregamento aprimorados. A qualidade excede ou atende ao equipamento OEM. Todos os produtos enviados s\u00e3o testados. Especifica\u00e7\u00f5es: Cor: como imagem Material: tela LCD Tamanho: 97,5*38mm Montagem: Se encaixa para&hellip;&nbsp;<\/p>\n","protected":false},"featured_media":33901,"template":"","meta":{"neve_meta_sidebar":"","neve_meta_container":"","neve_meta_enable_content_width":"","neve_meta_content_width":0,"neve_meta_title_alignment":"","neve_meta_author_avatar":"","neve_post_elements_order":"","neve_meta_disable_header":"","neve_meta_disable_footer":"","neve_meta_disable_title":""},"product_brand":[],"product_cat":[42,22,17],"product_tag":[],"class_list":{"0":"post-33907","1":"product","2":"type-product","3":"status-publish","4":"has-post-thumbnail","6":"product_cat-medidores","7":"product_cat-partes-interiores","8":"product_cat-pecas-e-acessorios-automotivos","10":"first","11":"instock","12":"shipping-taxable","13":"purchasable","14":"product-type-variable","15":"has-default-attributes"},"jetpack_sharing_enabled":true,"_links":{"self":[{"href":"https:\/\/listman.shop\/autoparts-br\/wp-json\/wp\/v2\/product\/33907","targetHints":{"allow":["GET"]}}],"collection":[{"href":"https:\/\/listman.shop\/autoparts-br\/wp-json\/wp\/v2\/product"}],"about":[{"href":"https:\/\/listman.shop\/autoparts-br\/wp-json\/wp\/v2\/types\/product"}],"wp:featuredmedia":[{"embeddable":true,"href":"https:\/\/listman.shop\/autoparts-br\/wp-json\/wp\/v2\/media\/33901"}],"wp:attachment":[{"href":"https:\/\/listman.shop\/autoparts-br\/wp-json\/wp\/v2\/media?parent=33907"}],"wp:term":[{"taxonomy":"product_brand","embeddable":true,"href":"https:\/\/listman.shop\/autoparts-br\/wp-json\/wp\/v2\/product_brand?post=33907"},{"taxonomy":"product_cat","embeddable":true,"href":"https:\/\/listman.shop\/autoparts-br\/wp-json\/wp\/v2\/product_cat?post=33907"},{"taxonomy":"product_tag","embeddable":true,"href":"https:\/\/listman.shop\/autoparts-br\/wp-json\/wp\/v2\/product_tag?post=33907"}],"curies":[{"name":"wp","href":"https:\/\/api.w.org\/{rel}","templated":true}]}}