{"id":34113,"date":"2025-03-22T23:17:35","date_gmt":"2025-03-22T14:17:35","guid":{"rendered":"https:\/\/listman.shop\/autoparts-br\/product\/1005006138837036\/"},"modified":"2026-05-04T19:24:18","modified_gmt":"2026-05-04T10:24:18","slug":"1005006138837036","status":"publish","type":"product","link":"https:\/\/listman.shop\/autoparts-br\/product\/1005006138837036\/","title":{"rendered":"NEVOSA 81258067093   Interruptor de controle el\u00e9trico autom\u00e1tico da janela do lado do motorista para homem caminh\u00e3o homem TGS TGX TGL TGM 24V"},"content":{"rendered":"<div class=\"detailmodule_html\">\n<div class=\"detail-desc-decorate-richtext\">\n<p class=\"MsoNormal\"><img data-recalc-dims=\"1\" decoding=\"async\" src=\"https:\/\/i0.wp.com\/ae01.alicdn.com\/kf\/Sb99b80a3d9ba4807973a9513cb0c0c1bj.jpg?w=1200&#038;ssl=1\" \/><img data-recalc-dims=\"1\" decoding=\"async\" src=\"https:\/\/i0.wp.com\/ae01.alicdn.com\/kf\/S496f71a7132d4e0ea1c4074669662288r.png?w=1200&#038;ssl=1\" \/><\/p>\n<p class=\"MsoNormal\"><span style=\"font-size:18px;, times, serif\">Tipo de produto: interruptor de controle de janela el&eacute;trica autom&aacute;tica do lado do motorista<\/span><\/p>\n<p class=\"MsoNormal\"><span style=\"font-size:18px;, times, serif\">Fabricante de autom&oacute;veis: Para MAN<\/span><\/p>\n<p class=\"MsoNormal\"><span style=\"font-size:18px;, times, serif\">OE No.:81258067093<\/span><\/p>\n<p class=\"MsoNormal\"><span style=\"font-size:18px;, times, serif\">Qualidade: teste 100%<\/span><\/p>\n<p class=\"MsoNormal\"><span style=\"font-size:18px;, times, serif\">Cor: Preto<\/span><\/p>\n<p class=\"MsoNormal\"><span style=\"font-size:18px;, times, serif\">Tamanho: substitui&ccedil;&atilde;o OEM<\/span><\/p>\n<p class=\"MsoNormal\"><span style=\"font-size:18px;, times, serif\">Material: pl&aacute;stico PP e pl&aacute;stico ABS<\/span><\/p>\n<p class=\"MsoNormal\"><span style=\"font-size:18px;, times, serif\">M&eacute;todo de instala&ccedil;&atilde;o: estilo plug and play diretamente<\/span><\/p>\n<p class=\"MsoNormal\"><span style=\"font-size:18px;, times, serif\">Terminal: 22 pinos<\/span><\/p>\n<p class=\"MsoNormal\"><img data-recalc-dims=\"1\" decoding=\"async\" src=\"https:\/\/i0.wp.com\/ae01.alicdn.com\/kf\/S740728b242d8418fb9c7e42140208ed8c.png?w=1200&#038;ssl=1\" \/><\/p>\n<p class=\"MsoNormal\"><span style=\"font-size:18px;, times, serif\">Aten&ccedil;&atilde;o: A &uacute;nica maneira de ter 100% de certeza de que a pe&ccedil;a caber&aacute; no seu ve&iacute;culo &eacute; verificar o n&uacute;mero da pe&ccedil;a original.<\/span><\/p>\n<p class=\"MsoNormal\"><span style=\"font-size:18px;, times, serif\">Caracter&iacute;sticas:<\/span><\/p>\n<p class=\"MsoNormal\"><span style=\"font-size:18px;, times, serif\">&#8211;Material ABS ambiental, anti-queima, resist&ecirc;ncia ao calor, resist&ecirc;ncia ao impacto e excelentes propriedades el&eacute;tricas para uma longa vida &uacute;til.<\/span><\/p>\n<p class=\"MsoNormal\"><span style=\"font-size:18px;, times, serif\">-Alta sensibilidade, instala&ccedil;&atilde;o simples, sem necessidade de programa&ccedil;&atilde;o, conecta-se diretamente ao chicote el&eacute;trico do seu ve&iacute;culo, cabe perfeitamente no seu carro.<\/span><\/p>\n<p class=\"MsoNormal\"><span style=\"font-size:18px;, times, serif\">&#8212; Todos os nossos produtos foram testados e enviados sob a condi&ccedil;&atilde;o de serem aplic&aacute;veis.Se o interruptor da janela apresentar algum problema, basta entrar em contato conosco para lhe dar uma solu&ccedil;&atilde;o satisfat&oacute;ria.<\/span><\/p>\n<p><img data-recalc-dims=\"1\" decoding=\"async\" src=\"https:\/\/i0.wp.com\/ae01.alicdn.com\/kf\/Sb09074ad9b974579b17d51f7a0f9ab64M.png?w=1200&#038;ssl=1\" \/><\/p>\n<p class=\"MsoNormal\"><span style=\"font-size:18px;, times, serif\">Para HOMENS TGS<\/span><\/p>\n<p><span style=\"font-size:18px;, times, serif\">Para homem TGX<\/span><\/p>\n<p><span style=\"font-size:18px;, times, serif\">Para Homem TGL<\/span><\/p>\n<p><span style=\"font-size:18px;, times, serif\">Para homem TGM<\/span><\/p>\n<p><img data-recalc-dims=\"1\" decoding=\"async\" src=\"https:\/\/i0.wp.com\/ae01.alicdn.com\/kf\/S934bdc0e60874739ab6b5a197aa426c2m.jpg?w=1200&#038;ssl=1\" \/><\/p>\n<p class=\"MsoNormal\"><img data-recalc-dims=\"1\" decoding=\"async\" src=\"https:\/\/i0.wp.com\/ae01.alicdn.com\/kf\/Sb031c1b6cd0c4654932bfa1927c5fb58g.jpg?w=1200&#038;ssl=1\" \/><img data-recalc-dims=\"1\" decoding=\"async\" src=\"https:\/\/i0.wp.com\/ae01.alicdn.com\/kf\/S0a488cdf7d3b47c392f54b7f6fc05238m.jpg?w=1200&#038;ssl=1\" \/><img data-recalc-dims=\"1\" decoding=\"async\" src=\"https:\/\/i0.wp.com\/ae01.alicdn.com\/kf\/S271964c667fd4278b659d3f54528e212Y.jpg?w=1200&#038;ssl=1\" \/><img data-recalc-dims=\"1\" decoding=\"async\" src=\"https:\/\/i0.wp.com\/ae01.alicdn.com\/kf\/Sc55e382b472a4f918940b1c99421275d9.jpg?w=1200&#038;ssl=1\" \/><\/p>\n<p class=\"MsoNormal\"><img data-recalc-dims=\"1\" decoding=\"async\" src=\"https:\/\/i0.wp.com\/ae01.alicdn.com\/kf\/Sfcc9d82d3fa1490698be259b6a6226f5q.jpg?w=1200&#038;ssl=1\" \/><\/p>\n<p><\/p>\n<\/div>\n<\/div>\n","protected":false},"excerpt":{"rendered":"<p>Tipo de produto: interruptor de controle de janela el&eacute;trica autom&aacute;tica do lado do motorista Fabricante de autom&oacute;veis: Para MAN OE No.:81258067093 Qualidade: teste 100% Cor: Preto Tamanho: substitui&ccedil;&atilde;o OEM Material: pl&aacute;stico PP e pl&aacute;stico ABS M&eacute;todo de instala&ccedil;&atilde;o: estilo plug and play diretamente Terminal: 22 pinos Aten&ccedil;&atilde;o: A &uacute;nica maneira de ter 100% de certeza&hellip;&nbsp;<\/p>\n","protected":false},"featured_media":34107,"template":"","meta":{"neve_meta_sidebar":"","neve_meta_container":"","neve_meta_enable_content_width":"","neve_meta_content_width":0,"neve_meta_title_alignment":"","neve_meta_author_avatar":"","neve_post_elements_order":"","neve_meta_disable_header":"","neve_meta_disable_footer":"","neve_meta_disable_title":""},"product_brand":[],"product_cat":[43,22,17],"product_tag":[],"class_list":{"0":"post-34113","1":"product","2":"type-product","3":"status-publish","4":"has-post-thumbnail","6":"product_cat-interruptores-e-controles","7":"product_cat-partes-interiores","8":"product_cat-pecas-e-acessorios-automotivos","10":"first","11":"instock","12":"shipping-taxable","13":"purchasable","14":"product-type-variable","15":"has-default-attributes"},"jetpack_sharing_enabled":true,"_links":{"self":[{"href":"https:\/\/listman.shop\/autoparts-br\/wp-json\/wp\/v2\/product\/34113","targetHints":{"allow":["GET"]}}],"collection":[{"href":"https:\/\/listman.shop\/autoparts-br\/wp-json\/wp\/v2\/product"}],"about":[{"href":"https:\/\/listman.shop\/autoparts-br\/wp-json\/wp\/v2\/types\/product"}],"wp:featuredmedia":[{"embeddable":true,"href":"https:\/\/listman.shop\/autoparts-br\/wp-json\/wp\/v2\/media\/34107"}],"wp:attachment":[{"href":"https:\/\/listman.shop\/autoparts-br\/wp-json\/wp\/v2\/media?parent=34113"}],"wp:term":[{"taxonomy":"product_brand","embeddable":true,"href":"https:\/\/listman.shop\/autoparts-br\/wp-json\/wp\/v2\/product_brand?post=34113"},{"taxonomy":"product_cat","embeddable":true,"href":"https:\/\/listman.shop\/autoparts-br\/wp-json\/wp\/v2\/product_cat?post=34113"},{"taxonomy":"product_tag","embeddable":true,"href":"https:\/\/listman.shop\/autoparts-br\/wp-json\/wp\/v2\/product_tag?post=34113"}],"curies":[{"name":"wp","href":"https:\/\/api.w.org\/{rel}","templated":true}]}}