{"id":35672,"date":"2025-03-23T00:19:57","date_gmt":"2025-03-22T15:19:57","guid":{"rendered":"https:\/\/listman.shop\/autoparts-br\/product\/1005001861138971\/"},"modified":"2026-04-14T12:33:06","modified_gmt":"2026-04-14T03:33:06","slug":"1005001861138971","status":"publish","type":"product","link":"https:\/\/listman.shop\/autoparts-br\/product\/1005001861138971\/","title":{"rendered":"Sistema universal de alarme de carro de 1 via, sistema de seguran\u00e7a de prote\u00e7\u00e3o, sirene de entrada sem chave + 2 controles remotos, alarme contra roubo"},"content":{"rendered":"<div class=\"detailmodule_html\">\n<div class=\"detail-desc-decorate-richtext\">\n<div class=\"detailmodule_html\">\n<div class=\"detail-desc-decorate-richtext\">\n<div>\n<div>\n<div>&nbsp;<\/div>\n<p><span style=\"font-size:26px;, times, serif\"><strong>Descri\u00e7\u00e3o:<\/strong><\/span><\/p>\n<p><span style=\"font-size:26px;, times, serif\">Modelo: NQ700<\/span><\/p>\n<p><span style=\"font-size:26px;, times, serif\">Tamanho da unidade principal: cerca de 6 x 6,5 x 2,5 cm<\/span><\/p>\n<p><span style=\"font-size:26px;, times, serif\">Controlado remotamente: sim<\/span><\/p>\n<p><span style=\"font-size:26px;, times, serif\">Tipo: dispositivo anti-roubo unidirecional, port\u00e1til<\/span><\/p>\n<p><span style=\"font-size:26px;, times, serif\"><span style=\"font-size:26px;, times, serif\"><br \/><\/span><\/span><span style=\"font-size:26px;, times, serif\"><strong><span style=\"font-size:26px;, times, serif\">Caracter\u00edsticas:<\/span><\/strong><\/span><\/p>\n<p><span style=\"font-size:26px;, times, serif\">Adequado para todos os tipos de carros<\/span><\/p>\n<p><span style=\"font-size:26px;, times, serif\">Controles remotos duplos, em caso de perda ou quebra<\/span><\/p>\n<p><span style=\"font-size:26px;, times, serif\">Localiza\u00e7\u00e3o remota de carro, indicador LED<\/span><\/p>\n<p><span style=\"font-size:26px;, times, serif\">Aviso de situa\u00e7\u00e3o anormal<\/span><\/p>\n<p><span style=\"font-size:26px;, times, serif\">Fun\u00e7\u00e3o de libera\u00e7\u00e3o do tronco, f\u00e1cil de abrir o porta-malas<\/span><\/p>\n<p><span style=\"font-size:26px;, times, serif\">Manual de opera\u00e7\u00e3o detalhado, f\u00e1cil de instalar e usar<\/span><\/p>\n<p><span style=\"font-size:26px;, times, serif\">4 bot\u00f5es no controle remoto, bloqueio, desbloqueio, bot\u00e3o program\u00e1vel, bota aberta do carro<\/span><\/p>\n<p><span style=\"font-size:26px;, times, serif\">Buzina de sinaliza\u00e7\u00e3o: DC 12V, 15W, tom \u00fanico<\/span><\/p>\n<p><span style=\"font-size:26px;, times, serif\">Verifica\u00e7\u00e3o de sirene de dois est\u00e1gios<\/span><\/p>\n<p><span style=\"font-size:26px;, times, serif\">Eletr\u00f4nica e fechadura penum\u00e1tica<\/span><\/p>\n<p><span style=\"font-size:26px;, times, serif\"><span style=\"font-size:26px;, times, serif\"><br \/><\/span><\/span><span style=\"font-size:26px;, times, serif\"><strong><span style=\"font-size:26px;, times, serif\">Especifica\u00e7\u00f5es:<\/span><\/strong><\/span><\/p>\n<p><span style=\"font-size:26px;, times, serif\">Alcance de alarme: 100m<\/span><\/p>\n<p><span style=\"font-size:26px;, times, serif\">Suporte de metal, pode ser montado firmemente<\/span><\/p>\n<p><span style=\"font-size:26px;, times, serif\">Faixa de frequ\u00eancia: 433,92 MHz<\/span><\/p>\n<p><span style=\"font-size:26px;, times, serif\">Tens\u00e3o de alimenta\u00e7\u00e3o: 15V<\/span><\/p>\n<p><span style=\"font-size:26px;, times, serif\">Tempo de resposta alarmante: 0,01s<\/span><\/p>\n<p><span style=\"font-size:26px;, times, serif\">Alarme acionado: Agitar<\/span><\/p>\n<p><span style=\"font-size:26px;, times, serif\">Vibrador: embutido<\/span><\/p>\n<p><span style=\"font-size:26px;, times, serif\"><span style=\"font-size:26px;, times, serif\"><br \/><\/span><\/span><span style=\"font-size:26px;, times, serif\"><strong><span style=\"font-size:26px;, times, serif\">Pacote inclu\u00eddo:<\/span><\/strong><\/span><\/p>\n<p><span style=\"font-size:26px;, times, serif\">1 x unidade de controle principal<\/span><\/p>\n<p><span style=\"font-size:26px;, times, serif\">1 x buzina de sirene<\/span><\/p>\n<p><span style=\"font-size:26px;, times, serif\">1 x vibrador<\/span><\/p>\n<p><span style=\"font-size:26px;, times, serif\">2 x controle remoto<\/span><\/p>\n<p><span style=\"font-size:26px;, times, serif\">1 x fio de conex\u00e3o LED<\/span><\/p>\n<p><span style=\"font-size:26px;, times, serif\">1 x interruptor de emerg\u00eancia<\/span><\/p>\n<p><span style=\"font-size:26px;, times, serif\">1 x rel\u00e9<\/span><\/p>\n<p><span style=\"font-size:26px;, times, serif\">1x3p cabo<\/span><\/p>\n<p><span style=\"font-size:26px;, times, serif\">1 x interruptor de compacta\u00e7\u00e3o<\/span><\/p>\n<p><span style=\"font-size:26px;, times, serif\">1 x manual do usu\u00e1rio em ingl\u00eas<\/span><\/p>\n<ul>\n<li>\n<p><img data-recalc-dims=\"1\" decoding=\"async\" src=\"https:\/\/i0.wp.com\/ae01.alicdn.com\/kf\/H56c4b723356942b4a5a137b23b046fe5W.jpg?w=1200\"><img data-recalc-dims=\"1\" decoding=\"async\" src=\"https:\/\/i0.wp.com\/ae01.alicdn.com\/kf\/He5bc17aa9edf42c9a8140fbd32cc6ebft.jpg?w=1200\"><img data-recalc-dims=\"1\" decoding=\"async\" src=\"https:\/\/i0.wp.com\/ae01.alicdn.com\/kf\/H0ae6469d0e1946c4bf76422d766473be6.jpg?w=1200\"><img data-recalc-dims=\"1\" decoding=\"async\" src=\"https:\/\/i0.wp.com\/ae01.alicdn.com\/kf\/H4ddf0a782e474c148be96c98bbccd85aW.jpg?w=1200\"><img data-recalc-dims=\"1\" decoding=\"async\" src=\"https:\/\/i0.wp.com\/ae01.alicdn.com\/kf\/H0eade753e9f34b49923bd4753db1e72eD.jpg?w=1200\"><img data-recalc-dims=\"1\" decoding=\"async\" src=\"https:\/\/i0.wp.com\/ae01.alicdn.com\/kf\/Hd41c010f94a44072952437e055cdbdb7v.jpg?w=1200\"><img data-recalc-dims=\"1\" decoding=\"async\" src=\"https:\/\/i0.wp.com\/ae01.alicdn.com\/kf\/H8494d8dbea234e9dbcdb7f461222fcdcd.jpg?w=1200\"><img data-recalc-dims=\"1\" decoding=\"async\" src=\"https:\/\/i0.wp.com\/ae01.alicdn.com\/kf\/H68527ea64ed4420dbfa7c1c743b85e69d.jpg?w=1200\"><img data-recalc-dims=\"1\" decoding=\"async\" src=\"https:\/\/i0.wp.com\/ae01.alicdn.com\/kf\/He8ac8497940b4763a28f73f053b79fd9E.jpg?w=1200\"><img data-recalc-dims=\"1\" decoding=\"async\" src=\"https:\/\/i0.wp.com\/ae01.alicdn.com\/kf\/H56ac5c23c06f4f8e94322828d176c6eaX.jpg?w=1200\"><img data-recalc-dims=\"1\" decoding=\"async\" src=\"https:\/\/i0.wp.com\/ae01.alicdn.com\/kf\/H96a1d3f64a114b089f496609bb2aa8f2u.jpg?w=1200\"><img data-recalc-dims=\"1\" decoding=\"async\" src=\"https:\/\/i0.wp.com\/ae01.alicdn.com\/kf\/Hf0dc2143a46f4a41adc0e6cc4888a0dfH.jpg?w=1200\"><\/p>\n<\/li>\n<li>\n<p><\/p>\n<\/li>\n<\/ul>\n<blockquote>\n<blockquote>\n<blockquote>\n<blockquote>\n<div>&nbsp;<\/div>\n<ul>\n<li>\n<p><\/p>\n<\/li>\n<li>\n<p>window.adminAccountId= 238518266 ;&lt;\/li&gt;&lt;\/ul&gt;<\/p>\n<\/li>\n<\/ul>\n<\/blockquote>\n<\/blockquote>\n<\/blockquote>\n<\/blockquote>\n<\/div>\n<div><\/div>\n<\/div>\n<div><\/div>\n<\/div>\n<\/div>\n<p><\/p>\n<\/div>\n<\/div>\n","protected":false},"excerpt":{"rendered":"<p>&nbsp; Descri\u00e7\u00e3o: Modelo: NQ700 Tamanho da unidade principal: cerca de 6 x 6,5 x 2,5 cm Controlado remotamente: sim Tipo: dispositivo anti-roubo unidirecional, port\u00e1til Caracter\u00edsticas: Adequado para todos os tipos de carros Controles remotos duplos, em caso de perda ou quebra Localiza\u00e7\u00e3o remota de carro, indicador LED Aviso de situa\u00e7\u00e3o anormal Fun\u00e7\u00e3o de libera\u00e7\u00e3o do&hellip;&nbsp;<\/p>\n","protected":false},"featured_media":35666,"template":"","meta":{"neve_meta_sidebar":"","neve_meta_container":"","neve_meta_enable_content_width":"","neve_meta_content_width":0,"neve_meta_title_alignment":"","neve_meta_author_avatar":"","neve_post_elements_order":"","neve_meta_disable_header":"","neve_meta_disable_footer":"","neve_meta_disable_title":""},"product_brand":[],"product_cat":[20,17,50],"product_tag":[],"class_list":{"0":"post-35672","1":"product","2":"type-product","3":"status-publish","4":"has-post-thumbnail","6":"product_cat-eletronicos-automotivos","7":"product_cat-pecas-e-acessorios-automotivos","8":"product_cat-sistemas-de-alarme-e-seguranca","10":"first","11":"instock","12":"shipping-taxable","13":"purchasable","14":"product-type-variable","15":"has-default-attributes"},"jetpack_sharing_enabled":true,"_links":{"self":[{"href":"https:\/\/listman.shop\/autoparts-br\/wp-json\/wp\/v2\/product\/35672","targetHints":{"allow":["GET"]}}],"collection":[{"href":"https:\/\/listman.shop\/autoparts-br\/wp-json\/wp\/v2\/product"}],"about":[{"href":"https:\/\/listman.shop\/autoparts-br\/wp-json\/wp\/v2\/types\/product"}],"wp:featuredmedia":[{"embeddable":true,"href":"https:\/\/listman.shop\/autoparts-br\/wp-json\/wp\/v2\/media\/35666"}],"wp:attachment":[{"href":"https:\/\/listman.shop\/autoparts-br\/wp-json\/wp\/v2\/media?parent=35672"}],"wp:term":[{"taxonomy":"product_brand","embeddable":true,"href":"https:\/\/listman.shop\/autoparts-br\/wp-json\/wp\/v2\/product_brand?post=35672"},{"taxonomy":"product_cat","embeddable":true,"href":"https:\/\/listman.shop\/autoparts-br\/wp-json\/wp\/v2\/product_cat?post=35672"},{"taxonomy":"product_tag","embeddable":true,"href":"https:\/\/listman.shop\/autoparts-br\/wp-json\/wp\/v2\/product_tag?post=35672"}],"curies":[{"name":"wp","href":"https:\/\/api.w.org\/{rel}","templated":true}]}}