{"id":35749,"date":"2025-03-23T00:22:21","date_gmt":"2025-03-22T15:22:21","guid":{"rendered":"https:\/\/listman.shop\/autoparts-br\/product\/1005003713222362\/"},"modified":"2026-04-14T12:14:05","modified_gmt":"2026-04-14T03:14:05","slug":"1005003713222362","status":"publish","type":"product","link":"https:\/\/listman.shop\/autoparts-br\/product\/1005003713222362\/","title":{"rendered":"Receptor GPS s\u00e9rie RS232 DB9 com alimenta\u00e7\u00e3o USB NMEA 0183 Receptor de antena GPS Marinha VHF Yaesu FT-991 Pe\u00e7as GPS, 9600 bps, 1Hz"},"content":{"rendered":"<div class=\"detailmodule_html\">\n<div class=\"detail-desc-decorate-richtext\">\n<div class=\"detailmodule_text\">\n<p style=\"font-family:OpenSans;font-size:20px;font-weight:900;line-height:28px;white-space:pre-wrap;margin-bottom:12px\" class=\"detail-desc-decorate-title\"><span style=\"font-size:22px;font-family:arial, helvetica, sans-serif\">Vis\u00e3o geral<\/span><\/p>\n<p style=\"font-family:OpenSans;font-size:14px;font-weight:300;line-height:20px;white-space:pre-wrap;margin-bottom:12px\" class=\"detail-desc-decorate-content\"><span style=\"font-size:20px;font-family:arial, helvetica, sans-serif\">Este item \u00e9 um receptor GPS serial (RS-232). O conector final \u00e9 um conector DB9 f\u00eamea, alimentado pela porta USB. O protocolo para este receptor \u00e9 padr\u00e3o NMEA 0183 e a taxa de transmiss\u00e3o \u00e9 definida para 9600 bps.As mensagens NMEA emitidas pelo receptor incluem NMEA-RMC, GGA, GSA GSV, GLL, VTG.O receptor suporta 66 canais para receber GPS\/QZSS e WAAS.Com a ajuda do WAAS, a precis\u00e3o de posicionamento \u00e9 de 2 metros para \u00e1reas abertas externas e a taxa m\u00e1xima de atualiza\u00e7\u00e3o da navega\u00e7\u00e3o \u00e9 de 10 Hz.\u00c9 uma solu\u00e7\u00e3o NMEA 0183 de baixo custo que pode ser amplamente utilizada em eletr\u00f4nica mar\u00edtima, gest\u00e3o de transportes, sistemas de transporte p\u00fablico, etc.<br \/>Nota: Se voc\u00ea precisar alterar a configura\u00e7\u00e3o do receptor, como taxa de transmiss\u00e3o e sa\u00edda de mensagem NMEA, informe-nos antes do envio do pedido, pois ele n\u00e3o suporta configura\u00e7\u00e3o do lado do usu\u00e1rio.<\/span><\/p>\n<\/div>\n<div class=\"detailmodule_text\">\n<p style=\"font-family:OpenSans;font-size:20px;font-weight:900;line-height:28px;white-space:pre-wrap;margin-bottom:12px\" class=\"detail-desc-decorate-title\"><span style=\"font-size:22px;font-family:arial, helvetica, sans-serif\">Especifica\u00e7\u00e3o<\/span><\/p>\n<p style=\"font-family:OpenSans;font-size:14px;font-weight:300;line-height:20px;white-space:pre-wrap;margin-bottom:12px\" class=\"detail-desc-decorate-content\"><span style=\"font-size:20px;font-family:arial, helvetica, sans-serif\">Plataforma GNSS: GPS\/WAAS+QZSS<br \/>Precis\u00e3o horizontal: ativa\u00e7\u00e3o de SBAS CEP 2D RMS de 2,5 m<br \/>Precis\u00e3o da velocidade: 0,1 m\/seg 95% (SA desligado)<br \/>Precis\u00e3o de tempo: 1us sincronizado com hora do GPS<br \/>Canais: 66<br \/>Rastreamento:-165dBm<br \/>Partida a frio:-148dBm<br \/>TTFF:31s<br \/>In\u00edcio quente: 1s<br \/>Buadrate: Padr\u00e3o 9600<br \/>interface: s\u00e9rie RS232<br \/>Protocolo:NMEA 0183<br \/>Mensagens NMEA:GGA, GLL, GSA, GSV, RMC, VTG<br \/>Taxa de atualiza\u00e7\u00e3o: M\u00e1x. 10 Hz, padr\u00e3o 1 Hz<br \/>Flash: Flash 4M<br \/>Altitude:&lt;50000m<br \/>Velocidade:&lt;515m\/s<br \/>Acelera\u00e7\u00e3o:&lt;4G<br \/>Tens\u00e3o: DC3.3V-5.0V, t\u00edpico: 5,0V<br \/>Dimens\u00e3o: L50,5 mm * W38,5 mm * H18 mm<br \/>Peso: 100g<br \/>Comprimento do cabo: 2,5 metros<br \/>Temperatura operacional: -45\u2103-+85\u2103<br \/>Temperatura de armazenamento: -45\u2103-+85\u2103<br \/>N\u00edvel \u00e0 prova d&#8217;\u00e1gua: IP67<\/span><\/p>\n<\/div>\n<div class=\"detailmodule_text-image\">\n<p style=\"font-family:OpenSans;font-size:20px;font-weight:900;line-height:28px;white-space:pre-wrap;margin-bottom:12px\" class=\"detail-desc-decorate-title\"><span style=\"font-size:22px;font-family:arial, helvetica, sans-serif\">Defini\u00e7\u00e3o de interface<\/span><\/p>\n<div><img data-recalc-dims=\"1\" loading=\"lazy\" decoding=\"async\" class=\"detail-desc-decorate-image\" width=\"944\" height=\"689\" src=\"https:\/\/i0.wp.com\/ae01.alicdn.com\/kf\/Sc1e8645c8e974476870fad287fd7e35bD.jpg?resize=944%2C689&#038;ssl=1\"><\/div>\n<\/div>\n<div class=\"detailmodule_text-image\">\n<p style=\"font-family:OpenSans;font-size:20px;font-weight:900;line-height:28px;white-space:pre-wrap;margin-bottom:12px\" class=\"detail-desc-decorate-title\"><span style=\"font-size:22px;font-family:arial, helvetica, sans-serif\">Formato NMEA<\/span><\/p>\n<div><img data-recalc-dims=\"1\" decoding=\"async\" class=\"detail-desc-decorate-image\" src=\"https:\/\/i0.wp.com\/ae01.alicdn.com\/kf\/S7c39e27a79d64bb3b9ed93ec4c21faffC.jpg?w=1200&#038;ssl=1\"><img data-recalc-dims=\"1\" decoding=\"async\" class=\"detail-desc-decorate-image\" src=\"https:\/\/i0.wp.com\/ae01.alicdn.com\/kf\/S08f4becbafc140e894ba8c76eadfae293.png?w=1200&#038;ssl=1\"><\/div>\n<\/div>\n<div class=\"detailmodule_text-image\">\n<p style=\"font-family:OpenSans;font-size:20px;font-weight:900;line-height:28px;white-space:pre-wrap;margin-bottom:12px\" class=\"detail-desc-decorate-title\"><span style=\"font-size:22px;font-family:arial, helvetica, sans-serif\">Detalhe<\/span><\/p>\n<div><img data-recalc-dims=\"1\" decoding=\"async\" class=\"detail-desc-decorate-image\" src=\"https:\/\/i0.wp.com\/ae01.alicdn.com\/kf\/Sd556cbc5ad1f49e9806c7b7a3b414b9f3.jpg?w=1200&#038;ssl=1\"><img data-recalc-dims=\"1\" decoding=\"async\" class=\"detail-desc-decorate-image\" src=\"https:\/\/i0.wp.com\/ae01.alicdn.com\/kf\/S80d47184995646358a5ba596685aee954.jpg?w=1200&#038;ssl=1\"><\/div>\n<\/div>\n<p><\/p>\n<\/div>\n<\/div>\n","protected":false},"excerpt":{"rendered":"<p>Vis\u00e3o geral Este item \u00e9 um receptor GPS serial (RS-232). O conector final \u00e9 um conector DB9 f\u00eamea, alimentado pela porta USB. O protocolo para este receptor \u00e9 padr\u00e3o NMEA 0183 e a taxa de transmiss\u00e3o \u00e9 definida para 9600 bps.As mensagens NMEA emitidas pelo receptor incluem NMEA-RMC, GGA, GSA GSV, GLL, VTG.O receptor suporta&hellip;&nbsp;<\/p>\n","protected":false},"featured_media":35743,"template":"","meta":{"neve_meta_sidebar":"","neve_meta_container":"","neve_meta_enable_content_width":"","neve_meta_content_width":0,"neve_meta_title_alignment":"","neve_meta_author_avatar":"","neve_post_elements_order":"","neve_meta_disable_header":"","neve_meta_disable_footer":"","neve_meta_disable_title":""},"product_brand":[],"product_cat":[20,59,17],"product_tag":[],"class_list":{"0":"post-35749","1":"product","2":"type-product","3":"status-publish","4":"has-post-thumbnail","6":"product_cat-eletronicos-automotivos","7":"product_cat-gps-e-acessorios","8":"product_cat-pecas-e-acessorios-automotivos","10":"first","11":"instock","12":"shipping-taxable","13":"purchasable","14":"product-type-variable","15":"has-default-attributes"},"jetpack_sharing_enabled":true,"_links":{"self":[{"href":"https:\/\/listman.shop\/autoparts-br\/wp-json\/wp\/v2\/product\/35749","targetHints":{"allow":["GET"]}}],"collection":[{"href":"https:\/\/listman.shop\/autoparts-br\/wp-json\/wp\/v2\/product"}],"about":[{"href":"https:\/\/listman.shop\/autoparts-br\/wp-json\/wp\/v2\/types\/product"}],"wp:featuredmedia":[{"embeddable":true,"href":"https:\/\/listman.shop\/autoparts-br\/wp-json\/wp\/v2\/media\/35743"}],"wp:attachment":[{"href":"https:\/\/listman.shop\/autoparts-br\/wp-json\/wp\/v2\/media?parent=35749"}],"wp:term":[{"taxonomy":"product_brand","embeddable":true,"href":"https:\/\/listman.shop\/autoparts-br\/wp-json\/wp\/v2\/product_brand?post=35749"},{"taxonomy":"product_cat","embeddable":true,"href":"https:\/\/listman.shop\/autoparts-br\/wp-json\/wp\/v2\/product_cat?post=35749"},{"taxonomy":"product_tag","embeddable":true,"href":"https:\/\/listman.shop\/autoparts-br\/wp-json\/wp\/v2\/product_tag?post=35749"}],"curies":[{"name":"wp","href":"https:\/\/api.w.org\/{rel}","templated":true}]}}