{"id":36239,"date":"2025-03-23T00:35:28","date_gmt":"2025-03-22T15:35:28","guid":{"rendered":"https:\/\/listman.shop\/autoparts-br\/product\/1005005653862103\/"},"modified":"2026-04-14T11:57:08","modified_gmt":"2026-04-14T02:57:08","slug":"1005005653862103","status":"publish","type":"product","link":"https:\/\/listman.shop\/autoparts-br\/product\/1005005653862103\/","title":{"rendered":"2 pces 4 Polegada 5\/6.5 Polegada 70\/80\/90w alto-falantes do carro freq\u00fc\u00eancia de gama completa pesado meados de graves modificado subwoofer \u00e1udio do carro alto-falante automotivo"},"content":{"rendered":"<div class=\"detailmodule_html\">\n<div class=\"detail-desc-decorate-richtext\">\n<div class=\"detailmodule_dynamic\">\n<\/div>\n<div style=\"margin:0px;margin-bottom:0px;margin-top:0px;margin-left:0px;margin-right:0px;padding:0px;padding-bottom:0px;padding-top:0px;padding-left:0px;padding-right:0px\">\n<div style=\"font-family:arial, sans-serif;font-size:17px;font-weight:normal;line-height:normal\">\n<div style=\"line-height:30px;color:white\">\n   <span style=\"font-size:22px\" id=\"tl_1\">Descri&ccedil;&atilde;o<\/span>\n  <\/div>\n<div style=\"font-family:Arial, sans-serif;font-size:18px;margin-bottom:15px;margin-top:15px;padding-left:15px;padding-right:3px\">\n<ul style=\"margin:0px;margin-bottom:0px;margin-top:0px;margin-left:0px;margin-right:0px;padding:0px;padding-bottom:0px;padding-top:0px;padding-left:0px;padding-right:0px\">\n<li>\n<p id=\"tl_2\">Nome do produto: Alto-falante modificado ultrafino de baixo m&eacute;dio pesado<\/p>\n<\/li>\n<li>\n<p><\/p>\n<\/li>\n<li>\n<p><strong id=\"tl_3\">Especifica&ccedil;&atilde;o<\/strong><\/p>\n<\/li>\n<li>\n<p><strong id=\"tl_4\">Tamanho do item: 4 polegadas<\/strong><\/p>\n<p id=\"tl_5\">Modelo: PZ-F4001<\/p>\n<p id=\"tl_6\">Pot&ecirc;ncia de sa&iacute;da: 70W<\/p>\n<p id=\"tl_7\">Pot&ecirc;ncia nominal: 35W<\/p>\n<p id=\"tl_8\">Sensibilidade de &aacute;udio: 89dB<\/p>\n<p id=\"tl_9\">Rela&ccedil;&atilde;o sinal-ru&iacute;do: 89dB<\/p>\n<p id=\"tl_10\">Faixa de frequ&ecirc;ncia (Hz): 60 Hz &#8211; 20 KHz<\/p>\n<\/li>\n<li>\n<p><\/p>\n<\/li>\n<\/ul>\n<p><strong id=\"tl_11\">Tamanho do item: 5 polegadas<\/strong><\/p>\n<p id=\"tl_12\">Modelo: PZ-F5001<\/p>\n<p id=\"tl_13\">Pot&ecirc;ncia de sa&iacute;da: 80W<\/p>\n<p id=\"tl_14\">Pot&ecirc;ncia nominal: 40W<\/p>\n<p id=\"tl_15\">Sensibilidade de &aacute;udio: 89dB<\/p>\n<p id=\"tl_16\">Rela&ccedil;&atilde;o sinal-ru&iacute;do: 89dB<\/p>\n<p id=\"tl_17\">Faixa de frequ&ecirc;ncia (Hz): 60 Hz &#8211; 20 KHz<\/p>\n<ul style=\"margin:0px;margin-bottom:0px;margin-top:0px;margin-left:0px;margin-right:0px;padding:0px;padding-bottom:0px;padding-top:0px;padding-left:0px;padding-right:0px\">\n<li>\n<p><\/p>\n<\/li>\n<\/ul>\n<p><strong id=\"tl_18\">Tamanho do item: 6,5 polegadas<\/strong><\/p>\n<p id=\"tl_19\">Modelo: PZ-F6501<\/p>\n<p id=\"tl_20\">Pot&ecirc;ncia de sa&iacute;da: 90W<\/p>\n<p id=\"tl_21\">Pot&ecirc;ncia nominal: 45W<\/p>\n<p id=\"tl_22\">Sensibilidade de &aacute;udio: 90dB<\/p>\n<p id=\"tl_23\">Rela&ccedil;&atilde;o sinal-ru&iacute;do: 90dB<\/p>\n<p id=\"tl_24\">Faixa de frequ&ecirc;ncia (Hz): 55 Hz &#8211; 20 KHz<\/p>\n<div>\n     &nbsp;\n   <\/div>\n<ul style=\"margin:0px;margin-bottom:0px;margin-top:0px;margin-left:0px;margin-right:0px;padding:0px;padding-bottom:0px;padding-top:0px;padding-left:0px;padding-right:0px\">\n<li>\n<p><strong id=\"tl_25\">Comum:<\/strong><\/p>\n<\/li>\n<li>\n<p id=\"tl_26\">Tens&atilde;o: 12V<\/p>\n<p id=\"tl_27\">Marca do carro: Universal<\/p>\n<p id=\"tl_28\">Tipo de material: metal e &iacute;m&atilde;<\/p>\n<p id=\"tl_29\">Tipos de alto-falantes: alto-falantes coaxiais para carro<\/p>\n<p id=\"tl_30\">Distor&ccedil;&atilde;o: Menos de 1%<\/p>\n<p id=\"tl_31\">Especifica&ccedil;&otilde;es do &iacute;m&atilde;: ferrite 60<\/p>\n<p id=\"tl_32\">Papel de tambor: material composto PS + lado de pl&aacute;stico PP<\/p>\n<\/li>\n<\/ul>\n<div>\n     &nbsp;\n   <\/div>\n<p><strong id=\"tl_33\">Caracter&iacute;sticas:<\/strong><\/p>\n<p id=\"tl_34\">&#8211; Design ac&uacute;stico de driver duplo de alto-falante, &iacute;m&atilde;s de n&iacute;vel militar N38, for&ccedil;a magn&eacute;tica 10 vezes maior que os &iacute;m&atilde;s de ferrite tradicionais, textura dura e est&aacute;vel, resposta muito sens&iacute;vel.<\/p>\n<p id=\"tl_35\">&#8211; Os graves s&atilde;o grossos, os m&eacute;dios est&atilde;o cheios e os agudos s&atilde;o altos e n&atilde;o agressivos.Crossover de baixa pot&ecirc;ncia sem perdas e tweeter miniatura de alto desempenho com alta sensibilidade e boa penetra&ccedil;&atilde;o.<\/p>\n<p id=\"tl_36\">&#8211; Prote&ccedil;&atilde;o atualizada, cobertura de malha exclusiva feita de material r&iacute;gido PE de metal sint&eacute;tico com textura dura para proteger o diafragma.<\/p>\n<div style=\"line-height:30px;color:white\">\n    <span style=\"font-size:22px\" id=\"tl_37\">O pacote inclui<\/span>\n   <\/div>\n<\/p><\/div>\n<\/p><\/div>\n<div style=\"font-family:arial, sans-serif;font-size:17px;font-weight:normal;line-height:normal\">\n<div style=\"font-family:Arial, sans-serif;font-size:18px;margin-bottom:15px;margin-top:15px;padding-left:15px;padding-right:3px\">\n<ul style=\"margin:0px;margin-bottom:0px;margin-top:0px;margin-left:0px;margin-right:0px;padding:0px;padding-bottom:0px;padding-top:0px;padding-left:0px;padding-right:0px\">\n<li>\n<p id=\"tl_38\">Pacote incluindo: <\/p>\n<\/li>\n<li>\n<p id=\"tl_39\">2 x alto-falantes<\/p>\n<\/li>\n<li>\n<p id=\"tl_40\">2 x linhas de alto-falante<\/p>\n<\/li>\n<li>\n<p id=\"tl_41\">1 x o pacote de parafusos de instala&ccedil;&atilde;o<\/p>\n<\/li>\n<li>\n<p id=\"tl_42\">1 x Manual do Usu&aacute;rio<\/p>\n<\/li>\n<\/ul><\/div>\n<\/p><\/div>\n<\/div>\n<p><img data-recalc-dims=\"1\" decoding=\"async\" src=\"https:\/\/i0.wp.com\/ae03.alicdn.com\/kf\/S5c9ef92c6d4f4d8bb6515a0e36e6a70d3.jpg?w=1200&#038;ssl=1\" \/><\/p>\n<p><img data-recalc-dims=\"1\" decoding=\"async\" src=\"https:\/\/i0.wp.com\/ae01.alicdn.com\/kf\/Sff3d9de754894cf3bc0310e01d36128cd.jpg?w=1200&#038;ssl=1\" \/><img data-recalc-dims=\"1\" decoding=\"async\" src=\"https:\/\/i0.wp.com\/ae01.alicdn.com\/kf\/S94ed36f46a3342a4865f497224ae67b9d.jpg?w=1200&#038;ssl=1\" \/><img data-recalc-dims=\"1\" decoding=\"async\" src=\"https:\/\/i0.wp.com\/ae01.alicdn.com\/kf\/Sc5f4a6bd116a423d9cd21c5ea53fe71fA.jpg?w=1200&#038;ssl=1\" \/><\/p>\n<p><img data-recalc-dims=\"1\" decoding=\"async\" src=\"https:\/\/i0.wp.com\/ae01.alicdn.com\/kf\/S8d5d01e36c364c32b23d789030719846m.jpg?w=1200&#038;ssl=1\" \/><\/p>\n<p><img data-recalc-dims=\"1\" decoding=\"async\" src=\"https:\/\/i0.wp.com\/ae03.alicdn.com\/kf\/S12f367d826614c32984f2cdfb9b5b9c4N.jpg?w=1200&#038;ssl=1\" \/><\/p>\n<p><img data-recalc-dims=\"1\" decoding=\"async\" src=\"https:\/\/i0.wp.com\/ae03.alicdn.com\/kf\/S87c96668b33e43fd854ca9f3d6a45c62R.jpg?w=1200&#038;ssl=1\" \/><\/p>\n<p><img data-recalc-dims=\"1\" decoding=\"async\" src=\"https:\/\/i0.wp.com\/ae03.alicdn.com\/kf\/S7078c914a3974abbaa2b109acf8d89a2D.jpg?w=1200&#038;ssl=1\" \/><\/p>\n<p><img data-recalc-dims=\"1\" decoding=\"async\" src=\"https:\/\/i0.wp.com\/ae03.alicdn.com\/kf\/S05a4168c98a34aa8ae61a5a91d7f807bc.jpg?w=1200&#038;ssl=1\" \/><\/p>\n<p><img data-recalc-dims=\"1\" decoding=\"async\" src=\"https:\/\/i0.wp.com\/ae03.alicdn.com\/kf\/Se2b6ee0d10c6453384d8f3b580cec88dh.jpg?w=1200&#038;ssl=1\" \/><\/p>\n<p><img data-recalc-dims=\"1\" decoding=\"async\" src=\"https:\/\/i0.wp.com\/ae03.alicdn.com\/kf\/S7f85d1b730924f30adf4d28a11b18c0fh.jpg?w=1200&#038;ssl=1\" \/><\/p>\n<p><img data-recalc-dims=\"1\" decoding=\"async\" src=\"https:\/\/i0.wp.com\/ae03.alicdn.com\/kf\/S29ec8938ad1749b09d4e075d72e52e8cO.jpg?w=1200&#038;ssl=1\" \/><\/p>\n<p><img data-recalc-dims=\"1\" decoding=\"async\" src=\"https:\/\/i0.wp.com\/ae03.alicdn.com\/kf\/Sbceb4d6af09c40a896623b3eec9d7a71W.jpg?w=1200&#038;ssl=1\" \/><\/p>\n<p><img data-recalc-dims=\"1\" decoding=\"async\" src=\"https:\/\/i0.wp.com\/ae03.alicdn.com\/kf\/S0a02112029d64d54ba58f72abe999b80C.jpg?w=1200&#038;ssl=1\" \/><\/p>\n<p><img data-recalc-dims=\"1\" decoding=\"async\" src=\"https:\/\/i0.wp.com\/ae03.alicdn.com\/kf\/S1dcbc3e2e595428796d9ded3e0bc9f79J.jpg?w=1200&#038;ssl=1\" \/><\/p>\n<p><img data-recalc-dims=\"1\" decoding=\"async\" src=\"https:\/\/i0.wp.com\/ae03.alicdn.com\/kf\/S3c0ff00705a44b35bdb78f4f1d68135af.jpg?w=1200&#038;ssl=1\" \/><\/p>\n<p><img data-recalc-dims=\"1\" decoding=\"async\" src=\"https:\/\/i0.wp.com\/ae03.alicdn.com\/kf\/S8532c5af0ba9464fbb1fbecbd5838eb5v.jpg?w=1200&#038;ssl=1\" \/><\/p>\n<p><img data-recalc-dims=\"1\" decoding=\"async\" src=\"https:\/\/i0.wp.com\/ae03.alicdn.com\/kf\/S7c8e40f584b34fd2a06a8dc037f0fec8Q.jpg?w=1200&#038;ssl=1\" \/><\/p>\n<p><img data-recalc-dims=\"1\" decoding=\"async\" src=\"https:\/\/i0.wp.com\/ae03.alicdn.com\/kf\/S34e6ec1dd42b416aaa01f7f238f03f12N.jpg?w=1200&#038;ssl=1\" \/><\/p>\n<p><img data-recalc-dims=\"1\" decoding=\"async\" src=\"https:\/\/i0.wp.com\/ae03.alicdn.com\/kf\/S68b1e2b38bc34f968a04d9d5ca0ac991g.jpg?w=1200&#038;ssl=1\" \/><\/p>\n<p><\/div>\n<\/div>\n","protected":false},"excerpt":{"rendered":"<p>Descri&ccedil;&atilde;o Nome do produto: Alto-falante modificado ultrafino de baixo m&eacute;dio pesado Especifica&ccedil;&atilde;o Tamanho do item: 4 polegadas Modelo: PZ-F4001 Pot&ecirc;ncia de sa&iacute;da: 70W Pot&ecirc;ncia nominal: 35W Sensibilidade de &aacute;udio: 89dB Rela&ccedil;&atilde;o sinal-ru&iacute;do: 89dB Faixa de frequ&ecirc;ncia (Hz): 60 Hz &#8211; 20 KHz Tamanho do item: 5 polegadas Modelo: PZ-F5001 Pot&ecirc;ncia de sa&iacute;da: 80W Pot&ecirc;ncia nominal:&hellip;&nbsp;<\/p>\n","protected":false},"featured_media":36233,"template":"","meta":{"neve_meta_sidebar":"","neve_meta_container":"","neve_meta_enable_content_width":"","neve_meta_content_width":0,"neve_meta_title_alignment":"","neve_meta_author_avatar":"","neve_post_elements_order":"","neve_meta_disable_header":"","neve_meta_disable_footer":"","neve_meta_disable_title":""},"product_brand":[],"product_cat":[63,20,17],"product_tag":[],"class_list":{"0":"post-36239","1":"product","2":"type-product","3":"status-publish","4":"has-post-thumbnail","6":"product_cat-audio-automotivo","7":"product_cat-eletronicos-automotivos","8":"product_cat-pecas-e-acessorios-automotivos","10":"first","11":"instock","12":"shipping-taxable","13":"purchasable","14":"product-type-variable","15":"has-default-attributes"},"jetpack_sharing_enabled":true,"_links":{"self":[{"href":"https:\/\/listman.shop\/autoparts-br\/wp-json\/wp\/v2\/product\/36239","targetHints":{"allow":["GET"]}}],"collection":[{"href":"https:\/\/listman.shop\/autoparts-br\/wp-json\/wp\/v2\/product"}],"about":[{"href":"https:\/\/listman.shop\/autoparts-br\/wp-json\/wp\/v2\/types\/product"}],"wp:featuredmedia":[{"embeddable":true,"href":"https:\/\/listman.shop\/autoparts-br\/wp-json\/wp\/v2\/media\/36233"}],"wp:attachment":[{"href":"https:\/\/listman.shop\/autoparts-br\/wp-json\/wp\/v2\/media?parent=36239"}],"wp:term":[{"taxonomy":"product_brand","embeddable":true,"href":"https:\/\/listman.shop\/autoparts-br\/wp-json\/wp\/v2\/product_brand?post=36239"},{"taxonomy":"product_cat","embeddable":true,"href":"https:\/\/listman.shop\/autoparts-br\/wp-json\/wp\/v2\/product_cat?post=36239"},{"taxonomy":"product_tag","embeddable":true,"href":"https:\/\/listman.shop\/autoparts-br\/wp-json\/wp\/v2\/product_tag?post=36239"}],"curies":[{"name":"wp","href":"https:\/\/api.w.org\/{rel}","templated":true}]}}