{"id":3631,"date":"2024-10-13T01:47:38","date_gmt":"2024-10-12T16:47:38","guid":{"rendered":"https:\/\/listman.shop\/autoparts-br\/product\/1005006929481868\/"},"modified":"2026-04-04T13:18:06","modified_gmt":"2026-04-04T04:18:06","slug":"1005006929481868","status":"publish","type":"product","link":"https:\/\/listman.shop\/autoparts-br\/product\/1005006929481868\/","title":{"rendered":"Novo ARM emulador depurador, ferramenta de depura\u00e7\u00e3o, Jlink V12 Jlink V12 PK Jlink V9 SWD programador STM32 MCU JTAG, depura\u00e7\u00e3o"},"content":{"rendered":"<div class=\"detailmodule_html\">\n<div class=\"detail-desc-decorate-richtext\">\n<p><span style=\"font-size:16px\"><strong id=\"tl_1\">Novo para ARM emulador depurador para J-link V12 Jlink V12 SWD programador STM32 MCU JTAG ferramenta de depura&ccedil;&atilde;o<\/strong><\/span><\/p>\n<p><\/p>\n<p><span style=\"font-size:18px\"><strong id=\"tl_2\">Caracter&iacute;sticas:<\/strong><\/span><\/p>\n<ul>\n<li>\n<p id=\"tl_3\">Suporta todos os chips ARM, chips PIC, chips RISC-v e cerca de 51 chips.<\/p>\n<\/li>\n<li>\n<p id=\"tl_4\">Vers&atilde;o do hardware: v12.00.<\/p>\n<\/li>\n<li>\n<p id=\"tl_5\">Vers&atilde;o do software: Suporta a &uacute;ltima vers&atilde;o.<\/p>\n<\/li>\n<\/ul>\n<p><\/p>\n<p><strong><span style=\"font-size:18px\" id=\"tl_6\">Lista de embalagem<\/span><\/strong><\/p>\n<ul>\n<li>\n<p id=\"tl_7\">1x Emulador Jlink V12<\/p>\n<\/li>\n<li>\n<p id=\"tl_8\">1x20P Linha de um padr&atilde;o JTAG<\/p>\n<\/li>\n<li>\n<p id=\"tl_9\">1x cabo USB<\/p>\n<\/li>\n<\/ul>\n<p><img data-recalc-dims=\"1\" decoding=\"async\" src=\"https:\/\/i0.wp.com\/ae01.alicdn.com\/kf\/S8b18cc40911d434481e535bf660855aaS.jpg?w=1200&#038;ssl=1\" \/><img data-recalc-dims=\"1\" decoding=\"async\" src=\"https:\/\/i0.wp.com\/ae01.alicdn.com\/kf\/S02be204c1f7241fea352cdf549094626s.jpg?w=1200&#038;ssl=1\" \/><\/p>\n<p><img data-recalc-dims=\"1\" decoding=\"async\" src=\"https:\/\/i0.wp.com\/ae01.alicdn.com\/kf\/Se204f1fd78494d04843f78c5059c7be3D.jpg?w=1200&#038;ssl=1\" \/><img data-recalc-dims=\"1\" decoding=\"async\" src=\"https:\/\/i0.wp.com\/ae01.alicdn.com\/kf\/Sa617f5c240a5466e9219cc19f2e65626f.jpg?w=1200&#038;ssl=1\" \/><\/p>\n<p><img data-recalc-dims=\"1\" decoding=\"async\" src=\"https:\/\/i0.wp.com\/ae01.alicdn.com\/kf\/S9772ff66fdd540a9bd5931540bdb42f0w.jpg?w=1200&#038;ssl=1\" \/><\/p>\n<p><\/p>\n<p><\/p>\n<\/div>\n<\/div>\n","protected":false},"excerpt":{"rendered":"<p>Novo para ARM emulador depurador para J-link V12 Jlink V12 SWD programador STM32 MCU JTAG ferramenta de depura&ccedil;&atilde;o Caracter&iacute;sticas: Suporta todos os chips ARM, chips PIC, chips RISC-v e cerca de 51 chips. Vers&atilde;o do hardware: v12.00. Vers&atilde;o do software: Suporta a &uacute;ltima vers&atilde;o. Lista de embalagem 1x Emulador Jlink V12 1x20P Linha de um&hellip;&nbsp;<\/p>\n","protected":false},"featured_media":3625,"template":"","meta":{"neve_meta_sidebar":"","neve_meta_container":"","neve_meta_enable_content_width":"","neve_meta_content_width":0,"neve_meta_title_alignment":"","neve_meta_author_avatar":"","neve_post_elements_order":"","neve_meta_disable_header":"","neve_meta_disable_footer":"","neve_meta_disable_title":""},"product_brand":[],"product_cat":[149,18,17],"product_tag":[],"class_list":{"0":"post-3631","1":"product","2":"type-product","3":"status-publish","4":"has-post-thumbnail","6":"product_cat-cabo-e-adaptador-obd","7":"product_cat-ferramentas-de-reparo-automotivo","8":"product_cat-pecas-e-acessorios-automotivos","10":"first","11":"instock","12":"shipping-taxable","13":"purchasable","14":"product-type-variable","15":"has-default-attributes"},"jetpack_sharing_enabled":true,"_links":{"self":[{"href":"https:\/\/listman.shop\/autoparts-br\/wp-json\/wp\/v2\/product\/3631","targetHints":{"allow":["GET"]}}],"collection":[{"href":"https:\/\/listman.shop\/autoparts-br\/wp-json\/wp\/v2\/product"}],"about":[{"href":"https:\/\/listman.shop\/autoparts-br\/wp-json\/wp\/v2\/types\/product"}],"wp:featuredmedia":[{"embeddable":true,"href":"https:\/\/listman.shop\/autoparts-br\/wp-json\/wp\/v2\/media\/3625"}],"wp:attachment":[{"href":"https:\/\/listman.shop\/autoparts-br\/wp-json\/wp\/v2\/media?parent=3631"}],"wp:term":[{"taxonomy":"product_brand","embeddable":true,"href":"https:\/\/listman.shop\/autoparts-br\/wp-json\/wp\/v2\/product_brand?post=3631"},{"taxonomy":"product_cat","embeddable":true,"href":"https:\/\/listman.shop\/autoparts-br\/wp-json\/wp\/v2\/product_cat?post=3631"},{"taxonomy":"product_tag","embeddable":true,"href":"https:\/\/listman.shop\/autoparts-br\/wp-json\/wp\/v2\/product_tag?post=3631"}],"curies":[{"name":"wp","href":"https:\/\/api.w.org\/{rel}","templated":true}]}}