{"id":36880,"date":"2025-03-23T00:53:23","date_gmt":"2025-03-22T15:53:23","guid":{"rendered":"https:\/\/listman.shop\/autoparts-br\/product\/1005006469193879\/"},"modified":"2026-04-14T11:51:11","modified_gmt":"2026-04-14T02:51:11","slug":"1005006469193879","status":"publish","type":"product","link":"https:\/\/listman.shop\/autoparts-br\/product\/1005006469193879\/","title":{"rendered":"Tkstar tk905b 2g rastreador gps \u00edm\u00e3 de carro 10000mah rastreador gps 2g localizador gps \u00e0 prova dwaterproof \u00e1gua ve\u00edculo rastreador gps aplicativo gratuito pk tk915"},"content":{"rendered":"<div class=\"detailmodule_html\">\n<div class=\"detail-desc-decorate-richtext\">\n<div class=\"detailmodule_text\">\n<p id=\"tl_1\">Aviso importante antes de comprar:<\/p>\n<\/div>\n<div class=\"detailmodule_text\">\n<p id=\"tl_2\">Deve funcionar com cart&atilde;o SIM, e o cart&atilde;o SIM n&atilde;o vir&aacute; com o pacote, todos os clientes precisam comprar o cart&atilde;o SIM de seus operadores locais<\/p>\n<\/div>\n<div class=\"detailmodule_image\">\n <img data-recalc-dims=\"1\" decoding=\"async\" class=\"detail-desc-decorate-image\" src=\"https:\/\/i0.wp.com\/ae01.alicdn.com\/kf\/HTB1IrpxMMDqK1RjSZSyq6yxEVXao.jpg?w=1200&#038;ssl=1\" \/>\n<\/div>\n<div class=\"detailmodule_text\">\n<p id=\"tl_3\">Pode ser usado em muitos tipos de carros<\/p>\n<\/div>\n<div class=\"detailmodule_image\">\n <img data-recalc-dims=\"1\" decoding=\"async\" class=\"detail-desc-decorate-image\" src=\"https:\/\/i0.wp.com\/ae01.alicdn.com\/kf\/HTB1yDQVQkvoK1RjSZFDq6xY3pXav.jpg?w=1200&#038;ssl=1\" \/>\n<\/div>\n<div class=\"detailmodule_text\">\n<p id=\"tl_4\">Longo tempo de espera<\/p>\n<\/div>\n<div class=\"detailmodule_text\">\n<p id=\"tl_5\">Tt possui bateria de &iacute;on-l&iacute;tio integrada de 3,7 V 10000 mAh<\/p>\n<\/div>\n<div class=\"detailmodule_text\">\n<p id=\"tl_6\">Pode ficar em espera por at&eacute; 120 dias<\/p>\n<\/div>\n<div class=\"detailmodule_image\">\n <img data-recalc-dims=\"1\" decoding=\"async\" class=\"detail-desc-decorate-image\" src=\"https:\/\/i0.wp.com\/ae01.alicdn.com\/kf\/HTB1AzNCMHvpK1RjSZPiq6zmwXXaH.jpg?w=1200&#038;ssl=1\" \/>\n<\/div>\n<div class=\"detailmodule_text\">\n<p id=\"tl_7\">Magn&eacute;tico poderoso<\/p>\n<\/div>\n<div class=\"detailmodule_text\">\n<p id=\"tl_8\">Possui 5 PCS magn&eacute;ticos com magn&eacute;tico poderoso super forte<\/p>\n<\/div>\n<div class=\"detailmodule_text\">\n<p id=\"tl_9\">pode ser instalado muito facilmente<\/p>\n<\/div>\n<div class=\"detailmodule_image\">\n <img data-recalc-dims=\"1\" decoding=\"async\" class=\"detail-desc-decorate-image\" src=\"https:\/\/i0.wp.com\/ae01.alicdn.com\/kf\/HTB1bH3PQmzqK1RjSZPxq6A4tVXa7.jpg?w=1200&#038;ssl=1\" \/>\n<\/div>\n<div class=\"detailmodule_text\">\n<p id=\"tl_10\">Possui um alarme de agita&ccedil;&atilde;o<\/p>\n<\/div>\n<div class=\"detailmodule_text\">\n<p id=\"tl_11\">Ao configur&aacute;-lo, mantenha o rastreador parado por 5 minutos<\/p>\n<\/div>\n<div class=\"detailmodule_text\">\n<p id=\"tl_12\">ele lhe enviar&aacute; a medida do alarme<\/p>\n<\/div>\n<div class=\"detailmodule_image\">\n <img data-recalc-dims=\"1\" decoding=\"async\" class=\"detail-desc-decorate-image\" src=\"https:\/\/i0.wp.com\/ae01.alicdn.com\/kf\/HTB19spQMIfpK1RjSZFOq6y6nFXar.jpg?w=1200&#038;ssl=1\" \/>\n<\/div>\n<div class=\"detailmodule_text\">\n<p id=\"tl_13\">Reprodu&ccedil;&atilde;o de rota hist&oacute;rica<\/p>\n<\/div>\n<div class=\"detailmodule_text\">\n<p id=\"tl_14\">voc&ecirc; pode acompanhar a rota do hist&oacute;rico do dispositivo por at&eacute; 6 meses<\/p>\n<\/div>\n<div class=\"detailmodule_text\">\n<p id=\"tl_15\">no aplicativo e na plataforma web<\/p>\n<\/div>\n<div class=\"detailmodule_image\">\n <img data-recalc-dims=\"1\" decoding=\"async\" class=\"detail-desc-decorate-image\" src=\"https:\/\/i0.wp.com\/ae01.alicdn.com\/kf\/HTB19n.SQlLoK1RjSZFuq6xn0XXaz.jpg?w=1200&#038;ssl=1\" \/>\n<\/div>\n<div class=\"detailmodule_text\">\n<p id=\"tl_16\">Alarme de excesso de velocidade<\/p>\n<\/div>\n<div class=\"detailmodule_text\">\n<p id=\"tl_17\">este alarme funciona apenas no modo de posicionamento cont&iacute;nuo<\/p>\n<\/div>\n<div class=\"detailmodule_text\">\n<p id=\"tl_18\">quando a velocidade da unidade excede a velocidade predefinida<\/p>\n<\/div>\n<div class=\"detailmodule_text\">\n<p id=\"tl_19\">enviar&aacute; o mesaage \u201calarme de velocidade\u201d para o n&uacute;mero do administrador a cada 5 minutos<\/p>\n<\/div>\n<div class=\"detailmodule_image\">\n <img data-recalc-dims=\"1\" decoding=\"async\" class=\"detail-desc-decorate-image\" src=\"https:\/\/i0.wp.com\/ae01.alicdn.com\/kf\/HTB12bxxMMTqK1RjSZPhq6xfOFXaq.jpg?w=1200&#038;ssl=1\" \/>\n<\/div>\n<div class=\"detailmodule_text\">\n<p id=\"tl_20\">Suporta cart&atilde;o SIM normal<\/p>\n<\/div>\n<div class=\"detailmodule_image\">\n <img data-recalc-dims=\"1\" decoding=\"async\" class=\"detail-desc-decorate-image\" src=\"https:\/\/i0.wp.com\/ae01.alicdn.com\/kf\/HTB1poJBMRLoK1RjSZFuq6xn0XXaE.jpg?w=1200&#038;ssl=1\" \/>\n<\/div>\n<div class=\"detailmodule_text\">\n<p id=\"tl_21\">Sobre a plataforma de rastreamento da web:<\/p>\n<\/div>\n<div class=\"detailmodule_image\">\n <img data-recalc-dims=\"1\" decoding=\"async\" class=\"detail-desc-decorate-image\" src=\"https:\/\/i0.wp.com\/ae01.alicdn.com\/kf\/HTB1m_wUQmzqK1RjSZFHq6z3CpXae.jpg?w=1200&#038;ssl=1\" \/><br \/>\n <img data-recalc-dims=\"1\" decoding=\"async\" class=\"detail-desc-decorate-image\" src=\"https:\/\/i0.wp.com\/ae01.alicdn.com\/kf\/HTB1gpXyMSrqK1RjSZK9q6xyypXap.jpg?w=1200&#038;ssl=1\" \/><br \/>\n <img data-recalc-dims=\"1\" decoding=\"async\" class=\"detail-desc-decorate-image\" src=\"https:\/\/i0.wp.com\/ae01.alicdn.com\/kf\/HTB1MLtEMFYqK1RjSZLeq6zXppXaC.jpg?w=1200&#038;ssl=1\" \/><br \/>\n <img data-recalc-dims=\"1\" decoding=\"async\" class=\"detail-desc-decorate-image\" src=\"https:\/\/i0.wp.com\/ae01.alicdn.com\/kf\/HTB1uIhGMSzqK1RjSZFpq6ykSXXa8.jpg?w=1200&#038;ssl=1\" \/><br \/>\n <img data-recalc-dims=\"1\" decoding=\"async\" class=\"detail-desc-decorate-image\" src=\"https:\/\/i0.wp.com\/ae01.alicdn.com\/kf\/HTB11k84MOLaK1RjSZFxq6ymPFXaz.jpg?w=1200&#038;ssl=1\" \/><br \/>\n <img data-recalc-dims=\"1\" decoding=\"async\" class=\"detail-desc-decorate-image\" src=\"https:\/\/i0.wp.com\/ae01.alicdn.com\/kf\/HTB1V5VzMSzqK1RjSZFLq6An2XXaF.jpg?w=1200&#038;ssl=1\" \/>\n<\/div>\n<p><\/div>\n<\/div>\n","protected":false},"excerpt":{"rendered":"<p>Aviso importante antes de comprar: Deve funcionar com cart&atilde;o SIM, e o cart&atilde;o SIM n&atilde;o vir&aacute; com o pacote, todos os clientes precisam comprar o cart&atilde;o SIM de seus operadores locais Pode ser usado em muitos tipos de carros Longo tempo de espera Tt possui bateria de &iacute;on-l&iacute;tio integrada de 3,7 V 10000 mAh Pode&hellip;&nbsp;<\/p>\n","protected":false},"featured_media":36874,"template":"","meta":{"neve_meta_sidebar":"","neve_meta_container":"","neve_meta_enable_content_width":"","neve_meta_content_width":0,"neve_meta_title_alignment":"","neve_meta_author_avatar":"","neve_post_elements_order":"","neve_meta_disable_header":"","neve_meta_disable_footer":"","neve_meta_disable_title":""},"product_brand":[],"product_cat":[20,59,17],"product_tag":[],"class_list":{"0":"post-36880","1":"product","2":"type-product","3":"status-publish","4":"has-post-thumbnail","6":"product_cat-eletronicos-automotivos","7":"product_cat-gps-e-acessorios","8":"product_cat-pecas-e-acessorios-automotivos","10":"first","11":"instock","12":"shipping-taxable","13":"purchasable","14":"product-type-variable","15":"has-default-attributes"},"jetpack_sharing_enabled":true,"_links":{"self":[{"href":"https:\/\/listman.shop\/autoparts-br\/wp-json\/wp\/v2\/product\/36880","targetHints":{"allow":["GET"]}}],"collection":[{"href":"https:\/\/listman.shop\/autoparts-br\/wp-json\/wp\/v2\/product"}],"about":[{"href":"https:\/\/listman.shop\/autoparts-br\/wp-json\/wp\/v2\/types\/product"}],"wp:featuredmedia":[{"embeddable":true,"href":"https:\/\/listman.shop\/autoparts-br\/wp-json\/wp\/v2\/media\/36874"}],"wp:attachment":[{"href":"https:\/\/listman.shop\/autoparts-br\/wp-json\/wp\/v2\/media?parent=36880"}],"wp:term":[{"taxonomy":"product_brand","embeddable":true,"href":"https:\/\/listman.shop\/autoparts-br\/wp-json\/wp\/v2\/product_brand?post=36880"},{"taxonomy":"product_cat","embeddable":true,"href":"https:\/\/listman.shop\/autoparts-br\/wp-json\/wp\/v2\/product_cat?post=36880"},{"taxonomy":"product_tag","embeddable":true,"href":"https:\/\/listman.shop\/autoparts-br\/wp-json\/wp\/v2\/product_tag?post=36880"}],"curies":[{"name":"wp","href":"https:\/\/api.w.org\/{rel}","templated":true}]}}