{"id":37649,"date":"2025-03-23T01:19:36","date_gmt":"2025-03-22T16:19:36","guid":{"rendered":"https:\/\/listman.shop\/autoparts-br\/product\/1005007433547280\/"},"modified":"2026-04-14T12:00:10","modified_gmt":"2026-04-14T03:00:10","slug":"1005007433547280","status":"publish","type":"product","link":"https:\/\/listman.shop\/autoparts-br\/product\/1005007433547280\/","title":{"rendered":"Filtro CPL Antirreflexo com Prote\u00e7\u00e3o contra Poeira para Lente Dupla HD DDPAI N5 e Adesivo Est\u00e1tico para C\u00e2mera Traseira DDPAI N5"},"content":{"rendered":"<div class=\"detailmodule_html\">\n<div class=\"detail-desc-decorate-richtext\">\n<div class=\"detailmodule_html\">\n<div class=\"detail-desc-decorate-richtext\">\n<p><span style=\"font-size:22px\" id=\"tl_1\">Para DDPAI N5 Lente Dupla HD Prote&ccedil;&atilde;o contra Poeira Filtro CPL Antirreflexo Para C&acirc;mera Traseira DDPAI Filtro CPL Para DDPAI N5 Adesivo Est&aacute;tico<\/span><\/p>\n<p><\/p>\n<div style=\", sans-serif;font-size:14px;font-weight:400;letter-spacing:normal;text-align:start;white-space:normal;margin:0px;margin-bottom:0px;margin-top:0px;margin-left:0px;margin-right:0px;padding:0px 0px 0px 0em;padding-bottom:0px;padding-top:0px;padding-right:0px\" align=\"start\">\n   <span style=\"font-size:20px\" id=\"tl_2\">Vidro &oacute;ptico fino natural de alta qualidade, di&acirc;metro, coeficiente de polariza&ccedil;&atilde;o 99,9%.<\/span>\n  <\/div>\n<div style=\", sans-serif;font-size:14px;font-weight:400;letter-spacing:normal;text-align:start;white-space:normal;margin:0px;margin-bottom:0px;margin-top:0px;margin-left:0px;margin-right:0px;padding:0px 0px 0px 0em;padding-bottom:0px;padding-top:0px;padding-right:0px\" align=\"start\"><\/div>\n<div style=\", sans-serif;font-size:14px;font-weight:400;letter-spacing:normal;text-align:start;white-space:normal;margin:0px;margin-bottom:0px;margin-top:0px;margin-left:0px;margin-right:0px;padding:0px 0px 0px 0em;padding-bottom:0px;padding-top:0px;padding-right:0px\" align=\"start\">\n   <span style=\"font-size:20px\" id=\"tl_3\">Reduza o reflexo de superf&iacute;cies brilhantes, como reflexo do painel, superf&iacute;cie da &aacute;gua, vidro, brilho da estrada.mas tamb&eacute;m deixando a cor natural aparecer.<\/span>\n  <\/div>\n<div style=\", sans-serif;font-size:14px;font-weight:400;letter-spacing:normal;text-align:start;white-space:normal;margin:0px;margin-bottom:0px;margin-top:0px;margin-left:0px;margin-right:0px;padding:0px 0px 0px 0em;padding-bottom:0px;padding-top:0px;padding-right:0px\" align=\"start\"><\/div>\n<div style=\", sans-serif;font-size:14px;font-weight:400;letter-spacing:normal;text-align:start;white-space:normal;margin:0px;margin-bottom:0px;margin-top:0px;margin-left:0px;margin-right:0px;padding:0px 0px 0px 0em;padding-bottom:0px;padding-top:0px;padding-right:0px\" align=\"start\">\n   <span style=\"font-size:20px\" id=\"tl_4\">Parte da luz que vem do c&eacute;u tamb&eacute;m &eacute; polarizada para proporcionar um c&eacute;u mais dram&aacute;tico e nuvens de maior contraste, renderizando cenas externas com cores mais n&iacute;tidas e profundas.<\/span>\n  <\/div>\n<div style=\", sans-serif;font-size:14px;font-weight:400;letter-spacing:normal;text-align:start;white-space:normal;margin:0px;margin-bottom:0px;margin-top:0px;margin-left:0px;margin-right:0px;padding:0px 0px 0px 0em;padding-bottom:0px;padding-top:0px;padding-right:0px\" align=\"start\"><\/div>\n<div style=\", sans-serif;font-size:14px;font-weight:400;letter-spacing:normal;text-align:start;white-space:normal;margin:0px;margin-bottom:0px;margin-top:0px;margin-left:0px;margin-right:0px;padding:0px 0px 0px 0em;padding-bottom:0px;padding-top:0px;padding-right:0px\" align=\"start\">\n   <span style=\"font-size:20px\" id=\"tl_5\">Sobre a Garantia: Devido ao item ser feito de vidro e ser facilmente quebr&aacute;vel durante o transporte, solicitamos que o comprador entre em contato conosco em at&eacute; 3 dias ap&oacute;s o recebimento.(A partir da data de assinatura no site) Acima de 3 dias, N&Atilde;O assumimos qualquer responsabilidade.<\/span>\n  <\/div>\n<p style=\", sans-serif;font-size:14px;font-weight:400;letter-spacing:normal;line-height:inherit;text-align:start;white-space:normal;margin:0px;margin-bottom:0px;margin-top:0px;margin-left:0px;margin-right:0px;padding:0px 0px 0px 0em;padding-bottom:0px;padding-top:0px;padding-right:0px\" align=\"start\"><span class=\"src\" style=\"font-size:24px;, Meiryo, sans-serif\" id=\"tl_6\">Funcionalidades: <br \/>Vidro Polarizador Circular Dourado <br \/>Reduz o brilho <br \/>Melhora a Qualidade do V&iacute;deo <br \/>F&aacute;cil de instalar<\/span><\/p>\n<p><span style=\"font-size:24px;, Meiryo, sans-serif\" id=\"tl_7\">Material: anel de espelho de liga de alum&iacute;nio de alta qualidade<\/span><\/p>\n<p><span style=\"font-size:24px;, Meiryo, sans-serif\" id=\"tl_8\">Filtro CPL anti-reflexo com prote&ccedil;&atilde;o contra poeira da lente HD <\/p>\n<p>Eliminar CPL reflexivo<\/span><\/p>\n<p><span style=\"font-size:24px;, Meiryo, sans-serif\" id=\"tl_9\"><br \/>Material: Vidro &oacute;ptico<\/span><\/p>\n<p><span style=\"font-size:24px;, Meiryo, sans-serif\" id=\"tl_10\"><br \/>Modelos aplic&aacute;veis: DDPAI Dash Cam Mola N3\/N3 Pro<\/span><\/p>\n<p><\/p>\n<div style=\", Meiryo, sans-serif;font-size:14px;font-weight:normal;letter-spacing:normal;line-height:26px;text-align:start;white-space:normal;margin:0px;margin-bottom:0px;margin-top:0px;margin-left:0px;margin-right:0px;padding:0px 0px 0px 0em;padding-bottom:0px;padding-top:0px;padding-right:0px\" align=\"start\">\n   <span style=\"font-size:28px;font-family:georgia, serif\" id=\"tl_11\">Acess&oacute;rios de embalagem:<\/span>\n  <\/div>\n<div style=\", Meiryo, sans-serif;font-size:14px;font-weight:normal;letter-spacing:normal;line-height:26px;text-align:start;white-space:normal;margin:0px;margin-bottom:0px;margin-top:0px;margin-left:0px;margin-right:0px;padding:0px 0px 0px 0em;padding-bottom:0px;padding-top:0px;padding-right:0px\" align=\"start\">\n   <span style=\"font-size:28px;font-family:georgia, serif\" id=\"tl_12\">Embalagem em caixa 1X<\/span>\n  <\/div>\n<div style=\", Meiryo, sans-serif;font-size:14px;font-weight:normal;letter-spacing:normal;line-height:26px;text-align:start;white-space:normal;margin:0px;margin-bottom:0px;margin-top:0px;margin-left:0px;margin-right:0px;padding:0px 0px 0px 0em;padding-bottom:0px;padding-top:0px;padding-right:0px\" align=\"start\">\n   <span style=\"font-size:28px;font-family:georgia, serif\" id=\"tl_13\">1x Filtro CPL<\/span>\n  <\/div>\n<p style=\", sans-serif;font-size:14px;font-weight:400;letter-spacing:normal;line-height:inherit;text-align:start;white-space:normal;margin:0px;margin-bottom:0px;margin-top:0px;margin-left:0px;margin-right:0px;padding:0px 0px 0px 0em;padding-bottom:0px;padding-top:0px;padding-right:0px\" align=\"start\"><span style=\"font-size:28px;, Meiryo, sans-serif\" id=\"tl_14\">Nota: N&atilde;o inclui c&acirc;meras<\/span><\/p>\n<p><span class=\"src\" style=\"font-size:28px;, Meiryo, sans-serif\" id=\"tl_15\">Uma CPL (lente polarizadora circular) opcional pode ser usada para reduzir<\/span><\/p>\n<p><span class=\"src\" style=\"font-size:28px;, Meiryo, sans-serif\" id=\"tl_16\">reflexos e brilho que, de outra forma, poderiam prejudicar a qualidade da imagem. (Opcional)<\/span><\/p>\n<p><img data-recalc-dims=\"1\" decoding=\"async\" style=\"max-width:100%\" src=\"https:\/\/i0.wp.com\/ae01.alicdn.com\/kf\/S31b9975e25084091b1bf2078b1e77215x.jpg?w=1200&#038;ssl=1\" \/><img data-recalc-dims=\"1\" decoding=\"async\" style=\"max-width:100%\" src=\"https:\/\/i0.wp.com\/ae01.alicdn.com\/kf\/Sfbb92c726cde4c7fbbe94b3f2f0e40daQ.jpg?w=1200&#038;ssl=1\" \/><img data-recalc-dims=\"1\" decoding=\"async\" style=\"max-width:100%\" src=\"https:\/\/i0.wp.com\/ae01.alicdn.com\/kf\/Sa28b2c69ed0d4a0883e5635a240b940a9.jpg?w=1200&#038;ssl=1\" \/><\/p>\n<p style=\"font-family:Verdana, Geneva, Tahoma, sans-serif;font-size:14px;font-weight:400;letter-spacing:normal;line-height:inherit;text-align:start;white-space:normal;margin:0px;margin-bottom:0px;margin-top:0px;margin-left:0px;margin-right:0px\" align=\"start\"><img data-recalc-dims=\"1\" loading=\"lazy\" decoding=\"async\" style=\"max-width:100%\" width=\"800\" height=\"1000\" src=\"https:\/\/i0.wp.com\/ae01.alicdn.com\/kf\/S1e1706191ca843c59c45a2cd32745ae8t.jpg?resize=800%2C1000&#038;ssl=1\" \/><img data-recalc-dims=\"1\" loading=\"lazy\" decoding=\"async\" style=\"max-width:100%\" width=\"800\" height=\"1000\" src=\"https:\/\/i0.wp.com\/ae01.alicdn.com\/kf\/S508f06b2c0dc4d548590a4b5073f74200.jpg?resize=800%2C1000&#038;ssl=1\" \/><\/p>\n<p><img data-recalc-dims=\"1\" loading=\"lazy\" decoding=\"async\" width=\"1080\" height=\"1080\" src=\"https:\/\/i0.wp.com\/ae01.alicdn.com\/kf\/Sd9227c0729d2475ab29d3bd9c48cfd72X.jpg?resize=1080%2C1080&#038;ssl=1\" \/><img data-recalc-dims=\"1\" loading=\"lazy\" decoding=\"async\" width=\"1080\" height=\"1080\" src=\"https:\/\/i0.wp.com\/ae01.alicdn.com\/kf\/Se90fe808e0a042c1ac5a401411b69ae2P.jpg?resize=1080%2C1080&#038;ssl=1\" \/><\/p>\n<p><img data-recalc-dims=\"1\" loading=\"lazy\" decoding=\"async\" width=\"1080\" height=\"1080\" src=\"https:\/\/i0.wp.com\/ae01.alicdn.com\/kf\/Sc0a7ef39936744f29fd21ffbf807d1c0b.jpg?resize=1080%2C1080&#038;ssl=1\" \/><\/p>\n<p><img data-recalc-dims=\"1\" loading=\"lazy\" decoding=\"async\" width=\"1080\" height=\"1080\" src=\"https:\/\/i0.wp.com\/ae01.alicdn.com\/kf\/S89e8d862ce9a485eaf2dc3ed14f3261df.jpg?resize=1080%2C1080&#038;ssl=1\" \/><img data-recalc-dims=\"1\" decoding=\"async\" src=\"https:\/\/i0.wp.com\/ae01.alicdn.com\/kf\/Sb8d65a1b2e684b838708fa06ae83dd63y.jpg?w=1200&#038;ssl=1\" \/><img data-recalc-dims=\"1\" decoding=\"async\" src=\"https:\/\/i0.wp.com\/ae01.alicdn.com\/kf\/Sd8c8851831cc4aa19d131c77ae97211en.jpg?w=1200&#038;ssl=1\" \/><\/p>\n<p><img data-recalc-dims=\"1\" decoding=\"async\" src=\"https:\/\/i0.wp.com\/ae01.alicdn.com\/kf\/Sf8db5f4a176b4018ae7989f68873d119H.jpg?w=1200&#038;ssl=1\" \/><img data-recalc-dims=\"1\" decoding=\"async\" src=\"https:\/\/i0.wp.com\/ae01.alicdn.com\/kf\/S7ffa4dd7a59b4a55870d04a54d718a57y.jpg?w=1200&#038;ssl=1\" \/><img data-recalc-dims=\"1\" decoding=\"async\" src=\"https:\/\/i0.wp.com\/ae01.alicdn.com\/kf\/S4762320e2d15475b87ab58184281c80av.jpg?w=1200&#038;ssl=1\" \/><img data-recalc-dims=\"1\" decoding=\"async\" src=\"https:\/\/i0.wp.com\/ae01.alicdn.com\/kf\/Sc16a3c2689a8439ba8e6b5dbd44a6f81k.jpg?w=1200&#038;ssl=1\" \/><img data-recalc-dims=\"1\" decoding=\"async\" src=\"https:\/\/i0.wp.com\/ae01.alicdn.com\/kf\/S4cf3f41bd4964e5fb391fde6ee281fd42.jpg?w=1200&#038;ssl=1\" \/><\/p>\n<p>\n <\/div>\n<\/div>\n<p><\/div>\n<\/div>\n","protected":false},"excerpt":{"rendered":"<p>Para DDPAI N5 Lente Dupla HD Prote&ccedil;&atilde;o contra Poeira Filtro CPL Antirreflexo Para C&acirc;mera Traseira DDPAI Filtro CPL Para DDPAI N5 Adesivo Est&aacute;tico Vidro &oacute;ptico fino natural de alta qualidade, di&acirc;metro, coeficiente de polariza&ccedil;&atilde;o 99,9%. Reduza o reflexo de superf&iacute;cies brilhantes, como reflexo do painel, superf&iacute;cie da &aacute;gua, vidro, brilho da estrada.mas tamb&eacute;m deixando a&hellip;&nbsp;<\/p>\n","protected":false},"featured_media":37643,"template":"","meta":{"neve_meta_sidebar":"","neve_meta_container":"","neve_meta_enable_content_width":"","neve_meta_content_width":0,"neve_meta_title_alignment":"","neve_meta_author_avatar":"","neve_post_elements_order":"","neve_meta_disable_header":"","neve_meta_disable_footer":"","neve_meta_disable_title":""},"product_brand":[],"product_cat":[40,20,17],"product_tag":[],"class_list":{"0":"post-37649","1":"product","2":"type-product","3":"status-publish","4":"has-post-thumbnail","6":"product_cat-dvr-para-carro","7":"product_cat-eletronicos-automotivos","8":"product_cat-pecas-e-acessorios-automotivos","10":"first","11":"instock","12":"shipping-taxable","13":"purchasable","14":"product-type-variable","15":"has-default-attributes"},"jetpack_sharing_enabled":true,"_links":{"self":[{"href":"https:\/\/listman.shop\/autoparts-br\/wp-json\/wp\/v2\/product\/37649","targetHints":{"allow":["GET"]}}],"collection":[{"href":"https:\/\/listman.shop\/autoparts-br\/wp-json\/wp\/v2\/product"}],"about":[{"href":"https:\/\/listman.shop\/autoparts-br\/wp-json\/wp\/v2\/types\/product"}],"wp:featuredmedia":[{"embeddable":true,"href":"https:\/\/listman.shop\/autoparts-br\/wp-json\/wp\/v2\/media\/37643"}],"wp:attachment":[{"href":"https:\/\/listman.shop\/autoparts-br\/wp-json\/wp\/v2\/media?parent=37649"}],"wp:term":[{"taxonomy":"product_brand","embeddable":true,"href":"https:\/\/listman.shop\/autoparts-br\/wp-json\/wp\/v2\/product_brand?post=37649"},{"taxonomy":"product_cat","embeddable":true,"href":"https:\/\/listman.shop\/autoparts-br\/wp-json\/wp\/v2\/product_cat?post=37649"},{"taxonomy":"product_tag","embeddable":true,"href":"https:\/\/listman.shop\/autoparts-br\/wp-json\/wp\/v2\/product_tag?post=37649"}],"curies":[{"name":"wp","href":"https:\/\/api.w.org\/{rel}","templated":true}]}}