{"id":3802,"date":"2024-10-13T01:53:49","date_gmt":"2024-10-12T16:53:49","guid":{"rendered":"https:\/\/listman.shop\/autoparts-br\/product\/1005007059967609\/"},"modified":"2026-05-07T16:18:29","modified_gmt":"2026-05-07T07:18:29","slug":"1005007059967609","status":"publish","type":"product","link":"https:\/\/listman.shop\/autoparts-br\/product\/1005007059967609\/","title":{"rendered":"Porca traseira da rede de carga do painel de guarni\u00e7\u00e3o do tronco traseiro do carro para ford mustang 2013-2024 fus\u00e3o 2013-2020 para lincoln mkz 2013-2020 w 716357 S900"},"content":{"rendered":"<div class=\"detailmodule_html\">\n<div class=\"detail-desc-decorate-richtext\">\n<div class=\"detailmodule_text\">\n<p style=\"font-family:OpenSans;font-size:14px;font-weight:300;line-height:20px;white-space:pre-wrap;margin-bottom:12px\" class=\"detail-desc-decorate-content\"><span style=\"font-size:22px\"><strong>Prezado cliente, confirme o tamanho e a compatibilidade com o modelo do seu ve\u00edculo antes de efetuar a compra.Certifique-se de que tudo esteja correto antes de fazer seu pedido.<\/strong><\/span><span><strong><br \/><\/strong><\/span><br \/>N\u00famero da pe\u00e7a: W716357S900,W716357-S900<\/p>\n<p>Montagem:<br \/>Compat\u00edvel com Ford Mustang 2013 a 2024 anos<\/p>\n<p>Compat\u00edvel com Ford Fusion 2013 ao 2020<\/p>\n<p>Compat\u00edvel com Lincoln MKZ 2013 ao ano 2020<\/p>\n<p><span style=\"font-size:22px\"><strong>Se quiser comprar uma grande quantidade, entre em contato conosco e forneceremos o pre\u00e7o de atacado<\/strong><\/span><\/p>\n<\/div>\n<div class=\"detailmodule_image\"><img data-recalc-dims=\"1\" decoding=\"async\" class=\"detail-desc-decorate-image\" src=\"https:\/\/i0.wp.com\/ae01.alicdn.com\/kf\/S6d828596ae2146f69f6c2d14665a734fa.jpg?w=1200&#038;ssl=1\"><img data-recalc-dims=\"1\" decoding=\"async\" class=\"detail-desc-decorate-image\" src=\"https:\/\/i0.wp.com\/ae01.alicdn.com\/kf\/Se4add15f8a294f4a85db8fb02de2c22ac.jpg?w=1200&#038;ssl=1\"><img data-recalc-dims=\"1\" decoding=\"async\" class=\"detail-desc-decorate-image\" src=\"https:\/\/i0.wp.com\/ae01.alicdn.com\/kf\/S5e54fdbff7f044a08a5c84cd5e474300G.jpg?w=1200&#038;ssl=1\"><img data-recalc-dims=\"1\" decoding=\"async\" class=\"detail-desc-decorate-image\" src=\"https:\/\/i0.wp.com\/ae01.alicdn.com\/kf\/Sb10c95b532c04caca545432f9761a46f8.jpg?w=1200&#038;ssl=1\"><img data-recalc-dims=\"1\" decoding=\"async\" class=\"detail-desc-decorate-image\" src=\"https:\/\/i0.wp.com\/ae01.alicdn.com\/kf\/S49582f2f30c44d9e99755a61aa1a6c3et.jpg?w=1200&#038;ssl=1\"><img data-recalc-dims=\"1\" decoding=\"async\" class=\"detail-desc-decorate-image\" src=\"https:\/\/i0.wp.com\/ae01.alicdn.com\/kf\/Se740b2313d1a448ca325ef81ad1cf564E.jpg?w=1200&#038;ssl=1\"><img data-recalc-dims=\"1\" decoding=\"async\" class=\"detail-desc-decorate-image\" src=\"https:\/\/i0.wp.com\/ae01.alicdn.com\/kf\/S256d7ac51f68497db72e7f9e4c072297j.jpg?w=1200&#038;ssl=1\"><img data-recalc-dims=\"1\" decoding=\"async\" class=\"detail-desc-decorate-image\" src=\"https:\/\/i0.wp.com\/ae01.alicdn.com\/kf\/Se1dd918248874e37836a5f3aa21cd539T.jpg?w=1200&#038;ssl=1\"><img data-recalc-dims=\"1\" decoding=\"async\" class=\"detail-desc-decorate-image\" src=\"https:\/\/i0.wp.com\/ae01.alicdn.com\/kf\/S7409f347b6054c6cb8304874205ac41cg.jpg?w=1200&#038;ssl=1\"><img data-recalc-dims=\"1\" decoding=\"async\" class=\"detail-desc-decorate-image\" src=\"https:\/\/i0.wp.com\/ae01.alicdn.com\/kf\/Sac8e81406b1047acb8fecb5da308608dK.jpg?w=1200&#038;ssl=1\"><\/div>\n<p><\/p>\n<\/div>\n<\/div>\n","protected":false},"excerpt":{"rendered":"<p>Prezado cliente, confirme o tamanho e a compatibilidade com o modelo do seu ve\u00edculo antes de efetuar a compra.Certifique-se de que tudo esteja correto antes de fazer seu pedido.N\u00famero da pe\u00e7a: W716357S900,W716357-S900 Montagem:Compat\u00edvel com Ford Mustang 2013 a 2024 anos Compat\u00edvel com Ford Fusion 2013 ao 2020 Compat\u00edvel com Lincoln MKZ 2013 ao ano 2020&hellip;&nbsp;<\/p>\n","protected":false},"featured_media":3796,"template":"","meta":{"neve_meta_sidebar":"","neve_meta_container":"","neve_meta_enable_content_width":"","neve_meta_content_width":0,"neve_meta_title_alignment":"","neve_meta_author_avatar":"","neve_post_elements_order":"","neve_meta_disable_header":"","neve_meta_disable_footer":"","neve_meta_disable_title":""},"product_brand":[],"product_cat":[25,17,105],"product_tag":[],"class_list":{"0":"post-3802","1":"product","2":"type-product","3":"status-publish","4":"has-post-thumbnail","6":"product_cat-acessorios-do-interior","7":"product_cat-pecas-e-acessorios-automotivos","8":"product_cat-prendedor-automatico-e-clipe","10":"first","11":"instock","12":"shipping-taxable","13":"purchasable","14":"product-type-variable","15":"has-default-attributes"},"jetpack_sharing_enabled":true,"_links":{"self":[{"href":"https:\/\/listman.shop\/autoparts-br\/wp-json\/wp\/v2\/product\/3802","targetHints":{"allow":["GET"]}}],"collection":[{"href":"https:\/\/listman.shop\/autoparts-br\/wp-json\/wp\/v2\/product"}],"about":[{"href":"https:\/\/listman.shop\/autoparts-br\/wp-json\/wp\/v2\/types\/product"}],"wp:featuredmedia":[{"embeddable":true,"href":"https:\/\/listman.shop\/autoparts-br\/wp-json\/wp\/v2\/media\/3796"}],"wp:attachment":[{"href":"https:\/\/listman.shop\/autoparts-br\/wp-json\/wp\/v2\/media?parent=3802"}],"wp:term":[{"taxonomy":"product_brand","embeddable":true,"href":"https:\/\/listman.shop\/autoparts-br\/wp-json\/wp\/v2\/product_brand?post=3802"},{"taxonomy":"product_cat","embeddable":true,"href":"https:\/\/listman.shop\/autoparts-br\/wp-json\/wp\/v2\/product_cat?post=3802"},{"taxonomy":"product_tag","embeddable":true,"href":"https:\/\/listman.shop\/autoparts-br\/wp-json\/wp\/v2\/product_tag?post=3802"}],"curies":[{"name":"wp","href":"https:\/\/api.w.org\/{rel}","templated":true}]}}