{"id":38572,"date":"2025-03-23T01:48:33","date_gmt":"2025-03-22T16:48:33","guid":{"rendered":"https:\/\/listman.shop\/autoparts-br\/product\/1005008354419344\/"},"modified":"2026-04-14T11:36:37","modified_gmt":"2026-04-14T02:36:37","slug":"1005008354419344","status":"publish","type":"product","link":"https:\/\/listman.shop\/autoparts-br\/product\/1005008354419344\/","title":{"rendered":"Android 15 para benz gl ml w164 ml350 ml500 x164 2005-2012 2k qled android r\u00e1dio do carro reprodutor de v\u00eddeo multim\u00eddia gps est\u00e9reo carplay"},"content":{"rendered":"<div class=\"detailmodule_html\">\n<div class=\"detail-desc-decorate-richtext\">\n<h2 id=\"tl_1\">Bem-vindo &agrave; loja principal da Junda Navi<\/h2>\n<p id=\"tl_2\">&gt;&gt;&gt; Todos os produtos foram aprovados em rigorosos testes de qualidade antes do envio, certifique-se de alta qualidade. <br \/>&gt;&gt;&gt; V&aacute;rias configura&ccedil;&otilde;es incluem presentes de c&acirc;mera, que ser&atilde;o inclu&iacute;dos na embalagem, escolha o kit que voc&ecirc; gosta <br \/>&gt;&gt;&gt; Se tivermos novo software, iremos atualiz&aacute;-lo a qualquer momento para lhe proporcionar uma experi&ecirc;ncia melhor.<\/p>\n<p id=\"tl_3\">Lista de pacotes de r&aacute;dio: <br \/>1 * anfitri&atilde;o de r&aacute;dio do carro <br \/>1 * quadro <br \/>1 * kit de cabo de alimenta&ccedil;&atilde;o (plug and play) <br \/>Inclui acess&oacute;rios: USB * 2, RCA, GPS, cabo de entrada da c&acirc;mera, cabo 4G (apenas modelo 4G)<\/p>\n<p><a href=\"https:\/\/www.aliexpress.com\/item\/1005007656477623.html?spm=a2g0s.12269583.0.0.314b3260ds3Mjk&amp;gatewayAdapt=4itemAdapt\"><img data-recalc-dims=\"1\" decoding=\"async\" style=\"width: 939.9999389648438px;display: block;margin-left: auto;margin-right: auto\" src=\"https:\/\/i0.wp.com\/ae01.alicdn.com\/kf\/S564264d27c41489285de01d522b26f12v.jpg?w=1200&#038;ssl=1\"  \/><\/a><img data-recalc-dims=\"1\" decoding=\"async\" style=\"width: 939.982666015625px;display: block;margin-left: auto;margin-right: auto\" src=\"https:\/\/i0.wp.com\/ae01.alicdn.com\/kf\/S9a02206d8de245fca9df871fadf1e814R.jpg?w=1200&#038;ssl=1\"  \/><img data-recalc-dims=\"1\" decoding=\"async\" style=\"width: 939.982666015625px;display: block;margin-left: auto;margin-right: auto\" src=\"https:\/\/i0.wp.com\/ae01.alicdn.com\/kf\/S0315c21de96f425aa6dc1d1bc3f51664E.jpg?w=1200&#038;ssl=1\"  \/><img data-recalc-dims=\"1\" decoding=\"async\" style=\"width: 939.982666015625px;display: block;margin-left: auto;margin-right: auto\" src=\"https:\/\/i0.wp.com\/ae01.alicdn.com\/kf\/S4a23032e018e41ae912fef76bbd43313H.jpg?w=1200&#038;ssl=1\"  \/><img data-recalc-dims=\"1\" decoding=\"async\" style=\"width: 939.982666015625px;display: block;margin-left: auto;margin-right: auto\" src=\"https:\/\/i0.wp.com\/ae01.alicdn.com\/kf\/Sd707a78e1f004774bc736076b1fe46055.jpg?w=1200&#038;ssl=1\"  \/><img data-recalc-dims=\"1\" decoding=\"async\" style=\"width: 939.982666015625px;display: block;margin-left: auto;margin-right: auto\" src=\"https:\/\/i0.wp.com\/ae01.alicdn.com\/kf\/Se6406da968974eeea34000ce8ad294d3w.jpg?w=1200&#038;ssl=1\"  \/><img data-recalc-dims=\"1\" decoding=\"async\" style=\"width: 939.982666015625px;display: block;margin-left: auto;margin-right: auto\" src=\"https:\/\/i0.wp.com\/ae01.alicdn.com\/kf\/S611b38cfe2894ac3843f9160675cb9afM.jpg?w=1200&#038;ssl=1\"  \/><img data-recalc-dims=\"1\" decoding=\"async\" style=\"width: 939.982666015625px;display: block;margin-left: auto;margin-right: auto\" src=\"https:\/\/i0.wp.com\/ae01.alicdn.com\/kf\/S5135984b5f254f8fb5e67ab5fb78118aZ.jpg?w=1200&#038;ssl=1\"  \/><img data-recalc-dims=\"1\" decoding=\"async\" style=\"width: 939.982666015625px;display: block;margin-left: auto;margin-right: auto\" src=\"https:\/\/i0.wp.com\/ae01.alicdn.com\/kf\/S06e8520311ad45489742d1099b5625c3V.jpg?w=1200&#038;ssl=1\"  \/><img data-recalc-dims=\"1\" decoding=\"async\" style=\"width: 939.982666015625px;display: block;margin-left: auto;margin-right: auto\" src=\"https:\/\/i0.wp.com\/ae01.alicdn.com\/kf\/S2380f118fe0e4e19a5069fad685d4e73t.jpg?w=1200&#038;ssl=1\"  \/><img data-recalc-dims=\"1\" decoding=\"async\" style=\"width: 939.982666015625px;display: block;margin-left: auto;margin-right: auto\" src=\"https:\/\/i0.wp.com\/ae01.alicdn.com\/kf\/S272025e0210e4123a32b92841f99de7c4.jpg?w=1200&#038;ssl=1\"  \/><img data-recalc-dims=\"1\" decoding=\"async\" style=\"width: 939.982666015625px;display: block;margin-left: auto;margin-right: auto\" src=\"https:\/\/i0.wp.com\/ae01.alicdn.com\/kf\/S9b8af1a647904fbf9e8f078b75a6a24ev.jpg?w=1200&#038;ssl=1\"  \/><img data-recalc-dims=\"1\" decoding=\"async\" style=\"width: 939.982666015625px;display: block;margin-left: auto;margin-right: auto\" src=\"https:\/\/i0.wp.com\/ae01.alicdn.com\/kf\/Seb642d747a014f7b8b74d049e4b9e7f1A.jpg?w=1200&#038;ssl=1\"  \/><img data-recalc-dims=\"1\" decoding=\"async\" style=\"width: 939.982666015625px;display: block;margin-left: auto;margin-right: auto\" src=\"https:\/\/i0.wp.com\/ae01.alicdn.com\/kf\/Sd041a76b89c4484baf3c67f67ff3b0b1g.jpg?w=1200&#038;ssl=1\"  \/><img data-recalc-dims=\"1\" decoding=\"async\" style=\"width: 939.982666015625px;display: block;margin-left: auto;margin-right: auto\" src=\"https:\/\/i0.wp.com\/ae01.alicdn.com\/kf\/Sd1f919614d0a400aa0c7b5cfa6697ba7P.jpg?w=1200&#038;ssl=1\"  \/><img data-recalc-dims=\"1\" decoding=\"async\" style=\"width: 939.982666015625px;display: block;margin-left: auto;margin-right: auto\" src=\"https:\/\/i0.wp.com\/ae01.alicdn.com\/kf\/S069bc4bb85494a2aaec44e901c491d27I.jpg?w=1200&#038;ssl=1\"  \/><img data-recalc-dims=\"1\" decoding=\"async\" style=\"width: 939.982666015625px;display: block;margin-left: auto;margin-right: auto\" src=\"https:\/\/i0.wp.com\/ae01.alicdn.com\/kf\/S91c7a545c00443899c3405f868ce4b17v.jpg?w=1200&#038;ssl=1\"  \/><img data-recalc-dims=\"1\" decoding=\"async\" style=\"width: 939.982666015625px;display: block;margin-left: auto;margin-right: auto\" src=\"https:\/\/i0.wp.com\/ae01.alicdn.com\/kf\/Sd2e546b1ab7841e28c21acd6cce0ed9cJ.jpg?w=1200&#038;ssl=1\"  \/><img data-recalc-dims=\"1\" decoding=\"async\" style=\"width: 939.982666015625px;display: block;margin-left: auto;margin-right: auto\" src=\"https:\/\/i0.wp.com\/ae01.alicdn.com\/kf\/S6c51a26a7d2540f98ce801cf6da729dfj.jpg?w=1200&#038;ssl=1\"  \/><img data-recalc-dims=\"1\" decoding=\"async\" style=\"width: 939.982666015625px;display: block;margin-left: auto;margin-right: auto\" src=\"https:\/\/i0.wp.com\/ae01.alicdn.com\/kf\/Sa0770c7adb8542b683a397f7c466e6b3t.jpg?w=1200&#038;ssl=1\"  \/><img data-recalc-dims=\"1\" decoding=\"async\" style=\"width: 939.982666015625px;display: block;margin-left: auto;margin-right: auto\" src=\"https:\/\/i0.wp.com\/ae01.alicdn.com\/kf\/S4866d116e23f45ce837c0f7e991777d2v.jpg?w=1200&#038;ssl=1\"  \/><img data-recalc-dims=\"1\" decoding=\"async\" style=\"width: 939.982666015625px;display: block;margin-left: auto;margin-right: auto\" src=\"https:\/\/i0.wp.com\/ae01.alicdn.com\/kf\/Sd06692722e814dbf8883ae484ed73de31.jpg?w=1200&#038;ssl=1\"  \/><img data-recalc-dims=\"1\" decoding=\"async\" style=\"width: 939.9999389648438px;display: block;margin-left: auto;margin-right: auto\" src=\"https:\/\/i0.wp.com\/ae01.alicdn.com\/kf\/S6009fa493f234f4081fb17c740f5f478g.jpg?w=1200&#038;ssl=1\"  \/><img data-recalc-dims=\"1\" decoding=\"async\" style=\"width: 939.9999389648438px;display: block;margin-left: auto;margin-right: auto\" src=\"https:\/\/i0.wp.com\/ae01.alicdn.com\/kf\/S422f5d22f3124b11b39cc54fc652a03fk.jpg?w=1200&#038;ssl=1\"  \/><\/p>\n<p>&nbsp;<\/p>\n<p>&nbsp;<\/p>\n<p>&nbsp;<\/p>\n<p>&nbsp;<\/p>\n<\/p><\/div>\n<\/div>\n","protected":false},"excerpt":{"rendered":"<p>Bem-vindo &agrave; loja principal da Junda Navi &gt;&gt;&gt; Todos os produtos foram aprovados em rigorosos testes de qualidade antes do envio, certifique-se de alta qualidade. &gt;&gt;&gt; V&aacute;rias configura&ccedil;&otilde;es incluem presentes de c&acirc;mera, que ser&atilde;o inclu&iacute;dos na embalagem, escolha o kit que voc&ecirc; gosta &gt;&gt;&gt; Se tivermos novo software, iremos atualiz&aacute;-lo a qualquer momento para lhe&hellip;&nbsp;<\/p>\n","protected":false},"featured_media":38566,"template":"","meta":{"neve_meta_sidebar":"","neve_meta_container":"","neve_meta_enable_content_width":"","neve_meta_content_width":0,"neve_meta_title_alignment":"","neve_meta_author_avatar":"","neve_post_elements_order":"","neve_meta_disable_header":"","neve_meta_disable_footer":"","neve_meta_disable_title":""},"product_brand":[],"product_cat":[20,17,85],"product_tag":[],"class_list":{"0":"post-38572","1":"product","2":"type-product","3":"status-publish","4":"has-post-thumbnail","6":"product_cat-eletronicos-automotivos","7":"product_cat-pecas-e-acessorios-automotivos","8":"product_cat-sistema-inteligente-para-carros","10":"first","11":"instock","12":"shipping-taxable","13":"purchasable","14":"product-type-variable","15":"has-default-attributes"},"jetpack_sharing_enabled":true,"_links":{"self":[{"href":"https:\/\/listman.shop\/autoparts-br\/wp-json\/wp\/v2\/product\/38572","targetHints":{"allow":["GET"]}}],"collection":[{"href":"https:\/\/listman.shop\/autoparts-br\/wp-json\/wp\/v2\/product"}],"about":[{"href":"https:\/\/listman.shop\/autoparts-br\/wp-json\/wp\/v2\/types\/product"}],"wp:featuredmedia":[{"embeddable":true,"href":"https:\/\/listman.shop\/autoparts-br\/wp-json\/wp\/v2\/media\/38566"}],"wp:attachment":[{"href":"https:\/\/listman.shop\/autoparts-br\/wp-json\/wp\/v2\/media?parent=38572"}],"wp:term":[{"taxonomy":"product_brand","embeddable":true,"href":"https:\/\/listman.shop\/autoparts-br\/wp-json\/wp\/v2\/product_brand?post=38572"},{"taxonomy":"product_cat","embeddable":true,"href":"https:\/\/listman.shop\/autoparts-br\/wp-json\/wp\/v2\/product_cat?post=38572"},{"taxonomy":"product_tag","embeddable":true,"href":"https:\/\/listman.shop\/autoparts-br\/wp-json\/wp\/v2\/product_tag?post=38572"}],"curies":[{"name":"wp","href":"https:\/\/api.w.org\/{rel}","templated":true}]}}