{"id":38630,"date":"2025-03-23T01:50:05","date_gmt":"2025-03-22T16:50:05","guid":{"rendered":"https:\/\/listman.shop\/autoparts-br\/product\/32908046874\/"},"modified":"2026-04-14T11:08:06","modified_gmt":"2026-04-14T02:08:06","slug":"32908046874","status":"publish","type":"product","link":"https:\/\/listman.shop\/autoparts-br\/product\/32908046874\/","title":{"rendered":"2 p\u00e7s 4&#215;6 Polegada 150w alto-falante do carro autom\u00f3vel carro de alta fidelidade \u00e1udio gama completa freq\u00fc\u00eancia coaxial alto-falante auto alto passo alto-falante"},"content":{"rendered":"<div class=\"detailmodule_html\">\n<div class=\"detail-desc-decorate-richtext\">\n<div class=\"detailmodule_dynamic\"><\/div>\n<div class=\"detailmodule_html\">\n<div class=\"detail-desc-decorate-richtext\">\n<div style=\"margin:0px;margin-bottom:0px;margin-top:0px;margin-left:0px;margin-right:0px;padding:0px;padding-bottom:0px;padding-top:0px;padding-left:0px;padding-right:0px\">\n<div style=\"font-family:arial, sans-serif;font-size:17px;font-weight:normal;line-height:normal\">\n<div style=\"line-height:30px;color:white\"><span style=\"font-size:22px\">Descri\u00e7\u00e3o<\/span><\/div>\n<div style=\"font-family:Arial, sans-serif;font-size:18px;margin-bottom:15px;margin-top:15px;padding-left:15px;padding-right:3px\">\n<p>Pot\u00eancia de sa\u00edda: 150W<\/p>\n<p>Tens\u00e3o: 12V<\/p>\n<p>Tamanho do item: 4&#215;6 polegadas<\/p>\n<p>Tipos de alto-falantes: alto-falantes coaxiais<\/p>\n<p>Imped\u00e2ncia: 4\u03a9<\/p>\n<p>Rela\u00e7\u00e3o sinal-ru\u00eddo: 89dB<\/p>\n<p>Tipo de material: metal e \u00edm\u00e3<\/p>\n<p>Marca do carro: Universal<\/p>\n<p>Sensibilidade de \u00e1udio: 89dB<\/p>\n<p>Faixa de frequ\u00eancia (Hz): 70 Hz-20 KHz<\/p>\n<p>Caracter\u00edsticas:<br \/>&#8211; Sa\u00edda dupla, clara e cheia de agudos, suaves e agrad\u00e1veis de ouvir, graves calmos e poderosos, fortes explosivos.<br \/>&#8211; \u00c0 prova de umidade, borracha PP de chifre e carca\u00e7a de moldagem por inje\u00e7\u00e3o efetivamente \u00e0 prova de umidade, reduzem a distor\u00e7\u00e3o.<br \/>&#8211; Forte desempenho nos agudos baixos.<br \/>&#8211; Bacia forte e s\u00f3lida, material do alto-falante pragm\u00e1tico, espessura uniforme da estrutura de ferro, para garantir um som e som espesso.<br \/>&#8211; Bacia de inje\u00e7\u00e3o PP, diafragma de borracha natural, flexibilidade total, pode executar bem todos os tipos de m\u00fasica.<br \/>&#8211; Alto grau de redu\u00e7\u00e3o de som, experi\u00eancia de n\u00edvel HIFI, placa de palco para desfrutar do surround est\u00e9reo, tecnologia e jogabilidade.<br \/>&#8211; O uso de bobina de prata de cobre puro de alta temperatura, grande di\u00e2metro, som condutor de alta efici\u00eancia, minimiza a distor\u00e7\u00e3o.<br \/>&#8211; Terminais de buzina regras sim\u00e9tricas para fornecer terminais sim\u00e9tricos, simplificando as etapas de instala\u00e7\u00e3o para inserir efetivamente o direito, muito simples, a superf\u00edcie de alum\u00ednio, condu\u00e7\u00e3o de alta efici\u00eancia.<br \/>&#8211; \u00cdm\u00e3 de alta densidade, forte desempenho de voz, uso de \u00edm\u00e3s aeroespaciais, pot\u00eancia total.<br \/>&#8211; Alta sensibilidade, alta resolu\u00e7\u00e3o de voz, os detalhes de uma descri\u00e7\u00e3o completa de clara.<br \/>&#8211; Suporte n\u00e3o destrutivo universal para uma variedade de modelos instalados.<br \/>&#8211; Sa\u00edda de alta pot\u00eancia, adequada para uma variedade de estilos musicais, popular, cl\u00e1ssico, jazz, country, rock, pode ser um controle muito bom.<\/p>\n<p>Modelo: BA-4650<\/p>\n<p>Distor\u00e7\u00e3o: Menos de 1%<\/p>\n<p>Especifica\u00e7\u00f5es do \u00edm\u00e3: ferrite 7010<\/p>\n<p>Filme Sonoro: PEI<\/p>\n<p>Pot\u00eancia nominal: Porcelana Ru<\/p>\n<p>Bobina de voz: ASV 1&#8243; Bobina de alta temperatura<\/p>\n<p>Tweeter: Tweeter de c\u00fapula PEI de ASV 13 mm<\/p>\n<p>\u00cdm\u00e3: 6 on\u00e7as<\/p>\n<p>Cone: Cone de inje\u00e7\u00e3o<\/p>\n<p>Local de aplica\u00e7\u00e3o: Carro<\/p>\n<p>Nota:<br \/>&#8211; O alto-falante ter\u00e1 sopro e zumbido nas seguintes situa\u00e7\u00f5es:<br \/>1.A pot\u00eancia real do alto-falante em si n\u00e3o \u00e9 muito grande, o alto-falante soa muito alto.<br \/>2.O processo de reconfigura\u00e7\u00e3o n\u00e3o est\u00e1 conectado corretamente.<br \/>3.Sem o amplificador de pot\u00eancia instalado, o som do host n\u00e3o \u00e9 bom e a pot\u00eancia n\u00e3o \u00e9 boa, o alto-falante soa muito alto.<\/p>\n<p>Peso do produto: 840 g\/29,63 on\u00e7as<\/p>\n<p>Dimens\u00f5es do produto (C*L*A): 152*100*55 MM\/5,98*3,94*2,17 polegadas<\/p>\n<p>Peso do pacote: 14,0 G \/ 31,75 on\u00e7as<\/p>\n<p>Dimens\u00f5es do pacote (C*L*A): 220*164*60 MM\/8,66*6,46*2,36 polegadas<\/p>\n<p>Embalagem de varejo: Sim, caixa geral<\/p>\n<\/div>\n<\/div>\n<div style=\"font-family:arial, sans-serif;font-size:17px;font-weight:normal;line-height:normal\">\n<div style=\"line-height:30px;color:white\"><span style=\"font-size:22px\">O pacote inclui<\/span><\/div>\n<div style=\"font-family:Arial, sans-serif;font-size:18px;margin-bottom:15px;margin-top:15px;padding-left:15px;padding-right:3px\">\n<p>2 x alto-falante<\/p>\n<\/div>\n<\/div>\n<\/div>\n<p><img data-recalc-dims=\"1\" decoding=\"async\" src=\"https:\/\/i0.wp.com\/ae03.alicdn.com\/kf\/H8662c3d32fb54fe19c5bc81840d7c13ch.jpg?w=1200&#038;ssl=1\"><\/p>\n<p><img data-recalc-dims=\"1\" decoding=\"async\" src=\"https:\/\/i0.wp.com\/ae03.alicdn.com\/kf\/Hd997e4fb3a6349b8ae3bdb90e9c14c58T.jpg?w=1200&#038;ssl=1\"><\/p>\n<p><img data-recalc-dims=\"1\" decoding=\"async\" src=\"https:\/\/i0.wp.com\/ae03.alicdn.com\/kf\/He923e162723d400689a12acb4ff052beh.jpg?w=1200&#038;ssl=1\"><\/p>\n<p><img data-recalc-dims=\"1\" decoding=\"async\" src=\"https:\/\/i0.wp.com\/ae03.alicdn.com\/kf\/H3a78a662afd34014be54a3b5cfb249f80.jpg?w=1200&#038;ssl=1\"><\/p>\n<p><img data-recalc-dims=\"1\" decoding=\"async\" src=\"https:\/\/i0.wp.com\/ae03.alicdn.com\/kf\/H4506085cace040c7aa8a7759495e7f37N.jpg?w=1200&#038;ssl=1\"><\/p>\n<p><img data-recalc-dims=\"1\" decoding=\"async\" src=\"https:\/\/i0.wp.com\/ae03.alicdn.com\/kf\/H91c9ad781cc74220b841011bd988ce0bJ.jpg?w=1200&#038;ssl=1\"><\/p>\n<p><img data-recalc-dims=\"1\" decoding=\"async\" src=\"https:\/\/i0.wp.com\/ae03.alicdn.com\/kf\/Hf0664eba3e194546843db6b25f1a935bu.jpg?w=1200&#038;ssl=1\"><\/p>\n<p><img data-recalc-dims=\"1\" decoding=\"async\" src=\"https:\/\/i0.wp.com\/ae03.alicdn.com\/kf\/H1ffce239dda546ff87b1a12453487a84b.jpg?w=1200&#038;ssl=1\"><\/p>\n<p><img data-recalc-dims=\"1\" decoding=\"async\" src=\"https:\/\/i0.wp.com\/ae03.alicdn.com\/kf\/H5a103cd533bf451dac1e7d02cf5d25d8u.jpg?w=1200&#038;ssl=1\"><\/p>\n<p><img data-recalc-dims=\"1\" decoding=\"async\" src=\"https:\/\/i0.wp.com\/ae03.alicdn.com\/kf\/Hb521d1d598584f798fa95117ad95e4c1R.jpg?w=1200&#038;ssl=1\"><\/p>\n<p><img data-recalc-dims=\"1\" decoding=\"async\" src=\"https:\/\/i0.wp.com\/ae03.alicdn.com\/kf\/Hfde85a284f414ff890acae2298f0104e3.jpg?w=1200&#038;ssl=1\"><\/p>\n<p><img data-recalc-dims=\"1\" decoding=\"async\" src=\"https:\/\/i0.wp.com\/ae03.alicdn.com\/kf\/H2bfb109c297e4fbdb65fb8ae540703d5V.jpg?w=1200&#038;ssl=1\"><\/p>\n<p><img data-recalc-dims=\"1\" decoding=\"async\" src=\"https:\/\/i0.wp.com\/ae03.alicdn.com\/kf\/Hba774496179449f4b6addff332137abel.jpg?w=1200&#038;ssl=1\"><\/p>\n<p><img data-recalc-dims=\"1\" decoding=\"async\" src=\"https:\/\/i0.wp.com\/ae03.alicdn.com\/kf\/Hc06a0b7dd31147c68fd05178fbb781d2D.jpg?w=1200&#038;ssl=1\"><\/p>\n<p><img data-recalc-dims=\"1\" decoding=\"async\" src=\"https:\/\/i0.wp.com\/ae03.alicdn.com\/kf\/H4e10befb8c974524ac345591a0bae6cbm.jpg?w=1200&#038;ssl=1\"><\/p>\n<p><img data-recalc-dims=\"1\" decoding=\"async\" src=\"https:\/\/i0.wp.com\/ae03.alicdn.com\/kf\/Hc847009067b748f8b11a28813a323304u.jpg?w=1200&#038;ssl=1\"><\/p>\n<p><img data-recalc-dims=\"1\" decoding=\"async\" src=\"https:\/\/i0.wp.com\/ae03.alicdn.com\/kf\/Hed02536a212042ec8c148fd3fbf30b641.jpg?w=1200&#038;ssl=1\"><\/p>\n<p><img data-recalc-dims=\"1\" decoding=\"async\" src=\"https:\/\/i0.wp.com\/ae03.alicdn.com\/kf\/H2822e4b17af34455819a52630ac05c9bV.jpg?w=1200&#038;ssl=1\"><\/p>\n<p><\/p>\n<\/div>\n<\/div>\n<p><\/p>\n<\/div>\n<\/div>\n","protected":false},"excerpt":{"rendered":"<p>Descri\u00e7\u00e3o Pot\u00eancia de sa\u00edda: 150W Tens\u00e3o: 12V Tamanho do item: 4&#215;6 polegadas Tipos de alto-falantes: alto-falantes coaxiais Imped\u00e2ncia: 4\u03a9 Rela\u00e7\u00e3o sinal-ru\u00eddo: 89dB Tipo de material: metal e \u00edm\u00e3 Marca do carro: Universal Sensibilidade de \u00e1udio: 89dB Faixa de frequ\u00eancia (Hz): 70 Hz-20 KHz Caracter\u00edsticas:&#8211; Sa\u00edda dupla, clara e cheia de agudos, suaves e agrad\u00e1veis de&hellip;&nbsp;<\/p>\n","protected":false},"featured_media":38624,"template":"","meta":{"neve_meta_sidebar":"","neve_meta_container":"","neve_meta_enable_content_width":"","neve_meta_content_width":0,"neve_meta_title_alignment":"","neve_meta_author_avatar":"","neve_post_elements_order":"","neve_meta_disable_header":"","neve_meta_disable_footer":"","neve_meta_disable_title":""},"product_brand":[],"product_cat":[63,20,17],"product_tag":[],"class_list":{"0":"post-38630","1":"product","2":"type-product","3":"status-publish","4":"has-post-thumbnail","6":"product_cat-audio-automotivo","7":"product_cat-eletronicos-automotivos","8":"product_cat-pecas-e-acessorios-automotivos","10":"first","11":"instock","12":"shipping-taxable","13":"purchasable","14":"product-type-variable","15":"has-default-attributes"},"jetpack_sharing_enabled":true,"_links":{"self":[{"href":"https:\/\/listman.shop\/autoparts-br\/wp-json\/wp\/v2\/product\/38630","targetHints":{"allow":["GET"]}}],"collection":[{"href":"https:\/\/listman.shop\/autoparts-br\/wp-json\/wp\/v2\/product"}],"about":[{"href":"https:\/\/listman.shop\/autoparts-br\/wp-json\/wp\/v2\/types\/product"}],"wp:featuredmedia":[{"embeddable":true,"href":"https:\/\/listman.shop\/autoparts-br\/wp-json\/wp\/v2\/media\/38624"}],"wp:attachment":[{"href":"https:\/\/listman.shop\/autoparts-br\/wp-json\/wp\/v2\/media?parent=38630"}],"wp:term":[{"taxonomy":"product_brand","embeddable":true,"href":"https:\/\/listman.shop\/autoparts-br\/wp-json\/wp\/v2\/product_brand?post=38630"},{"taxonomy":"product_cat","embeddable":true,"href":"https:\/\/listman.shop\/autoparts-br\/wp-json\/wp\/v2\/product_cat?post=38630"},{"taxonomy":"product_tag","embeddable":true,"href":"https:\/\/listman.shop\/autoparts-br\/wp-json\/wp\/v2\/product_tag?post=38630"}],"curies":[{"name":"wp","href":"https:\/\/api.w.org\/{rel}","templated":true}]}}