{"id":38850,"date":"2025-03-23T14:52:26","date_gmt":"2025-03-23T05:52:26","guid":{"rendered":"https:\/\/listman.shop\/autoparts-br\/product\/1005003890681131\/"},"modified":"2026-04-14T12:42:11","modified_gmt":"2026-04-14T03:42:11","slug":"1005003890681131","status":"publish","type":"product","link":"https:\/\/listman.shop\/autoparts-br\/product\/1005003890681131\/","title":{"rendered":"Frente do carro m\u00e9dio esquerda direita sa\u00edda de ventila\u00e7\u00e3o ar grade ac slide clipe kit reparo para bmw x5 x6 x7 s\u00e9rie g05 g06 g07 64119458543"},"content":{"rendered":"<div class=\"detailmodule_html\">\n<div class=\"detail-desc-decorate-richtext\">\n<div class=\"detailmodule_text\">\n<p style=\"font-family:OpenSans;font-size:20px;font-weight:900;line-height:28px;white-space:pre-wrap;margin-bottom:12px\" class=\"detail-desc-decorate-title\">Grade de sa&iacute;da de ventila&ccedil;&atilde;o de ar dianteiro do carro, kit de reparo de clipe deslizante ac para bmw x5 x6 x7 series g05 g06 g07 2019-2021<\/p>\n<\/div>\n<div class=\"detailmodule_text\">\n<p>OE N&Atilde;O.:<\/p>\n<\/div>\n<div class=\"detailmodule_text\">\n<p>64119458543<\/p>\n<\/div>\n<div class=\"detailmodule_text\">\n<p>Material: PC e ABS, revestimento emborrachado.<\/p>\n<\/div>\n<div class=\"detailmodule_text\">\n<p>Vantagem: Design atualizado, mais s&oacute;lido, n&atilde;o &eacute; f&aacute;cil de quebrar, substitua perfeitamente.<\/p>\n<\/div>\n<div class=\"detailmodule_text\">\n<p>Aplica&ccedil;&atilde;o:<br \/>2019-2021 X5 G05<br \/>2020-2021 X6 G06<br \/>2019-2021 X7 G07<\/p>\n<\/div>\n<div class=\"detailmodule_text\">\n<p>LHD E RHD S&Atilde;O MESMO PODEM SER USADOS!<\/p>\n<\/div>\n<div class=\"detailmodule_image\">\n <img data-recalc-dims=\"1\" decoding=\"async\" style=\"margin-bottom:10px\" class=\"detail-desc-decorate-image\" src=\"https:\/\/i0.wp.com\/ae01.alicdn.com\/kf\/S9d610474e10d45e09cd6cc54134eba98o.jpg?w=1200&#038;ssl=1\" \/><br \/>\n <img data-recalc-dims=\"1\" decoding=\"async\" style=\"margin-bottom:10px\" class=\"detail-desc-decorate-image\" src=\"https:\/\/i0.wp.com\/ae01.alicdn.com\/kf\/S0d9f3d5fc08047d4b2e350f0cf6b0f49D.jpg?w=1200&#038;ssl=1\" \/><br \/>\n <img data-recalc-dims=\"1\" decoding=\"async\" style=\"margin-bottom:10px\" class=\"detail-desc-decorate-image\" src=\"https:\/\/i0.wp.com\/ae01.alicdn.com\/kf\/S2a071929e24f4467bc875e263f89548aq.jpg?w=1200&#038;ssl=1\" \/><br \/>\n <img data-recalc-dims=\"1\" decoding=\"async\" style=\"margin-bottom:10px\" class=\"detail-desc-decorate-image\" src=\"https:\/\/i0.wp.com\/ae01.alicdn.com\/kf\/S892b40c801864c1abcd41a6458cfc5bbR.jpg?w=1200&#038;ssl=1\" \/><br \/>\n <img data-recalc-dims=\"1\" decoding=\"async\" style=\"margin-bottom:10px\" class=\"detail-desc-decorate-image\" src=\"https:\/\/i0.wp.com\/ae01.alicdn.com\/kf\/Sebbba09d1da04a85b71a4398fa0531ccb.jpg?w=1200&#038;ssl=1\" \/>\n<\/div>\n<div class=\"detailmodule_text\">\n<p>Substitua perfeitamente<\/p>\n<\/div>\n<div class=\"detailmodule_image\">\n <img data-recalc-dims=\"1\" decoding=\"async\" style=\"margin-bottom:10px\" class=\"detail-desc-decorate-image\" src=\"https:\/\/i0.wp.com\/ae01.alicdn.com\/kf\/S08fb8a5130ff4a8b8e893d0d597145e3M.jpg?w=1200&#038;ssl=1\" \/>\n<\/div>\n<div class=\"detailmodule_text-image\">\n<p style=\"font-family:OpenSans;font-size:20px;font-weight:900;line-height:28px;white-space:pre-wrap;margin-bottom:12px\" class=\"detail-desc-decorate-title\">Se voc&ecirc; tamb&eacute;m precisar do kit de reparo de ventila&ccedil;&atilde;o CA esquerda e direita, fa&ccedil;a o pedido no link a seguir.<\/p>\n<div>\n  <a href=\"https:\/\/www.aliexpress.com\/item\/3256806509621322.html?pdp_npi=4%40dis%21USD%21US%20%2429.86%21US%20%2423.89%21%21%2129.86%2123.89%21%402136637717123839295963852ed261%2112000038033569312%21sh%21US%21231134555%21&amp;spm=a2g0o.store_pc_allItems_or_groupList.new_all_items_2007586117925.1005006695936074\" target=\"_self\" class=\"\"><img data-recalc-dims=\"1\" decoding=\"async\" class=\"detail-desc-decorate-image\" src=\"https:\/\/i0.wp.com\/ae01.alicdn.com\/kf\/S257c8ee13f1f4dd7b8e4754a26e34a1ei.jpg?w=1200&#038;ssl=1\" \/><\/a>\n <\/div>\n<\/div>\n<div class=\"detailmodule_text\">\n<p>LEMBRETE QUENTE<\/p>\n<\/div>\n<div class=\"detailmodule_text\">\n<p>\uf06c Por favor confirme o n&uacute;mero OE.est&aacute; correto com nossas pe&ccedil;as antes de comprar para que possa ser instalado no seu carro.<\/p>\n<\/div>\n<div class=\"detailmodule_text\">\n<p>\uf06c Todas as fotos dos produtos s&atilde;o apenas para demonstra&ccedil;&atilde;o e talvez uma pequena diferen&ccedil;a com as pe&ccedil;as reais.As diferen&ccedil;as de cor e detalhes s&atilde;o em condi&ccedil;&otilde;es normais.<\/p>\n<\/div>\n<div class=\"detailmodule_text\">\n<p>\uf06c J&aacute; fizemos verifica&ccedil;&atilde;o de qualidade de todas as pe&ccedil;as antes do envio, portanto, abra o pacote para verificar se as pe&ccedil;as e acess&oacute;rios com pacotes n&atilde;o est&atilde;o danificados durante o envio antes de assinar o pacote.<\/p>\n<\/div>\n<div class=\"detailmodule_text\">\n<p>\uf06c Por favor confirme os endere&ccedil;os de entrega e o telefone.N&atilde;o.s&atilde;o detalhados e exatamente corretos.<\/p>\n<\/div>\n<div class=\"detailmodule_text\">\n<p>\uf06c Se voc&ecirc; n&atilde;o conseguir substituir bem as pe&ccedil;as sozinho, poder&aacute; reajust&aacute;-las ou ir &agrave; loja de reparos profissional local para instal&aacute;-las.<\/p>\n<\/div>\n<div class=\"detailmodule_text\">\n<p>SOBRE N&Oacute;S<\/p>\n<\/div>\n<div class=\"detailmodule_text\">\n<p>\uf06c A f&aacute;brica profissional especializada em pe&ccedil;as de desgaste r&aacute;pido para B.M.W e B.E.N.Z.<\/p>\n<\/div>\n<div class=\"detailmodule_text\">\n<p>\uf06c Pesquisa e produz com qualidade superior, melhor material e bom molde correspondente.<\/p>\n<\/div>\n<div class=\"detailmodule_text\">\n<p>\uf06c F2C-de f&aacute;brica de origem ao cliente diretamente.<\/p>\n<\/div>\n<div class=\"detailmodule_text\">\n<p>\uf06c Muito estoque, pode ser enviado rapidamente.<\/p>\n<\/div>\n<div class=\"detailmodule_text\">\n<p>\uf06c Gama completa de pe&ccedil;as de desgaste r&aacute;pido.<\/p>\n<\/div>\n<div class=\"detailmodule_text\">\n<p>\uf06c Pedidos por atacado de grande quantidade ser&atilde;o bem-vindos.<\/p>\n<\/div>\n<div class=\"detailmodule_text\">\n<p>\uf06c OEM pode ser aceito.<\/p>\n<\/div>\n<div class=\"detailmodule_text\">\n<p>ENVIO<\/p>\n<\/div>\n<div class=\"detailmodule_text\">\n<p>\uf06c Normalmente, o pedido ser&aacute; enviado dentro de 2 a 5 dias &uacute;teis ap&oacute;s receber o pagamento on-line, excluindo feriados.<\/p>\n<\/div>\n<div class=\"detailmodule_text\">\n<p>\uf06c Os dias de envio depender&aacute;&atilde;o do correio de entrega.Se voc&ecirc; n&atilde;o recebeu o pacote dentro de 45 dias, entre em contato conosco para que possamos rastre&aacute;-lo para voc&ecirc;.<\/p>\n<\/div>\n<div class=\"detailmodule_text\">\n<p>\uf06c Se o pacote foi danificado durante o transporte, recuse-se a aceit&aacute;-lo e mantenha o registro e as evid&ecirc;ncias de reclama&ccedil;&atilde;o.<\/p>\n<\/div>\n<div class=\"detailmodule_text\">\n<p>GARANTIA E FEEDBACK<\/p>\n<\/div>\n<p><\/p>\n<\/div>\n<\/div>\n","protected":false},"excerpt":{"rendered":"<p>Grade de sa&iacute;da de ventila&ccedil;&atilde;o de ar dianteiro do carro, kit de reparo de clipe deslizante ac para bmw x5 x6 x7 series g05 g06 g07 2019-2021 OE N&Atilde;O.: 64119458543 Material: PC e ABS, revestimento emborrachado. Vantagem: Design atualizado, mais s&oacute;lido, n&atilde;o &eacute; f&aacute;cil de quebrar, substitua perfeitamente. Aplica&ccedil;&atilde;o:2019-2021 X5 G052020-2021 X6 G062019-2021 X7 G07&hellip;&nbsp;<\/p>\n","protected":false},"featured_media":38844,"template":"","meta":{"neve_meta_sidebar":"","neve_meta_container":"","neve_meta_enable_content_width":"","neve_meta_content_width":0,"neve_meta_title_alignment":"","neve_meta_author_avatar":"","neve_post_elements_order":"","neve_meta_disable_header":"","neve_meta_disable_footer":"","neve_meta_disable_title":""},"product_brand":[],"product_cat":[32,75,17],"product_tag":[],"class_list":{"0":"post-38850","1":"product","2":"type-product","3":"status-publish","4":"has-post-thumbnail","6":"product_cat-equipamentos-eletricos","7":"product_cat-instalacao-de-ar-condicionado","8":"product_cat-pecas-e-acessorios-automotivos","10":"first","11":"instock","12":"shipping-taxable","13":"purchasable","14":"product-type-variable","15":"has-default-attributes"},"jetpack_sharing_enabled":true,"_links":{"self":[{"href":"https:\/\/listman.shop\/autoparts-br\/wp-json\/wp\/v2\/product\/38850","targetHints":{"allow":["GET"]}}],"collection":[{"href":"https:\/\/listman.shop\/autoparts-br\/wp-json\/wp\/v2\/product"}],"about":[{"href":"https:\/\/listman.shop\/autoparts-br\/wp-json\/wp\/v2\/types\/product"}],"wp:featuredmedia":[{"embeddable":true,"href":"https:\/\/listman.shop\/autoparts-br\/wp-json\/wp\/v2\/media\/38844"}],"wp:attachment":[{"href":"https:\/\/listman.shop\/autoparts-br\/wp-json\/wp\/v2\/media?parent=38850"}],"wp:term":[{"taxonomy":"product_brand","embeddable":true,"href":"https:\/\/listman.shop\/autoparts-br\/wp-json\/wp\/v2\/product_brand?post=38850"},{"taxonomy":"product_cat","embeddable":true,"href":"https:\/\/listman.shop\/autoparts-br\/wp-json\/wp\/v2\/product_cat?post=38850"},{"taxonomy":"product_tag","embeddable":true,"href":"https:\/\/listman.shop\/autoparts-br\/wp-json\/wp\/v2\/product_tag?post=38850"}],"curies":[{"name":"wp","href":"https:\/\/api.w.org\/{rel}","templated":true}]}}