{"id":39492,"date":"2025-03-23T16:34:33","date_gmt":"2025-03-23T07:34:33","guid":{"rendered":"https:\/\/listman.shop\/autoparts-br\/product\/1005005851798783\/"},"modified":"2026-04-14T14:20:26","modified_gmt":"2026-04-14T05:20:26","slug":"1005005851798783","status":"publish","type":"product","link":"https:\/\/listman.shop\/autoparts-br\/product\/1005005851798783\/","title":{"rendered":"Manilha Anti-Ferrugem Tipo Arco 5\/8&#8243; com Anel em D, For\u00e7a de Ruptura de 42.990lbs, com Kit de Isoladores e Arruelas para Recupera\u00e7\u00e3o de Ve\u00edculos Off-Road Jeep"},"content":{"rendered":"<div class=\"detailmodule_html\">\n<div class=\"detail-desc-decorate-richtext\">\n<p><span style=\"font-size:16px;font-family:OpenSans\">Manilha de arco de anel D antiferrugem 5\/8&#8243; 13 toneladas resist\u00eancia \u00e0 ruptura com isoladores 2pcs arruelas 4pcs para recupera\u00e7\u00e3o de ve\u00edculo reboque 4&#215;4<\/span><\/p>\n<p><\/p>\n<p><span style=\"font-size:16px;font-family:OpenSans\">Descri\u00e7\u00e3o:<\/span><\/p>\n<p><\/p>\n<p><span style=\"font-size:16px;font-family:OpenSans\">Revestimento: arco galvanizado por imers\u00e3o a quente, pino de esmalte pintado<\/span><\/p>\n<p><\/p>\n<p><\/p>\n<p><span style=\"font-size:16px;font-family:OpenSans\">Inclui: redecilla, pino de manilha, isoladores, arruelas<\/span><\/p>\n<p><\/p>\n<p><\/p>\n<p><span style=\"font-size:16px;font-family:OpenSans\">Cor: vermelho\/preto\/amarelo\/verde<\/span><\/p>\n<p><\/p>\n<p><\/p>\n<p><span style=\"font-size:16px;font-family:OpenSans\">For\u00e7a de trabalho: 3,25 Ton-7100Lbs<\/span><\/p>\n<p><\/p>\n<p><\/p>\n<p><span style=\"font-size:16px;font-family:OpenSans\">Resist\u00eancia \u00e0 ruptura: 13 toneladas\/28400 libras<\/span><\/p>\n<p><\/p>\n<p><\/p>\n<p><span style=\"font-size:16px;font-family:OpenSans\">Material: 45#A\u00c7O, a\u00e7o forjado.O corpo \u00e9 vermelho resistente \u00e0 ather pode suportar condi\u00e7\u00f5es clim\u00e1ticas adversas.<\/span><\/p>\n<p><\/p>\n<p><\/p>\n<p><span style=\"font-size:16px;font-family:OpenSans\">Carga pesada: Capacidade de reboque &#8211; limite de carga de trabalho de 3,25 toneladas (WLL) e resist\u00eancia \u00e0 ruptura de 13 toneladas, adequado para todas as aplica\u00e7\u00f5es de reboque, desde profissionais at\u00e9 entusiastas off-road<\/span><\/p>\n<p><\/p>\n<p><span style=\"font-size:16px;font-family:OpenSans\">Muitos usos: Conecta extremidades soltas de cabos, correntes, tiras e blocos de travamento; Funciona perfeitamente com todas as nossas tiras de reboque, tiras de arranque, protetores de \u00e1rvores e blocos de travamento.\u00d3timo para carros e outras aplica\u00e7\u00f5es para amarra\u00e7\u00f5es, reboque e recupera\u00e7\u00e3o.<\/span><\/p>\n<p><\/p>\n<p><span style=\"font-size:16px;font-family:OpenSans\">O pacote inclui:<\/span><\/p>\n<p><\/p>\n<p><\/p>\n<p><span style=\"font-size:16px;font-family:OpenSans\">1 combina\u00e7\u00e3o = 1 manilha de anel D + 1 isoladores + 2 arruelas<\/span><\/p>\n<p><\/p>\n<p><span style=\"font-size:16px;font-family:OpenSans\">2 combinaiton = 2 manilha de anel D + 2 isoladores + 4 arruelas<\/span><img data-recalc-dims=\"1\" decoding=\"async\" src=\"https:\/\/i0.wp.com\/ae01.alicdn.com\/kf\/Sb28b1fecc6a6498b8bb3cc8edc589b6ex.jpg?w=1200&#038;ssl=1\"><img data-recalc-dims=\"1\" decoding=\"async\" src=\"https:\/\/i0.wp.com\/ae01.alicdn.com\/kf\/Scf941a5b5fb348e3a54eefe84bbf62acI.jpg?w=1200&#038;ssl=1\"><img data-recalc-dims=\"1\" decoding=\"async\" src=\"https:\/\/i0.wp.com\/ae01.alicdn.com\/kf\/S59ed75db27ab4d318b53a7e13cd21c924.jpg?w=1200&#038;ssl=1\"><img data-recalc-dims=\"1\" decoding=\"async\" src=\"https:\/\/i0.wp.com\/ae01.alicdn.com\/kf\/S6638c055d3144997a9d4ca5e9ecc74efW.jpg?w=1200&#038;ssl=1\"><img data-recalc-dims=\"1\" decoding=\"async\" src=\"https:\/\/i0.wp.com\/ae01.alicdn.com\/kf\/S7843898cd22b4d269509318586667207r.jpg?w=1200&#038;ssl=1\"><\/p>\n<p><img data-recalc-dims=\"1\" decoding=\"async\" src=\"https:\/\/i0.wp.com\/ae01.alicdn.com\/kf\/S0bd2009de3b54943ba0aaea3e5f0bae7T.png?w=1200&#038;ssl=1\"><img data-recalc-dims=\"1\" decoding=\"async\" src=\"https:\/\/i0.wp.com\/ae01.alicdn.com\/kf\/S4df908fcb42d465b949fecd55df8a31eR.jpg?w=1200&#038;ssl=1\"><img data-recalc-dims=\"1\" decoding=\"async\" src=\"https:\/\/i0.wp.com\/ae01.alicdn.com\/kf\/Sb3557515f3394f9fa97417ebc3f992049.jpg?w=1200&#038;ssl=1\"><img data-recalc-dims=\"1\" decoding=\"async\" src=\"https:\/\/i0.wp.com\/ae01.alicdn.com\/kf\/S47f5563a875e4064bce8660c133578efc.jpg?w=1200&#038;ssl=1\"><\/p>\n<\/div>\n<\/div>\n","protected":false},"excerpt":{"rendered":"<p>Manilha de arco de anel D antiferrugem 5\/8&#8243; 13 toneladas resist\u00eancia \u00e0 ruptura com isoladores 2pcs arruelas 4pcs para recupera\u00e7\u00e3o de ve\u00edculo reboque 4&#215;4 Descri\u00e7\u00e3o: Revestimento: arco galvanizado por imers\u00e3o a quente, pino de esmalte pintado Inclui: redecilla, pino de manilha, isoladores, arruelas Cor: vermelho\/preto\/amarelo\/verde For\u00e7a de trabalho: 3,25 Ton-7100Lbs Resist\u00eancia \u00e0 ruptura: 13 toneladas\/28400&hellip;&nbsp;<\/p>\n","protected":false},"featured_media":39486,"template":"","meta":{"neve_meta_sidebar":"","neve_meta_container":"","neve_meta_enable_content_width":"","neve_meta_content_width":0,"neve_meta_title_alignment":"","neve_meta_author_avatar":"","neve_post_elements_order":"","neve_meta_disable_header":"","neve_meta_disable_footer":"","neve_meta_disable_title":""},"product_brand":[],"product_cat":[175,28,17],"product_tag":[],"class_list":{"0":"post-39492","1":"product","2":"type-product","3":"status-publish","4":"has-post-thumbnail","6":"product_cat-barras-de-reboque","7":"product_cat-lavagem-e-manutencao-de-carros","8":"product_cat-pecas-e-acessorios-automotivos","10":"first","11":"instock","12":"shipping-taxable","13":"purchasable","14":"product-type-variable","15":"has-default-attributes"},"jetpack_sharing_enabled":true,"_links":{"self":[{"href":"https:\/\/listman.shop\/autoparts-br\/wp-json\/wp\/v2\/product\/39492","targetHints":{"allow":["GET"]}}],"collection":[{"href":"https:\/\/listman.shop\/autoparts-br\/wp-json\/wp\/v2\/product"}],"about":[{"href":"https:\/\/listman.shop\/autoparts-br\/wp-json\/wp\/v2\/types\/product"}],"wp:featuredmedia":[{"embeddable":true,"href":"https:\/\/listman.shop\/autoparts-br\/wp-json\/wp\/v2\/media\/39486"}],"wp:attachment":[{"href":"https:\/\/listman.shop\/autoparts-br\/wp-json\/wp\/v2\/media?parent=39492"}],"wp:term":[{"taxonomy":"product_brand","embeddable":true,"href":"https:\/\/listman.shop\/autoparts-br\/wp-json\/wp\/v2\/product_brand?post=39492"},{"taxonomy":"product_cat","embeddable":true,"href":"https:\/\/listman.shop\/autoparts-br\/wp-json\/wp\/v2\/product_cat?post=39492"},{"taxonomy":"product_tag","embeddable":true,"href":"https:\/\/listman.shop\/autoparts-br\/wp-json\/wp\/v2\/product_tag?post=39492"}],"curies":[{"name":"wp","href":"https:\/\/api.w.org\/{rel}","templated":true}]}}