{"id":39807,"date":"2025-03-23T16:43:42","date_gmt":"2025-03-23T07:43:42","guid":{"rendered":"https:\/\/listman.shop\/autoparts-br\/product\/1005007053725031\/"},"modified":"2026-05-04T13:49:07","modified_gmt":"2026-05-04T04:49:07","slug":"1005007053725031","status":"publish","type":"product","link":"https:\/\/listman.shop\/autoparts-br\/product\/1005007053725031\/","title":{"rendered":"Canh\u00e3o de espuma MJJC S V3.0 com um quarto 1\/4 \u2032\u2032 Conector r\u00e1pido Montagem de conex\u00e3o Gerador de espuma Karcher S\u00e9rie K Arruela de carro"},"content":{"rendered":"<div class=\"detailmodule_html\">\n<div class=\"detail-desc-decorate-richtext\">\n<p><strong><span style=\"font-size:18px\"><span style=\", cursive\">Mjc canh&atilde;o de espuma s v3.0 com adaptador de conector r&aacute;pido de 1\/4 \u2032\u2032 um quarto conex&atilde;o r&aacute;pida gerador de espuma lavadora de carro r&aacute;pida<\/span><\/span><\/strong><br \/><span style=\"font-size:28px\"><strong><br \/>Canh&atilde;o de Espuma S V3.0<\/strong><\/span><\/p>\n<div>\n<p style=\"font-family:OpenSans;font-size:20px;font-weight:900;line-height:28px;white-space:pre-wrap;margin-bottom:12px\" class=\"detail-desc-decorate-title\">Vantagem da LANCE DE ESPUMA MJJC:<\/p>\n<p style=\"font-family:OpenSans;font-size:14px;font-weight:300;line-height:20px;white-space:pre-wrap;margin-bottom:12px\" class=\"detail-desc-decorate-content\">1.100% garantido para fazer espuma espessa e densa para todas as lavadoras de press&atilde;o.<\/p>\n<p>2. As lavadoras de press&atilde;o comerciais pequenas e grandes podem produzir espuma espessa e densa com o novo design MJJC FOAM LANCE.<\/p>\n<p>3.Servi&ccedil;o p&oacute;s-venda 100% garantido para sempre.<\/p>\n<p>4.M&aacute;quina de lavar diferente adequada para diferentes adaptadores.Se precisar de ajuda para escolher o adaptador correto, n&atilde;o hesite em nos contatar.<\/p>\n<div>\n<div>\n<div>\n<div>\n<p style=\"font-family:OpenSans;font-size:20px;font-weight:900;line-height:28px;white-space:pre-wrap;margin-bottom:12px\" class=\"detail-desc-decorate-title\">O que h&aacute; de novo com S V3.0:<\/p>\n<\/p><\/div>\n<\/p><\/div>\n<\/p><\/div>\n<\/p><\/div>\n<div>\n  \n <\/div>\n<p>Nova Estrutura \u2013 mais f&aacute;cil e suave para controlar a pulveriza&ccedil;&atilde;o de 360 graus<\/p>\n<p>Novo tubo de palha \u2013 mais f&aacute;cil de consumir todo o l&iacute;quido na garrafa.<\/p>\n<p>Nova garrafa e tampa \u2013 mais f&aacute;cil de prender a garrafa ao corpo do canh&atilde;o de espuma.<\/p>\n<p>Nova Tecnologia de Espuma \u2013 espuma creme mais espessa e de barbear.<\/p>\n<p>Mais recursos desde a vers&atilde;o 2.0<\/p>\n<p>Conex&atilde;o\/Ajuste MJJC \u2013 mais f&aacute;cil e r&aacute;pido para fixar o encaixe, sem necessidade de cola ou fita ptfe.<\/p>\n<p>Tecnologia de espuma MJJC \u2013 menos ru&iacute;do, menos sab&atilde;o, mas espuma mais espessa.<\/p>\n<p>Garrafa estilo MJJC \u2013 menos possibilidade de tombar.<\/p>\n<div>\n  \n <\/div>\n<p><img data-recalc-dims=\"1\" decoding=\"async\" src=\"https:\/\/i0.wp.com\/ae01.alicdn.com\/kf\/Sbfa2c349467845b399007cf2871e2a59H.jpg?w=1200&#038;ssl=1\" \/><\/p>\n<p><img data-recalc-dims=\"1\" loading=\"lazy\" decoding=\"async\" width=\"800\" height=\"449\" src=\"https:\/\/i0.wp.com\/ae01.alicdn.com\/kf\/S6a77e06e92e7440593743c0bd8e9c4498.jpg?resize=800%2C449&#038;ssl=1\" \/><\/p>\n<p><img data-recalc-dims=\"1\" decoding=\"async\" src=\"https:\/\/i0.wp.com\/ae01.alicdn.com\/kf\/S3e67b80b84124dadacf069d816121faaP.jpg?w=1200&#038;ssl=1\" \/><\/p>\n<\/div>\n<p><img data-recalc-dims=\"1\" decoding=\"async\" src=\"https:\/\/i0.wp.com\/ae01.alicdn.com\/kf\/Sa63ec8c52d0b43c9813a68b09b05ad70g.jpg?w=1200&#038;ssl=1\" \/><img data-recalc-dims=\"1\" decoding=\"async\" src=\"https:\/\/i0.wp.com\/ae01.alicdn.com\/kf\/S5ce10fecc231403c97f60db6bece7f03z.jpg?w=1200&#038;ssl=1\" \/><img data-recalc-dims=\"1\" decoding=\"async\" src=\"https:\/\/i0.wp.com\/ae01.alicdn.com\/kf\/S0661d2f3efff4b72b20915db0255e64ah.jpg?w=1200&#038;ssl=1\" \/><\/p>\n<p><img data-recalc-dims=\"1\" decoding=\"async\" src=\"https:\/\/i0.wp.com\/ae01.alicdn.com\/kf\/Sf92796f1873349fb8e45f9ed7a40172bI.jpg?w=1200&#038;ssl=1\" \/><\/p>\n<p><img data-recalc-dims=\"1\" decoding=\"async\" src=\"https:\/\/i0.wp.com\/ae01.alicdn.com\/kf\/S0f07736f375b49f9b2163f086a987c8cu.jpg?w=1200&#038;ssl=1\" \/><img data-recalc-dims=\"1\" decoding=\"async\" src=\"https:\/\/i0.wp.com\/ae01.alicdn.com\/kf\/Scca919013c4c4c088cab8e5635bc892bE.jpg?w=1200&#038;ssl=1\" \/><img data-recalc-dims=\"1\" decoding=\"async\" src=\"https:\/\/i0.wp.com\/ae01.alicdn.com\/kf\/Sce4fe5982c69457cb5bb33ebdbe25a2fm.jpg?w=1200&#038;ssl=1\" \/><\/p>\n<p><img data-recalc-dims=\"1\" decoding=\"async\" src=\"https:\/\/i0.wp.com\/ae01.alicdn.com\/kf\/Sda47aaa073524e6e829f2410d6f0ceebK.jpg?w=1200&#038;ssl=1\" \/><\/p>\n<p><\/p>\n<\/div>\n<\/div>\n","protected":false},"excerpt":{"rendered":"<p>Mjc canh&atilde;o de espuma s v3.0 com adaptador de conector r&aacute;pido de 1\/4 \u2032\u2032 um quarto conex&atilde;o r&aacute;pida gerador de espuma lavadora de carro r&aacute;pidaCanh&atilde;o de Espuma S V3.0 Vantagem da LANCE DE ESPUMA MJJC: 1.100% garantido para fazer espuma espessa e densa para todas as lavadoras de press&atilde;o. 2. As lavadoras de press&atilde;o comerciais&hellip;&nbsp;<\/p>\n","protected":false},"featured_media":39801,"template":"","meta":{"neve_meta_sidebar":"","neve_meta_container":"","neve_meta_enable_content_width":"","neve_meta_content_width":0,"neve_meta_title_alignment":"","neve_meta_author_avatar":"","neve_post_elements_order":"","neve_meta_disable_header":"","neve_meta_disable_footer":"","neve_meta_disable_title":""},"product_brand":[],"product_cat":[28,17,108],"product_tag":[],"class_list":{"0":"post-39807","1":"product","2":"type-product","3":"status-publish","4":"has-post-thumbnail","6":"product_cat-lavagem-e-manutencao-de-carros","7":"product_cat-pecas-e-acessorios-automotivos","8":"product_cat-pistola-dagua-e-lancador-de-espuma","10":"first","11":"instock","12":"shipping-taxable","13":"purchasable","14":"product-type-variable","15":"has-default-attributes"},"jetpack_sharing_enabled":true,"_links":{"self":[{"href":"https:\/\/listman.shop\/autoparts-br\/wp-json\/wp\/v2\/product\/39807","targetHints":{"allow":["GET"]}}],"collection":[{"href":"https:\/\/listman.shop\/autoparts-br\/wp-json\/wp\/v2\/product"}],"about":[{"href":"https:\/\/listman.shop\/autoparts-br\/wp-json\/wp\/v2\/types\/product"}],"wp:featuredmedia":[{"embeddable":true,"href":"https:\/\/listman.shop\/autoparts-br\/wp-json\/wp\/v2\/media\/39801"}],"wp:attachment":[{"href":"https:\/\/listman.shop\/autoparts-br\/wp-json\/wp\/v2\/media?parent=39807"}],"wp:term":[{"taxonomy":"product_brand","embeddable":true,"href":"https:\/\/listman.shop\/autoparts-br\/wp-json\/wp\/v2\/product_brand?post=39807"},{"taxonomy":"product_cat","embeddable":true,"href":"https:\/\/listman.shop\/autoparts-br\/wp-json\/wp\/v2\/product_cat?post=39807"},{"taxonomy":"product_tag","embeddable":true,"href":"https:\/\/listman.shop\/autoparts-br\/wp-json\/wp\/v2\/product_tag?post=39807"}],"curies":[{"name":"wp","href":"https:\/\/api.w.org\/{rel}","templated":true}]}}