{"id":40126,"date":"2025-03-23T16:53:10","date_gmt":"2025-03-23T07:53:10","guid":{"rendered":"https:\/\/listman.shop\/autoparts-br\/product\/1005008141703564\/"},"modified":"2026-05-04T13:51:06","modified_gmt":"2026-05-04T04:51:06","slug":"1005008141703564","status":"publish","type":"product","link":"https:\/\/listman.shop\/autoparts-br\/product\/1005008141703564\/","title":{"rendered":"Mangueira de lavadora de press\u00e3o super flex\u00edvel de 10m, 3200 psi, resistente a tor\u00e7\u00e3o, mangueira de extens\u00e3o de lavagem de carro de 1\/4 polegadas, M22-pin 14\/15"},"content":{"rendered":"<div class=\"detailmodule_html\">\n<div class=\"detail-desc-decorate-richtext\">\n<p><span style=\"font-size:20px;font-family:arial, helvetica, sans-serif\"><strong>Mangueira de lavadora de press\u00e3o super flex\u00edvel de 32 p\u00e9s, 3200 PSI Mangeira de lavadora de energia resistente a dobras 1\/4 pol. Mangueira de extens\u00e3o de lavagem de carro M22-pin 14\/15<\/strong><\/span><\/p>\n<p><\/p>\n<p><\/p>\n<p><span style=\"font-size:18px;font-family:arial, helvetica, sans-serif\"><strong>Descri\u00e7\u00e3o:<\/strong><\/span><\/p>\n<p><\/p>\n<p><span style=\"font-size:16px;font-family:arial, helvetica, sans-serif\">Comprimento: 10m<\/span><\/p>\n<p style=\", Roboto, Arial, Helvetica, sans-serif, SimSun;font-size:14px;font-weight:400;letter-spacing:normal;line-height:inherit;text-align:start;white-space:normal;margin:0px;margin-bottom:0px;margin-top:0px;margin-left:0px;margin-right:0px;padding:0px;padding-bottom:0px;padding-top:0px;padding-left:0px;padding-right:0px\" align=\"start\"><span style=\"font-size:16px;font-family:arial, helvetica, sans-serif\">I.D.1\/4&#8243; (6,4 mm)<\/span><\/p>\n<p style=\", Roboto, Arial, Helvetica, sans-serif, SimSun;font-size:14px;font-weight:400;letter-spacing:normal;line-height:inherit;text-align:start;white-space:normal;margin:0px;margin-bottom:0px;margin-top:0px;margin-left:0px;margin-right:0px;padding:0px;padding-bottom:0px;padding-top:0px;padding-left:0px;padding-right:0px\" align=\"start\"><span style=\"font-size:16px;font-family:arial, helvetica, sans-serif\">O.D.12 mm<\/span><\/p>\n<p style=\", Roboto, Arial, Helvetica, sans-serif, SimSun;font-size:14px;font-weight:400;letter-spacing:normal;line-height:inherit;text-align:start;white-space:normal;margin:0px;margin-bottom:0px;margin-top:0px;margin-left:0px;margin-right:0px;padding:0px;padding-bottom:0px;padding-top:0px;padding-left:0px;padding-right:0px\" align=\"start\"><span style=\"font-size:16px;font-family:arial, helvetica, sans-serif\">Press\u00e3o de trabalho: 220bar \/ 3200psi<\/span><\/p>\n<p style=\", Roboto, Arial, Helvetica, sans-serif, SimSun;font-size:14px;font-weight:400;letter-spacing:normal;line-height:inherit;text-align:start;white-space:normal;margin:0px;margin-bottom:0px;margin-top:0px;margin-left:0px;margin-right:0px;padding:0px;padding-bottom:0px;padding-top:0px;padding-left:0px;padding-right:0px\" align=\"start\"><span style=\"font-size:16px;font-family:arial, helvetica, sans-serif\">Press\u00e3o m\u00e1xima: 660bar \/ 9600psi<\/span><\/p>\n<p style=\", Roboto, Arial, Helvetica, sans-serif, SimSun;font-size:14px;font-weight:400;letter-spacing:normal;line-height:inherit;text-align:start;white-space:normal;margin:0px;margin-bottom:0px;margin-top:0px;margin-left:0px;margin-right:0px;padding:0px;padding-bottom:0px;padding-top:0px;padding-left:0px;padding-right:0px\" align=\"start\"><span style=\"font-size:16px;font-family:arial, helvetica, sans-serif\">Temperatura m\u00e1xima: 60\u2103 \/ 140\u2109<\/span><\/p>\n<p style=\", Roboto, Arial, Helvetica, sans-serif, SimSun;font-size:14px;font-weight:400;letter-spacing:normal;line-height:inherit;text-align:start;white-space:normal;margin:0px;margin-bottom:0px;margin-top:0px;margin-left:0px;margin-right:0px;padding:0px;padding-bottom:0px;padding-top:0px;padding-left:0px;padding-right:0px\" align=\"start\"><span style=\"font-size:16px;font-family:arial, helvetica, sans-serif\">Extremidades da mangueira: porca de anel M22x1,5 mm f\u00eamea, di\u00e2metro do pino 14 e 15 mm, com an\u00e9is de veda\u00e7\u00e3o duplos<\/span><\/p>\n<p style=\", Roboto, Arial, Helvetica, sans-serif, SimSun;font-size:14px;font-weight:400;letter-spacing:normal;line-height:inherit;text-align:start;white-space:normal;margin:0px;margin-bottom:0px;margin-top:0px;margin-left:0px;margin-right:0px;padding:0px;padding-bottom:0px;padding-top:0px;padding-left:0px;padding-right:0px\" align=\"start\"><span style=\"font-size:16px;font-family:arial, helvetica, sans-serif\">Conector: M22-macho \/ M22-macho para extens\u00e3o de mangueira<\/span><\/p>\n<p><\/p>\n<p><strong><span style=\"font-size:18px;font-family:arial, helvetica, sans-serif\">Caracter\u00edsticas:<\/span><\/strong><\/p>\n<p><\/p>\n<p><span style=\"font-size:16px;font-family:arial, helvetica, sans-serif\">[Super flex\u00edvel] \u2013 A mangueira de lavagem de press\u00e3o BEAR FORCE de 32 p\u00e9s \u00e9 feita de material TPU inovador, que melhora sua flexibilidade em 3 vezes, 32\u2109-140\u2109 Temperatura de trabalho.Isso permite que a mangueira da lavadora de energia tenha excelente desempenho operacional, facilitando a manobra e a bobina para armazenamento, economizando tempo e esfor\u00e7o.<\/span><\/p>\n<p><span style=\"font-size:16px;font-family:arial, helvetica, sans-serif\"><br \/><\/span><\/p>\n<p><span style=\"font-size:16px;font-family:arial, helvetica, sans-serif\">[Resistente a tor\u00e7\u00f5es e dur\u00e1vel] \u2013 A mangueira de lavagem sob press\u00e3o de 1\/4&#8243; n\u00e3o dobra sob press\u00e3o, proporcionando uma vida \u00fatil mais longa e uso seguro para uso dom\u00e9stico ou comercial.Pode ser usado para lavar carros, motocicletas, pisos, janelas, cal\u00e7adas, telhados, piscinas, revestimentos e muito mais.<\/span><\/p>\n<p><span style=\"font-size:16px;font-family:arial, helvetica, sans-serif\"><br \/><\/span><\/p>\n<p><span style=\"font-size:16px;font-family:arial, helvetica, sans-serif\">[Fun\u00e7\u00e3o estendida] &#8211; Pode ser usado como uma mangueira de extens\u00e3o com conector M22-14\/15 mm (o pacote inclu\u00eddo), n\u00e3o s\u00f3 pode ser conectado com mangueira M22-14 mm e mangueira M22-15 mm, mas tamb\u00e9m pode ser compat\u00edvel com el\u00e9trica M22-15 mm lavadora de press\u00e3o.<\/span><\/p>\n<p><span style=\"font-size:16px;font-family:arial, helvetica, sans-serif\"><br \/><\/span><\/p>\n<p><span style=\"font-size:16px;font-family:arial, helvetica, sans-serif\">[F\u00e1brica de qualifica\u00e7\u00e3o] &#8211; A mangueira \u00e9 feita de um fabricante profissional BEARFORCE na China &#8211; uma f\u00e1brica OEM para muitas empresas de marca na Europa e Am\u00e9rica do Norte.<\/span><\/p>\n<div class=\"detailmodule_html\">\n<div class=\"detail-desc-decorate-richtext\">\n<p><img data-recalc-dims=\"1\" decoding=\"async\" src=\"https:\/\/i0.wp.com\/ae-pic-a1.aliexpress-media.com\/kf\/S852b0a3f54a84c9881060f609cc6db44Y.png?w=1200&#038;ssl=1\"><\/p>\n<\/div>\n<\/div>\n<p style=\", Roboto, Arial, Helvetica, sans-serif, SimSun;font-size:14px;font-weight:400;letter-spacing:normal;line-height:inherit;text-align:start;white-space:normal;margin:0px;margin-bottom:0px;margin-top:0px;margin-left:0px;margin-right:0px;padding:0px;padding-bottom:0px;padding-top:0px;padding-left:0px;padding-right:0px\" align=\"start\"><img data-recalc-dims=\"1\" decoding=\"async\" src=\"https:\/\/i0.wp.com\/ae01.alicdn.com\/kf\/S0165890d37854ca199560d33bfb17856C.jpg?w=1200&#038;ssl=1\"><img data-recalc-dims=\"1\" decoding=\"async\" src=\"https:\/\/i0.wp.com\/ae01.alicdn.com\/kf\/Sb8b0a28e3b0c47a4bbdd1fffb4831f92I.jpg?w=1200&#038;ssl=1\"><img data-recalc-dims=\"1\" decoding=\"async\" src=\"https:\/\/i0.wp.com\/ae01.alicdn.com\/kf\/S9dda947457074aa788975bd421e138c2b.jpg?w=1200&#038;ssl=1\"><img data-recalc-dims=\"1\" decoding=\"async\" src=\"https:\/\/i0.wp.com\/ae01.alicdn.com\/kf\/Sf69a4e78c6c04ead8085aa5431e55520p.jpg?w=1200&#038;ssl=1\"><img data-recalc-dims=\"1\" decoding=\"async\" src=\"https:\/\/i0.wp.com\/ae01.alicdn.com\/kf\/S6bca432dd3924ed88b85a45d409bdfd5T.jpg?w=1200&#038;ssl=1\"><\/p>\n<\/div>\n<\/div>\n","protected":false},"excerpt":{"rendered":"<p>Mangueira de lavadora de press\u00e3o super flex\u00edvel de 32 p\u00e9s, 3200 PSI Mangeira de lavadora de energia resistente a dobras 1\/4 pol. Mangueira de extens\u00e3o de lavagem de carro M22-pin 14\/15 Descri\u00e7\u00e3o: Comprimento: 10m I.D.1\/4&#8243; (6,4 mm) O.D.12 mm Press\u00e3o de trabalho: 220bar \/ 3200psi Press\u00e3o m\u00e1xima: 660bar \/ 9600psi Temperatura m\u00e1xima: 60\u2103 \/ 140\u2109&hellip;&nbsp;<\/p>\n","protected":false},"featured_media":40120,"template":"","meta":{"neve_meta_sidebar":"","neve_meta_container":"","neve_meta_enable_content_width":"","neve_meta_content_width":0,"neve_meta_title_alignment":"","neve_meta_author_avatar":"","neve_post_elements_order":"","neve_meta_disable_header":"","neve_meta_disable_footer":"","neve_meta_disable_title":""},"product_brand":[],"product_cat":[28,17,108],"product_tag":[],"class_list":{"0":"post-40126","1":"product","2":"type-product","3":"status-publish","4":"has-post-thumbnail","6":"product_cat-lavagem-e-manutencao-de-carros","7":"product_cat-pecas-e-acessorios-automotivos","8":"product_cat-pistola-dagua-e-lancador-de-espuma","10":"first","11":"instock","12":"shipping-taxable","13":"purchasable","14":"product-type-variable"},"jetpack_sharing_enabled":true,"_links":{"self":[{"href":"https:\/\/listman.shop\/autoparts-br\/wp-json\/wp\/v2\/product\/40126","targetHints":{"allow":["GET"]}}],"collection":[{"href":"https:\/\/listman.shop\/autoparts-br\/wp-json\/wp\/v2\/product"}],"about":[{"href":"https:\/\/listman.shop\/autoparts-br\/wp-json\/wp\/v2\/types\/product"}],"wp:featuredmedia":[{"embeddable":true,"href":"https:\/\/listman.shop\/autoparts-br\/wp-json\/wp\/v2\/media\/40120"}],"wp:attachment":[{"href":"https:\/\/listman.shop\/autoparts-br\/wp-json\/wp\/v2\/media?parent=40126"}],"wp:term":[{"taxonomy":"product_brand","embeddable":true,"href":"https:\/\/listman.shop\/autoparts-br\/wp-json\/wp\/v2\/product_brand?post=40126"},{"taxonomy":"product_cat","embeddable":true,"href":"https:\/\/listman.shop\/autoparts-br\/wp-json\/wp\/v2\/product_cat?post=40126"},{"taxonomy":"product_tag","embeddable":true,"href":"https:\/\/listman.shop\/autoparts-br\/wp-json\/wp\/v2\/product_tag?post=40126"}],"curies":[{"name":"wp","href":"https:\/\/api.w.org\/{rel}","templated":true}]}}