{"id":40548,"date":"2025-03-26T13:08:15","date_gmt":"2025-03-26T04:08:15","guid":{"rendered":"https:\/\/listman.shop\/autoparts-br\/product\/1005001349123877\/"},"modified":"2026-05-08T04:30:12","modified_gmt":"2026-05-07T19:30:12","slug":"1005001349123877","status":"publish","type":"product","link":"https:\/\/listman.shop\/autoparts-br\/product\/1005001349123877\/","title":{"rendered":"Lhd rhd carro de fibra de carbono volante capa guarni\u00e7\u00e3o substitui\u00e7\u00e3o para bmw 5 5gt 6 7 series f10 f11 f07 f06 f12 f01 f02 2009-2016"},"content":{"rendered":"<div class=\"detailmodule_html\">\n<div class=\"detail-desc-decorate-richtext\">\n<div class=\"detailmodule_text\">\n<p style=\"font-family:OpenSans;font-size:20px;font-weight:900;line-height:28px;white-space:pre-wrap;margin-bottom:12px\" class=\"detail-desc-decorate-title\" id=\"tl_1\">Car Steering Wheel Chromed Cover Trim Replacement For BMW 5 5GT 6 7 Series F10 F11 F07 F06 F12 F01 F02 2009-2016<\/p>\n<p style=\"font-family:OpenSans;font-size:14px;font-weight:300;line-height:20px;white-space:pre-wrap;margin-bottom:12px\" class=\"detail-desc-decorate-content\" id=\"tl_2\">OE NO.:<\/p>\n<p>Model A:3233 6787 421<br \/>Model B:3233 6787 441\/3233 6787 442<\/p>\n<p>Material: PC and ABS, Rubberized Coating.<\/p>\n<p>Advantage: Upgraded design, More Solid, Not easy to break, Replace perfectly.<\/p>\n<p>Application: <br \/>For BMW<br \/>2010-2017 5 Series F10 F11 F18 <br \/>2009-2015 7 Series F01 F02 F04 <br \/>2009-2017 5GT F07 F07LCI <br \/>2011-2016 6 Series F06 F12 F13<\/p>\n<\/div>\n<div class=\"detailmodule_text-image\">\n<p style=\"font-family:OpenSans;font-size:20px;font-weight:900;line-height:28px;white-space:pre-wrap;margin-bottom:12px\" class=\"detail-desc-decorate-title\" id=\"tl_3\">There are 2 models for your selection,please choose the correct model you need!<\/p>\n<div>\n  <img data-recalc-dims=\"1\" decoding=\"async\" style=\"margin-bottom:10px\" class=\"detail-desc-decorate-image\" src=\"https:\/\/i0.wp.com\/ae01.alicdn.com\/kf\/S71f1276a49884c4085a72ebbeb757b42P.jpg?w=1200&#038;ssl=1\" \/><br \/>\n  <img data-recalc-dims=\"1\" decoding=\"async\" style=\"margin-bottom:10px\" class=\"detail-desc-decorate-image\" src=\"https:\/\/i0.wp.com\/ae01.alicdn.com\/kf\/Sad18ccc6a3364333b65895fce1d342f3c.jpg?w=1200&#038;ssl=1\" \/><br \/>\n  <img data-recalc-dims=\"1\" decoding=\"async\" style=\"margin-bottom:10px\" class=\"detail-desc-decorate-image\" src=\"https:\/\/i0.wp.com\/ae01.alicdn.com\/kf\/Sc1932e1b6d314e44a9d932d401dcfc76H.jpg?w=1200&#038;ssl=1\" \/>\n <\/div>\n<\/div>\n<div class=\"detailmodule_text-image\">\n<p style=\"font-family:OpenSans;font-size:14px;font-weight:300;line-height:20px;white-space:pre-wrap;margin-bottom:12px\" class=\"detail-desc-decorate-content\" id=\"tl_4\">Notice:The surface of our new part is sprayed with UV material, which can prevent scratches and more durable.but the painting of your used part has been oxidated. so, it is a little darker than our new part. after use several months, the color will be more harmonious.<\/p>\n<\/div>\n<div class=\"detailmodule_image\">\n <img data-recalc-dims=\"1\" decoding=\"async\" style=\"margin-bottom:10px\" class=\"detail-desc-decorate-image\" src=\"https:\/\/i0.wp.com\/ae01.alicdn.com\/kf\/S5579ecbb663b400fbe83acf218dac0bdI.jpg?w=1200&#038;ssl=1\" \/><br \/>\n <img data-recalc-dims=\"1\" decoding=\"async\" style=\"margin-bottom:10px\" class=\"detail-desc-decorate-image\" src=\"https:\/\/i0.wp.com\/ae01.alicdn.com\/kf\/S521a319472c242e080dc91952d00868bd.jpg?w=1200&#038;ssl=1\" \/><br \/>\n <img data-recalc-dims=\"1\" decoding=\"async\" style=\"margin-bottom:10px\" class=\"detail-desc-decorate-image\" src=\"https:\/\/i0.wp.com\/ae01.alicdn.com\/kf\/Scf937d00bef24de79d2471110e99d09cw.jpg?w=1200&#038;ssl=1\" \/><br \/>\n <img data-recalc-dims=\"1\" decoding=\"async\" style=\"margin-bottom:10px\" class=\"detail-desc-decorate-image\" src=\"https:\/\/i0.wp.com\/ae01.alicdn.com\/kf\/Sbe49da3d00a44cf2a8a0f9f80cf0c12de.jpg?w=1200&#038;ssl=1\" \/>\n<\/div>\n<div class=\"detailmodule_text\">\n<p style=\"font-family:OpenSans;font-size:20px;font-weight:900;line-height:28px;white-space:pre-wrap;margin-bottom:12px\" class=\"detail-desc-decorate-title\" id=\"tl_5\">WARM REMINDER<\/p>\n<p style=\"font-family:OpenSans;font-size:14px;font-weight:300;line-height:20px;white-space:pre-wrap;margin-bottom:12px\" class=\"detail-desc-decorate-content\" id=\"tl_6\">\uf06c Please confirm the OE No. is correct with our parts before purchasing so that it can be fitted with your car.<br \/>\uf06c All products photos are for demonstration only and maybe a little difference with actual parts. The color and details differences are normal condition.<br \/>\uf06c We already had quality checking for every parts before shipping, so please open the package to check the parts and accessories with packages are not damaged during the shipping before you sign in the parcel. <br \/>\uf06c Please confirm the shipping addresses and tel. No. are detailed and exact correct.<br \/>\uf06c If you cannot replace the parts well by yourself, you can re-adjust it or go to your local professional repairing store to install it.<\/p>\n<\/div>\n<div class=\"detailmodule_text\">\n<p style=\"font-family:OpenSans;font-size:20px;font-weight:900;line-height:28px;white-space:pre-wrap;margin-bottom:12px\" class=\"detail-desc-decorate-title\" id=\"tl_7\">ABOUT US<\/p>\n<p style=\"font-family:OpenSans;font-size:14px;font-weight:300;line-height:20px;white-space:pre-wrap;margin-bottom:12px\" class=\"detail-desc-decorate-content\" id=\"tl_8\">\uf06c The professional factory specialized in quick-wear parts for B.M.W and B.E.N.Z.<br \/>\uf06c Research and produce with top quality, best material and good matching mould.<br \/>\uf06c F2C-from source factory to customer directly.<br \/>\uf06c Plenty of stock, can be shipped fast.<br \/>\uf06c Full range of quick-wear parts.<br \/>\uf06c Large quantity wholesale order will be welcomed.<br \/>\uf06c OEM can be accepted.<\/p>\n<\/div>\n<div class=\"detailmodule_text\">\n<p style=\"font-family:OpenSans;font-size:20px;font-weight:900;line-height:28px;white-space:pre-wrap;margin-bottom:12px\" class=\"detail-desc-decorate-title\" id=\"tl_9\">SHIPPEMNT<\/p>\n<p style=\"font-family:OpenSans;font-size:14px;font-weight:300;line-height:20px;white-space:pre-wrap;margin-bottom:12px\" class=\"detail-desc-decorate-content\" id=\"tl_10\">\uf06c Usually, the order will be shipped within 2-5 working days after receive the payment online excluding the holiday.<br \/>\uf06c The shipping days will depend on the delivery courier. If you did not receive the package within 45days, please contact with us so that we can track it for you.<br \/>\uf06c If the package was damaged during shipping, please refuse to accept it and keep the record and evidence for claim.<\/p>\n<\/div>\n<div class=\"detailmodule_text\">\n<p style=\"font-family:OpenSans;font-size:20px;font-weight:900;line-height:28px;white-space:pre-wrap;margin-bottom:12px\" class=\"detail-desc-decorate-title\" id=\"tl_11\">WARRANTY &amp; FEEDBACK<\/p>\n<p style=\"font-family:OpenSans;font-size:14px;font-weight:300;line-height:20px;white-space:pre-wrap;margin-bottom:12px\" class=\"detail-desc-decorate-content\" id=\"tl_12\">\uf06c If you are not satisfied with our products, you can return it within 30days for a replacement or money back. and please contact with us before you return it.<br \/>\uf06c The shipping cost for returning should be paid by buyers.<br \/>\uf06c If you are satisfied with our products and service, please give us a good comment and five stars feedback.<\/p>\n<\/div>\n<p><\/p>\n<\/div>\n<\/div>\n","protected":false},"excerpt":{"rendered":"<p>Car Steering Wheel Chromed Cover Trim Replacement For BMW 5 5GT 6 7 Series F10 F11 F07 F06 F12 F01 F02 2009-2016 OE NO.: Model A:3233 6787 421Model B:3233 6787 441\/3233 6787 442 Material: PC and ABS, Rubberized Coating. Advantage: Upgraded design, More Solid, Not easy to break, Replace perfectly. Application: For BMW2010-2017 5 Series&hellip;&nbsp;<\/p>\n","protected":false},"featured_media":40542,"template":"","meta":{"neve_meta_sidebar":"","neve_meta_container":"","neve_meta_enable_content_width":"","neve_meta_content_width":0,"neve_meta_title_alignment":"","neve_meta_author_avatar":"","neve_post_elements_order":"","neve_meta_disable_header":"","neve_meta_disable_footer":"","neve_meta_disable_title":""},"product_brand":[],"product_cat":[27,17,70],"product_tag":[],"class_list":{"0":"post-40548","1":"product","2":"type-product","3":"status-publish","4":"has-post-thumbnail","6":"product_cat-pecas-de-chassis","7":"product_cat-pecas-e-acessorios-automotivos","8":"product_cat-suspensao-e-direcao","10":"first","11":"instock","12":"shipping-taxable","13":"purchasable","14":"product-type-variable","15":"has-default-attributes"},"jetpack_sharing_enabled":true,"_links":{"self":[{"href":"https:\/\/listman.shop\/autoparts-br\/wp-json\/wp\/v2\/product\/40548","targetHints":{"allow":["GET"]}}],"collection":[{"href":"https:\/\/listman.shop\/autoparts-br\/wp-json\/wp\/v2\/product"}],"about":[{"href":"https:\/\/listman.shop\/autoparts-br\/wp-json\/wp\/v2\/types\/product"}],"wp:featuredmedia":[{"embeddable":true,"href":"https:\/\/listman.shop\/autoparts-br\/wp-json\/wp\/v2\/media\/40542"}],"wp:attachment":[{"href":"https:\/\/listman.shop\/autoparts-br\/wp-json\/wp\/v2\/media?parent=40548"}],"wp:term":[{"taxonomy":"product_brand","embeddable":true,"href":"https:\/\/listman.shop\/autoparts-br\/wp-json\/wp\/v2\/product_brand?post=40548"},{"taxonomy":"product_cat","embeddable":true,"href":"https:\/\/listman.shop\/autoparts-br\/wp-json\/wp\/v2\/product_cat?post=40548"},{"taxonomy":"product_tag","embeddable":true,"href":"https:\/\/listman.shop\/autoparts-br\/wp-json\/wp\/v2\/product_tag?post=40548"}],"curies":[{"name":"wp","href":"https:\/\/api.w.org\/{rel}","templated":true}]}}