{"id":40634,"date":"2025-03-26T13:11:35","date_gmt":"2025-03-26T04:11:35","guid":{"rendered":"https:\/\/listman.shop\/autoparts-br\/product\/1005005060354541\/"},"modified":"2026-05-04T20:39:12","modified_gmt":"2026-05-04T11:39:12","slug":"1005005060354541","status":"publish","type":"product","link":"https:\/\/listman.shop\/autoparts-br\/product\/1005005060354541\/","title":{"rendered":"Novo Volante Quick Release snap off Volante Hub Chefe Kit adaptador hub: OURO PRETO VERMELHO AZUL Prata VR3859"},"content":{"rendered":"<div class=\"detailmodule_html\">\n<div class=\"detail-desc-decorate-richtext\">\n<div class=\"detailmodule_html\">\n<div class=\"detail-desc-decorate-richtext\">\n<div>\n<div>\n<div>\n<div>\n<div>\n<div>\n<div>\n<div>\n<div>\n<div>\n<div>\n<div>\n<div>\n<div>\n<div style=\"margin:0px auto;margin-bottom:0px;margin-top:0px;margin-left:auto;margin-right:auto\">\n<p style=\"margin:0px;margin-bottom:0px;margin-top:0px;margin-left:0px;margin-right:0px;padding:0px;padding-bottom:0px;padding-top:0px;padding-left:0px;padding-right:0px;overflow:hidden;height:1px\">85663<\/p>\n<div style=\"text-align:center\" align=\"center\">\n<div style=\"padding:5px 0px;padding-bottom:5px;padding-top:5px;padding-left:0px;padding-right:0px;display:inline-block\" align=\"center\">\n<table style=\"border-collapse:collapse\" border=\"0\" cellpadding=\"0\" cellspacing=\"0\">\n<tbody>\n<tr>\n<td>\n<p><a href=\"http:\/\/www.aliexpress.com\/item\/anywhere\/1005002930625716.html\" target=\"_self\" class=\"\"><img data-recalc-dims=\"1\" decoding=\"async\" style=\"border:0px currentcolor;margin:1px;margin-bottom:1px;margin-top:1px;margin-left:1px;margin-right:1px\" src=\"https:\/\/i0.wp.com\/ae01.alicdn.com\/kf\/S3560aa15c0184dff9b964c0f1fc39154A.png?w=1200&#038;ssl=1\"><\/a><\/p>\n<\/td>\n<td>\n<p><a href=\"http:\/\/www.aliexpress.com\/item\/anywhere\/1005002847746670.html\" target=\"_self\" class=\"\"><img data-recalc-dims=\"1\" decoding=\"async\" style=\"border:0px currentcolor;margin:1px;margin-bottom:1px;margin-top:1px;margin-left:1px;margin-right:1px\" src=\"https:\/\/i0.wp.com\/ae01.alicdn.com\/kf\/S39e1da9182754467a28f6b9c3a37d0c8U.png?w=1200&#038;ssl=1\"><\/a><\/p>\n<\/td>\n<td>\n<p><a href=\"http:\/\/www.aliexpress.com\/item\/anywhere\/1005002431284618.html\" target=\"_self\" class=\"\"><img data-recalc-dims=\"1\" decoding=\"async\" style=\"border:0px currentcolor;margin:1px;margin-bottom:1px;margin-top:1px;margin-left:1px;margin-right:1px\" src=\"https:\/\/i0.wp.com\/ae01.alicdn.com\/kf\/S35acdf9f4d88432e8c5560aa01377117Y.png?w=1200&#038;ssl=1\"><\/a><\/p>\n<\/td>\n<td>\n<p><a href=\"http:\/\/www.aliexpress.com\/item\/anywhere\/1005002418813571.html\" target=\"_self\" class=\"\"><img data-recalc-dims=\"1\" decoding=\"async\" style=\"border:0px currentcolor;margin:1px;margin-bottom:1px;margin-top:1px;margin-left:1px;margin-right:1px\" src=\"https:\/\/i0.wp.com\/ae01.alicdn.com\/kf\/Sd902af840d7c408cadcd58a0bef07a0di.png?w=1200&#038;ssl=1\"><\/a><\/p>\n<\/td>\n<td>\n<p><a href=\"http:\/\/www.aliexpress.com\/item\/anywhere\/1005002124798766.html\" target=\"_self\" class=\"\"><img data-recalc-dims=\"1\" decoding=\"async\" style=\"border:0px currentcolor;margin:1px;margin-bottom:1px;margin-top:1px;margin-left:1px;margin-right:1px\" src=\"https:\/\/i0.wp.com\/ae01.alicdn.com\/kf\/S02377b8c674445c398a4ffeff9fd9087F.png?w=1200&#038;ssl=1\"><\/a><\/p>\n<\/td>\n<\/tr>\n<tr>\n<td>\n<p><a href=\"http:\/\/www.aliexpress.com\/item\/anywhere\/1920907891.html\" target=\"_self\" class=\"\"><img data-recalc-dims=\"1\" decoding=\"async\" style=\"border:0px currentcolor;margin:1px;margin-bottom:1px;margin-top:1px;margin-left:1px;margin-right:1px\" src=\"https:\/\/i0.wp.com\/ae01.alicdn.com\/kf\/Sdd1a9ee4797047a7921ebdbf3e8239faG.png?w=1200&#038;ssl=1\"><\/a><\/p>\n<\/td>\n<td>\n<p><a href=\"http:\/\/www.aliexpress.com\/item\/anywhere\/32240167066.html\" target=\"_self\" class=\"\"><img data-recalc-dims=\"1\" decoding=\"async\" style=\"border:0px currentcolor;margin:1px;margin-bottom:1px;margin-top:1px;margin-left:1px;margin-right:1px\" src=\"https:\/\/i0.wp.com\/ae01.alicdn.com\/kf\/S5ecf5cc7949141f2a7392d79cb9f66d66.png?w=1200&#038;ssl=1\"><\/a><\/p>\n<\/td>\n<td>\n<p><a href=\"http:\/\/www.aliexpress.com\/item\/anywhere\/32320201111.html\" target=\"_self\" class=\"\"><img data-recalc-dims=\"1\" decoding=\"async\" style=\"border:0px currentcolor;margin:1px;margin-bottom:1px;margin-top:1px;margin-left:1px;margin-right:1px\" src=\"https:\/\/i0.wp.com\/ae01.alicdn.com\/kf\/S9f1e89f2c6ba47cb9706c73a0af4037fH.png?w=1200&#038;ssl=1\"><\/a><\/p>\n<\/td>\n<td>\n<p><a href=\"http:\/\/www.aliexpress.com\/item\/anywhere\/32321868499.html\" target=\"_self\" class=\"\"><img data-recalc-dims=\"1\" decoding=\"async\" style=\"border:0px currentcolor;margin:1px;margin-bottom:1px;margin-top:1px;margin-left:1px;margin-right:1px\" src=\"https:\/\/i0.wp.com\/ae01.alicdn.com\/kf\/S6899d6108d0c44708e723ba4d5c6ed19U.png?w=1200&#038;ssl=1\"><\/a><\/p>\n<\/td>\n<td>\n<p><a href=\"http:\/\/www.aliexpress.com\/item\/anywhere\/32421409494.html\" target=\"_self\" class=\"\"><img data-recalc-dims=\"1\" decoding=\"async\" style=\"border:0px currentcolor;margin:1px;margin-bottom:1px;margin-top:1px;margin-left:1px;margin-right:1px\" src=\"https:\/\/i0.wp.com\/ae01.alicdn.com\/kf\/Sc2a614762eb048018b2a414edb1a999fv.png?w=1200&#038;ssl=1\"><\/a><\/p>\n<\/td>\n<\/tr>\n<tr>\n<td>\n<p><a href=\"http:\/\/www.aliexpress.com\/item\/anywhere\/32806063582.html\" target=\"_self\" class=\"\"><img data-recalc-dims=\"1\" decoding=\"async\" style=\"border:0px currentcolor;margin:1px;margin-bottom:1px;margin-top:1px;margin-left:1px;margin-right:1px\" src=\"https:\/\/i0.wp.com\/ae01.alicdn.com\/kf\/S5edd6abd00a54caf83e5851ab04914e1s.png?w=1200&#038;ssl=1\"><\/a><\/p>\n<\/td>\n<td>\n<p><a href=\"http:\/\/www.aliexpress.com\/item\/anywhere\/32834979765.html\" target=\"_self\" class=\"\"><img data-recalc-dims=\"1\" decoding=\"async\" style=\"border:0px currentcolor;margin:1px;margin-bottom:1px;margin-top:1px;margin-left:1px;margin-right:1px\" src=\"https:\/\/i0.wp.com\/ae01.alicdn.com\/kf\/S945c62789cff44489906aca62f7df384l.png?w=1200&#038;ssl=1\"><\/a><\/p>\n<\/td>\n<td>\n<p><a href=\"http:\/\/www.aliexpress.com\/item\/anywhere\/32855517937.html\" target=\"_self\" class=\"\"><img data-recalc-dims=\"1\" decoding=\"async\" style=\"border:0px currentcolor;margin:1px;margin-bottom:1px;margin-top:1px;margin-left:1px;margin-right:1px\" src=\"https:\/\/i0.wp.com\/ae01.alicdn.com\/kf\/Sf466d17d01bc4c2ab2d3f5e1230c4ef6q.png?w=1200&#038;ssl=1\"><\/a><\/p>\n<\/td>\n<td>\n<p><a href=\"http:\/\/www.aliexpress.com\/item\/anywhere\/32958851710.html\" target=\"_self\" class=\"\"><img data-recalc-dims=\"1\" decoding=\"async\" style=\"border:0px currentcolor;margin:1px;margin-bottom:1px;margin-top:1px;margin-left:1px;margin-right:1px\" src=\"https:\/\/i0.wp.com\/ae01.alicdn.com\/kf\/S5002db7ca3424c2e9c5a398e55fd40c8J.png?w=1200&#038;ssl=1\"><\/a><\/p>\n<\/td>\n<td>\n<p><a href=\"http:\/\/www.aliexpress.com\/item\/anywhere\/4001031023249.html\" target=\"_self\" class=\"\"><img data-recalc-dims=\"1\" decoding=\"async\" style=\"border:0px currentcolor;margin:1px;margin-bottom:1px;margin-top:1px;margin-left:1px;margin-right:1px\" src=\"https:\/\/i0.wp.com\/ae01.alicdn.com\/kf\/Sa351a6008e8d490f851b41ce8051e8e1W.png?w=1200&#038;ssl=1\"><\/a><\/p>\n<\/td>\n<\/tr>\n<tr>\n<td>\n<p><a href=\"http:\/\/www.aliexpress.com\/item\/anywhere\/4001274538347.html\" target=\"_self\" class=\"\"><img data-recalc-dims=\"1\" decoding=\"async\" style=\"border:0px currentcolor;margin:1px;margin-bottom:1px;margin-top:1px;margin-left:1px;margin-right:1px\" src=\"https:\/\/i0.wp.com\/ae01.alicdn.com\/kf\/Seb7194ce7abf46b1a77575c3382133167.png?w=1200&#038;ssl=1\"><\/a><\/p>\n<\/td>\n<td>\n<p><a href=\"http:\/\/www.aliexpress.com\/item\/anywhere\/1005004093060025.html\" target=\"_self\" class=\"\"><img data-recalc-dims=\"1\" decoding=\"async\" style=\"border:0px currentcolor;margin:1px;margin-bottom:1px;margin-top:1px;margin-left:1px;margin-right:1px\" src=\"https:\/\/i0.wp.com\/ae01.alicdn.com\/kf\/S20a2fdc38e144a6cb54d0cc091418f5b7.png?w=1200&#038;ssl=1\"><\/a><\/p>\n<\/td>\n<td>\n<p><a href=\"http:\/\/www.aliexpress.com\/item\/anywhere\/1005004093017469.html\" target=\"_self\" class=\"\"><img data-recalc-dims=\"1\" decoding=\"async\" style=\"border:0px currentcolor;margin:1px;margin-bottom:1px;margin-top:1px;margin-left:1px;margin-right:1px\" src=\"https:\/\/i0.wp.com\/ae01.alicdn.com\/kf\/S16956730488b40199c7e7ac101c7ee03c.png?w=1200&#038;ssl=1\"><\/a><\/p>\n<\/td>\n<\/tr>\n<\/tbody>\n<\/table>\n<\/div>\n<\/div>\n<div>&nbsp;<\/div>\n<\/div>\n<div>&nbsp;<\/div>\n<\/div>\n<\/div>\n<div>\n<div>\n<div>\n<div>\n<div>\n<div>\n<div>\n<div>\n<div>\n<div>\n<div>\n<div>\n<div>\n<div>\n<div>\n<div>\n<div>\n<div>\n<div>\n<div>\n<div>\n<div>\n<div>\n<div>\n<div>\n<div>\n<div>\n<div>\n<div>\n<div>\n<div>\n<div>\n<div>\n<div>\n<div>\n<div>\n<div>\n<div>\n<div>\n<div>\n<div>\n<div>\n<div>\n<div>\n<div>\n<div>\n<div>\n<div>\n<div>\n<div>\n<div>\n<div>\n<div>\n<div>\n<div>\n<div>\n<div>\n<div>\n<div>\n<div>\n<div>\n<div>\n<div>\n<div>\n<div>\n<div>\n<div>\n<div>\n<div>\n<div>\n<div>\n<div>\n<div>\n<div>\n<div>\n<div>\n<div>\n<div>\n<div>\n<div>\n<div>\n<div>\n<div>\n<div>\n<div>\n<div>\n<div>\n<div>\n<div>\n<div>\n<div>\n<div>\n<div>\n<div>\n<div>\n<div>\n<div>\n<div>\n<div>\n<div>\n<div>\n<div>\n<div>\n<div>\n<div>\n<div>\n<div>\n<div>\n<div>\n<div>\n<div>\n<div>\n<div>\n<div>\n<div>\n<div>\n<div>\n<div>\n<div>\n<div>\n<div>&nbsp;<\/div>\n<div><span style=\"font-size:18px;font-family:arial\">Novo adaptador de cubo de libera\u00e7\u00e3o r\u00e1pida do volante kit chefe do cubo do volante: ouro preto vermelho azul prata vr3859<\/span><\/div>\n<div><span style=\"font-size:18px;font-family:arial\"><strong>Aplica\u00e7\u00e3o:<\/strong><\/span><\/div>\n<ul>\n<li>\n<p><span style=\"font-size:18px;font-family:arial\">Universal.<\/span><\/p>\n<\/li>\n<\/ul>\n<p><span style=\"font-size:18px;font-family:arial\"><strong>Recursos e benef\u00edcios:<\/strong><\/span><\/p>\n<ul>\n<li>\n<p><span style=\"font-size:18px;font-family:arial\">A libera\u00e7\u00e3o r\u00e1pida Bolt-On permite a remo\u00e7\u00e3o r\u00e1pida do volante.<\/span><\/p>\n<\/li>\n<li>\n<p><span style=\"font-size:18px;font-family:arial\">Este \u00e9 um parafuso de libera\u00e7\u00e3o r\u00e1pida e requer um adaptador de hub espec\u00edfico do ve\u00edculo para montar.<\/span><\/p>\n<\/li>\n<li>\n<p><span style=\"font-size:18px;font-family:arial\">A libera\u00e7\u00e3o r\u00e1pida tem um padr\u00e3o de 6 parafusos para caber em qualquer um dos volantes.<\/span><\/p>\n<\/li>\n<li>\n<p><span style=\"font-size:18px;font-family:arial\">Nenhuma soldagem necess\u00e1ria.<\/span><\/p>\n<\/li>\n<li>\n<p><span style=\"font-size:18px;font-family:arial\">N\u00e3o s\u00e3o necess\u00e1rias chaves finas<\/span><\/p>\n<\/li>\n<li>\n<p><span style=\"font-size:18px;font-family:arial\">Qualidade muito alta para durabilidade e confiabilidade<\/span><\/p>\n<\/li>\n<li>\n<p><span style=\"font-size:18px;font-family:arial\">Projetado para caber entre o kit do chefe e o volante<\/span><\/p>\n<\/li>\n<li>\n<p><span style=\"font-size:18px;font-family:arial\">Vem com todos os parafusos\/parafusos necess\u00e1rios para prend\u00ea-los ao volante.<\/span><\/p>\n<\/li>\n<\/ul>\n<p><span style=\"font-size:18px;font-family:arial\"><strong>Dimens\u00f5es e material:<\/strong><\/span><\/p>\n<ul>\n<li>\n<p><span style=\"font-size:18px;font-family:arial\">Material: Feito de alum\u00ednio de qualidade aeron\u00e1utica<\/span><\/p>\n<\/li>\n<li>\n<p><span style=\"font-size:18px;font-family:arial\">Cor: OR PRETO VERMELHO AZUL NEO<\/span><\/p>\n<\/li>\n<\/ul>\n<p><span style=\"font-size:18px;font-family:arial\"><strong>Pacote inclu\u00eddo:<\/strong><\/span><\/p>\n<ul>\n<li>\n<p><span style=\"font-size:18px;font-family:arial\">1x adaptador de volante de libera\u00e7\u00e3o r\u00e1pida.(100% novo, nunca usado ou instalado)<\/span><\/p>\n<\/li>\n<\/ul>\n<div><\/div>\n<p><span style=\"font-size:18px;font-family:arial\">Todos os itens s\u00e3o novos, salvo indica\u00e7\u00e3o em contr\u00e1rio na listagem.<\/span><br \/><span style=\"font-size:18px;font-family:arial\">Vendemos itens DIY (fa\u00e7a voc\u00ea mesmo) com algumas exce\u00e7\u00f5es.<\/span><br \/><span style=\"font-size:18px;font-family:arial\">N\u00e3o nos responsabilizamos em ensin\u00e1-lo como instalar.<\/span><br \/><span style=\"font-size:18px;font-family:arial\">A instala\u00e7\u00e3o profissional \u00e9 fortemente recomendada.<\/span><\/p>\n<div>\n<\/div>\n<p><\/p>\n<p><\/p>\n<p><\/p>\n<p><\/p>\n<p><\/p>\n<p><\/p>\n<p><\/p>\n<p><\/p>\n<p><img data-recalc-dims=\"1\" decoding=\"async\"  src=\"https:\/\/i0.wp.com\/ae01.alicdn.com\/kf\/S9d009e27ef994cbcb2add30685d6c9288.jpg?w=1000&#038;ssl=1\"><\/p>\n<p><img data-recalc-dims=\"1\" decoding=\"async\"  src=\"https:\/\/i0.wp.com\/ae01.alicdn.com\/kf\/S43f323cc73b240d29880e962df9e43e93.jpg?w=1000&#038;ssl=1\"><\/p>\n<p><img data-recalc-dims=\"1\" decoding=\"async\"  src=\"https:\/\/i0.wp.com\/ae01.alicdn.com\/kf\/S6cedfeba759e42c4a4b1fa7e0fb1cc822.jpg?w=1000&#038;ssl=1\"><\/p>\n<p><img data-recalc-dims=\"1\" decoding=\"async\"  src=\"https:\/\/i0.wp.com\/ae01.alicdn.com\/kf\/Sac7aa179c4d447d8bd465af590b0552dF.jpg?w=1000&#038;ssl=1\"><\/p>\n<p><img data-recalc-dims=\"1\" decoding=\"async\"  src=\"https:\/\/i0.wp.com\/ae01.alicdn.com\/kf\/S581f1536f6de447aabd73bfc0b25e9a1Y.jpg?w=1000&#038;ssl=1\"><\/p>\n<p><img data-recalc-dims=\"1\" decoding=\"async\"  src=\"https:\/\/i0.wp.com\/ae01.alicdn.com\/kf\/S1671dec81232413d8dd28107c121e7afo.jpg?w=1000&#038;ssl=1\"><\/p>\n<p><img data-recalc-dims=\"1\" decoding=\"async\"  src=\"https:\/\/i0.wp.com\/ae01.alicdn.com\/kf\/Se478edaea5fa4f63959c7cb3e5d49c43T.jpg?w=1000&#038;ssl=1\"><\/p>\n<p><img data-recalc-dims=\"1\" decoding=\"async\"  src=\"https:\/\/i0.wp.com\/ae01.alicdn.com\/kf\/S32a9af692e8947b5b5d7e3f24bc92a99t.jpg?w=1000&#038;ssl=1\"><\/p>\n<p><img data-recalc-dims=\"1\" decoding=\"async\"  src=\"https:\/\/i0.wp.com\/ae01.alicdn.com\/kf\/Hd371f47092404e3db9335d0ae5729e0bn.jpg?w=1000\"><\/p>\n<p><img data-recalc-dims=\"1\" decoding=\"async\"  src=\"https:\/\/i0.wp.com\/ae01.alicdn.com\/kf\/H4dc7f959e8fb413baa3a71f3c908b49aZ.jpg?w=1000\"><\/p>\n<p><img data-recalc-dims=\"1\" decoding=\"async\"  src=\"https:\/\/i0.wp.com\/ae01.alicdn.com\/kf\/H157fa8a7d3144f8f81c18cafb1c62316e.jpg?w=1000\"><\/p>\n<p><img data-recalc-dims=\"1\" decoding=\"async\"  src=\"https:\/\/i0.wp.com\/ae01.alicdn.com\/kf\/Hff53d4041a50498cbd7fbd92b2bf61fcx.jpg?w=1000\"><\/p>\n<p><img data-recalc-dims=\"1\" decoding=\"async\"  src=\"https:\/\/i0.wp.com\/ae01.alicdn.com\/kf\/H87cd771baa5e421194256c81aa0eda98G.jpg?w=1000\"><\/p>\n<\/div>\n<\/div>\n<\/div>\n<\/div>\n<\/div>\n<\/div>\n<\/div>\n<\/div>\n<\/div>\n<\/div>\n<\/div>\n<\/div>\n<\/div>\n<\/div>\n<\/div>\n<\/div>\n<\/div>\n<\/div>\n<\/div>\n<\/div>\n<\/div>\n<\/div>\n<\/div>\n<\/div>\n<\/div>\n<\/div>\n<\/div>\n<\/div>\n<\/div>\n<\/div>\n<\/div>\n<\/div>\n<\/div>\n<\/div>\n<\/div>\n<\/div>\n<\/div>\n<\/div>\n<\/div>\n<\/div>\n<\/div>\n<\/div>\n<\/div>\n<\/div>\n<\/div>\n<\/div>\n<\/div>\n<\/div>\n<\/div>\n<\/div>\n<\/div>\n<\/div>\n<\/div>\n<\/div>\n<\/div>\n<\/div>\n<\/div>\n<\/div>\n<\/div>\n<\/div>\n<\/div>\n<\/div>\n<\/div>\n<\/div>\n<\/div>\n<\/div>\n<\/div>\n<\/div>\n<\/div>\n<\/div>\n<\/div>\n<\/div>\n<\/div>\n<\/div>\n<\/div>\n<\/div>\n<\/div>\n<\/div>\n<\/div>\n<\/div>\n<\/div>\n<\/div>\n<\/div>\n<\/div>\n<\/div>\n<\/div>\n<\/div>\n<\/div>\n<\/div>\n<\/div>\n<\/div>\n<\/div>\n<\/div>\n<\/div>\n<\/div>\n<\/div>\n<\/div>\n<\/div>\n<\/div>\n<\/div>\n<\/div>\n<\/div>\n<\/div>\n<\/div>\n<\/div>\n<\/div>\n<\/div>\n<\/div>\n<\/div>\n<\/div>\n<\/div>\n<\/div>\n<\/div>\n<\/div>\n<\/div>\n<\/div>\n<\/div>\n<\/div>\n<\/div>\n<\/div>\n<\/div>\n<\/div>\n<\/div>\n<\/div>\n<\/div>\n<\/div>\n<\/div>\n<\/div>\n<\/div>\n<\/div>\n<div><\/div>\n<\/div>\n<\/div>\n<div><\/div>\n<\/div>\n<\/div>\n<p><\/div>\n<\/div>\n","protected":false},"excerpt":{"rendered":"<p>85663 &nbsp; &nbsp; &nbsp; Novo adaptador de cubo de libera\u00e7\u00e3o r\u00e1pida do volante kit chefe do cubo do volante: ouro preto vermelho azul prata vr3859 Aplica\u00e7\u00e3o: Universal. Recursos e benef\u00edcios: A libera\u00e7\u00e3o r\u00e1pida Bolt-On permite a remo\u00e7\u00e3o r\u00e1pida do volante. Este \u00e9 um parafuso de libera\u00e7\u00e3o r\u00e1pida e requer um adaptador de hub espec\u00edfico do&hellip;&nbsp;<\/p>\n","protected":false},"featured_media":40628,"template":"","meta":{"neve_meta_sidebar":"","neve_meta_container":"","neve_meta_enable_content_width":"","neve_meta_content_width":0,"neve_meta_title_alignment":"","neve_meta_author_avatar":"","neve_post_elements_order":"","neve_meta_disable_header":"","neve_meta_disable_footer":"","neve_meta_disable_title":""},"product_brand":[],"product_cat":[27,17,70],"product_tag":[],"class_list":{"0":"post-40634","1":"product","2":"type-product","3":"status-publish","4":"has-post-thumbnail","6":"product_cat-pecas-de-chassis","7":"product_cat-pecas-e-acessorios-automotivos","8":"product_cat-suspensao-e-direcao","10":"first","11":"instock","12":"shipping-taxable","13":"purchasable","14":"product-type-variable","15":"has-default-attributes"},"jetpack_sharing_enabled":true,"_links":{"self":[{"href":"https:\/\/listman.shop\/autoparts-br\/wp-json\/wp\/v2\/product\/40634","targetHints":{"allow":["GET"]}}],"collection":[{"href":"https:\/\/listman.shop\/autoparts-br\/wp-json\/wp\/v2\/product"}],"about":[{"href":"https:\/\/listman.shop\/autoparts-br\/wp-json\/wp\/v2\/types\/product"}],"wp:featuredmedia":[{"embeddable":true,"href":"https:\/\/listman.shop\/autoparts-br\/wp-json\/wp\/v2\/media\/40628"}],"wp:attachment":[{"href":"https:\/\/listman.shop\/autoparts-br\/wp-json\/wp\/v2\/media?parent=40634"}],"wp:term":[{"taxonomy":"product_brand","embeddable":true,"href":"https:\/\/listman.shop\/autoparts-br\/wp-json\/wp\/v2\/product_brand?post=40634"},{"taxonomy":"product_cat","embeddable":true,"href":"https:\/\/listman.shop\/autoparts-br\/wp-json\/wp\/v2\/product_cat?post=40634"},{"taxonomy":"product_tag","embeddable":true,"href":"https:\/\/listman.shop\/autoparts-br\/wp-json\/wp\/v2\/product_tag?post=40634"}],"curies":[{"name":"wp","href":"https:\/\/api.w.org\/{rel}","templated":true}]}}