{"id":41076,"date":"2025-03-27T07:48:40","date_gmt":"2025-03-26T22:48:40","guid":{"rendered":"https:\/\/listman.shop\/autoparts-br\/product\/1005002037888423\/"},"modified":"2026-04-15T00:02:06","modified_gmt":"2026-04-14T15:02:06","slug":"1005002037888423","status":"publish","type":"product","link":"https:\/\/listman.shop\/autoparts-br\/product\/1005002037888423\/","title":{"rendered":"Sensor de press\u00e3o de \u00f3leo do motor Mopar se encaixa para 2007 Jeep Grand Cherokee 3.0L-V6 05149065 AA"},"content":{"rendered":"<div class=\"detailmodule_html\">\n<div class=\"detail-desc-decorate-richtext\">\n<p><\/p>\n<p><span style=\"font-size:18px\">H\u00e1 um desconto para 10 picec ou mais.<\/span><\/p>\n<p><\/p>\n<p><span style=\"font-size:22px\"><strong>Sensor de press\u00e3o de \u00f3leo do motor Mopar se encaixa para Jeep Grand Cherokee 3.0L-V6 200705149065AA<\/strong><\/span><img data-recalc-dims=\"1\" decoding=\"async\" src=\"https:\/\/i0.wp.com\/ae01.alicdn.com\/kf\/H9fca860318b24a5dbaca346ef37d53b1n.jpg?w=1200&#038;ssl=1\"><\/p>\n<p><\/p>\n<p><\/p>\n<p><span style=\"font-size:20px;font-family:arial, helvetica, sans-serif\"><strong>Aplica\u00e7\u00e3o:<\/strong><\/span><\/p>\n<p><span style=\"font-size:18px\"><strong>Chrysler 300C 2006-2008 3,0 CRD<\/strong><\/span><\/p>\n<p><span style=\"font-size:18px\"><strong>Jeep Grand Cherokee III WK 2005-2010 3.0 CRD<\/strong><\/span><\/p>\n<p><span style=\"font-size:18px\"><strong>Jeep Commander 2006-2010 3.0 CRD<\/strong><\/span><\/p>\n<p><\/p>\n<p><\/p>\n<\/p>\n<\/div>\n<\/div>\n","protected":false},"excerpt":{"rendered":"<p>H\u00e1 um desconto para 10 picec ou mais. Sensor de press\u00e3o de \u00f3leo do motor Mopar se encaixa para Jeep Grand Cherokee 3.0L-V6 200705149065AA Aplica\u00e7\u00e3o: Chrysler 300C 2006-2008 3,0 CRD Jeep Grand Cherokee III WK 2005-2010 3.0 CRD Jeep Commander 2006-2010 3.0 CRD<\/p>\n","protected":false},"featured_media":41071,"template":"","meta":{"neve_meta_sidebar":"","neve_meta_container":"","neve_meta_enable_content_width":"","neve_meta_content_width":0,"neve_meta_title_alignment":"","neve_meta_author_avatar":"","neve_post_elements_order":"","neve_meta_disable_header":"","neve_meta_disable_footer":"","neve_meta_disable_title":""},"product_brand":[],"product_cat":[17,122,29],"product_tag":[],"class_list":{"0":"post-41076","1":"product","2":"type-product","3":"status-publish","4":"has-post-thumbnail","6":"product_cat-pecas-e-acessorios-automotivos","7":"product_cat-sensores-automotivos-sensores-automotivos","8":"product_cat-sensores-automotivos","10":"first","11":"instock","12":"shipping-taxable","13":"purchasable","14":"product-type-variable","15":"has-default-attributes"},"jetpack_sharing_enabled":true,"_links":{"self":[{"href":"https:\/\/listman.shop\/autoparts-br\/wp-json\/wp\/v2\/product\/41076","targetHints":{"allow":["GET"]}}],"collection":[{"href":"https:\/\/listman.shop\/autoparts-br\/wp-json\/wp\/v2\/product"}],"about":[{"href":"https:\/\/listman.shop\/autoparts-br\/wp-json\/wp\/v2\/types\/product"}],"wp:featuredmedia":[{"embeddable":true,"href":"https:\/\/listman.shop\/autoparts-br\/wp-json\/wp\/v2\/media\/41071"}],"wp:attachment":[{"href":"https:\/\/listman.shop\/autoparts-br\/wp-json\/wp\/v2\/media?parent=41076"}],"wp:term":[{"taxonomy":"product_brand","embeddable":true,"href":"https:\/\/listman.shop\/autoparts-br\/wp-json\/wp\/v2\/product_brand?post=41076"},{"taxonomy":"product_cat","embeddable":true,"href":"https:\/\/listman.shop\/autoparts-br\/wp-json\/wp\/v2\/product_cat?post=41076"},{"taxonomy":"product_tag","embeddable":true,"href":"https:\/\/listman.shop\/autoparts-br\/wp-json\/wp\/v2\/product_tag?post=41076"}],"curies":[{"name":"wp","href":"https:\/\/api.w.org\/{rel}","templated":true}]}}