{"id":41717,"date":"2025-03-27T08:32:34","date_gmt":"2025-03-26T23:32:34","guid":{"rendered":"https:\/\/listman.shop\/autoparts-br\/product\/1005005364236730\/"},"modified":"2026-04-08T00:51:35","modified_gmt":"2026-04-07T15:51:35","slug":"1005005364236730","status":"publish","type":"product","link":"https:\/\/listman.shop\/autoparts-br\/product\/1005005364236730\/","title":{"rendered":"2x seta carro led luz de circula\u00e7\u00e3o diurna 12v drl switchback tiras com \u00e2mbar e branco fluxo sequencial luzes sinal volta"},"content":{"rendered":"<div class=\"detailmodule_html\">\n<div class=\"detail-desc-decorate-richtext\">\n<p><\/p>\n<div class=\"detailmodule_media\">\n<div class=\"video-container-1100081808677\">\n<div class=\"detail-video\" id=\"1100081808677\" data-previewurl=\"https:\/\/ae01.alicdn.com\/kf\/S929f0c0e81864b63b6be80f705b551e0Y.jpg\"><\/div>\n<\/div>\n<\/div>\n<p><\/p>\n<p><\/p>\n<p><span style=\"font-size:14px\">Novo design de seta LED luzes piscantes sequenciais \u00e2mbar (luz de sinaliza\u00e7\u00e3o) e interruptor branco (DRL).<br \/>Light Strip aumenta sua seguran\u00e7a e adiciona a apar\u00eancia elegante de alto desempenho visto nos ve\u00edculos de alto desempenho de hoje.<br \/>Permite que voc\u00ea mude do uso dos far\u00f3is padr\u00e3o para uma fonte de luz LED durante o dia.<br \/><\/span><span style=\"font-size:14px\"><strong>Especifica\u00e7\u00e3o:<\/strong><\/span><\/p>\n<ul style=\", Roboto, Arial, Helvetica, sans-serif, SimSun;font-size:14px;font-weight:400;letter-spacing:normal;text-align:start;white-space:normal;margin:0px;margin-bottom:0px;margin-top:0px;margin-left:0px;margin-right:0px;padding:0px;padding-bottom:0px;padding-top:0px;padding-left:0px;padding-right:0px\">\n<li style=\"margin:0px;margin-bottom:0px;margin-top:0px;margin-left:0px;margin-right:0px;padding:0px;padding-bottom:0px;padding-top:0px;padding-left:0px;padding-right:0px\">\n<p><span style=\"font-size:14px\">Cada faixa consiste em 9 unidades de m\u00f3dulos de LEDs SMD 2835 de duas cores (181 LEDs).<\/span><\/p>\n<\/li>\n<li style=\"margin:0px;margin-bottom:0px;margin-top:0px;margin-left:0px;margin-right:0px;padding:0px;padding-bottom:0px;padding-top:0px;padding-left:0px;padding-right:0px\">\n<p><span style=\"font-size:14px\">F\u00e1cil de instalar com base adesiva dupla face.<\/span><\/p>\n<\/li>\n<li style=\"margin:0px;margin-bottom:0px;margin-top:0px;margin-left:0px;margin-right:0px;padding:0px;padding-bottom:0px;padding-top:0px;padding-left:0px;padding-right:0px\">\n<p><span style=\"font-size:14px\">L\u00famen: 1200LM<\/span><\/p>\n<\/li>\n<li style=\"margin:0px;margin-bottom:0px;margin-top:0px;margin-left:0px;margin-right:0px;padding:0px;padding-bottom:0px;padding-top:0px;padding-left:0px;padding-right:0px\">\n<p><span style=\"font-size:14px\">Tens\u00e3o de entrada: 12V<\/span><\/p>\n<\/li>\n<li style=\"margin:0px;margin-bottom:0px;margin-top:0px;margin-left:0px;margin-right:0px;padding:0px;padding-bottom:0px;padding-top:0px;padding-left:0px;padding-right:0px\">\n<p><span style=\"font-size:14px\">Dimens\u00e3o da l\u00e2mpada: C x L x A = 12,48 Pol * 0,94 Pol * 0,59 Pol.<\/span><\/p>\n<\/li>\n<\/ul>\n<p><span style=\"font-size:14px\"><span style=\"font-size:14px\"><strong>Caracter\u00edstica:<\/strong><\/span><\/span><span style=\"font-size:14px\"><span style=\"font-size:14px\"><br \/>Fun\u00e7\u00e3o: Cada faixa consiste em 9 unidades de m\u00f3dulos de LEDs SMD 2835 de duas cores (181 LEDs). Corpo de alta transmit\u00e2ncia de luz, luz uniforme.Usado como luzes diurnas DRLs, \u00e9 branco; usado como luz de sinaliza\u00e7\u00e3o, \u00e9 amarelo\/\u00e2mbar e flui como \u00e1gua.<br \/>Conex\u00e3o: Fio de bloqueio para positivo da bateria(-);Fio branco: conecte o positivo da bateria (+);Fio vermelho para ACC, fio amarelo para linha de sinal de giro.Tens\u00e3o: 9-24V.Tamanho: C x L x A = 12,48In * 0,94Pol. * 0,59Pol.<br \/>F\u00e1cil instala\u00e7\u00e3o: fita dupla face, adesivo de prote\u00e7\u00e3o remov\u00edvel e fixado diretamente no local desejado.(Nota: A posi\u00e7\u00e3o do adesivo \u00e9 mantida limpa e seca).Com os parafusos, voc\u00ea pode fixar a posi\u00e7\u00e3o do parafuso em ambas as extremidades do corpo da l\u00e2mpada ao ve\u00edculo.<br \/>Lembrete caloroso: Fa\u00e7a um teste de funcionamento normal antes da instala\u00e7\u00e3o para evitar problemas.As etapas espec\u00edficas s\u00e3o as seguintes: linha branca + vermelha conectada \u00e0 energia +, linha preta conectada \u00e0 energia &#8211; (luz branca, luz diurna);linha branca + amarela conectada \u00e0 alimenta\u00e7\u00e3o + p\u00f3lo, linha preta conectada \u00e0 alimenta\u00e7\u00e3o &#8211; (luz amarela pisca como \u00e1gua, luz de dire\u00e7\u00e3o de sinal);Entre em contato conosco se tiver d\u00favidas.<\/p>\n<p><\/span><\/span><span style=\"font-size:14px\"><strong><span style=\"font-size:14px\">Aplica\u00e7\u00e3o:<\/span><\/strong><\/span><span style=\"font-size:14px\"><span style=\"font-size:14px\"><br \/>Amplamente utilizado: as tiras de LED s\u00e3o flex\u00edveis e flex\u00edveis e podem ser dobradas ao longo da curva do farol para a maioria dos carros, caminh\u00f5es e SUVs.<\/span><\/span><\/p>\n<\/p>\n<p><img data-recalc-dims=\"1\" decoding=\"async\" src=\"https:\/\/i0.wp.com\/ae01.alicdn.com\/kf\/Saec812278bbd4c6eb80aa9b963698d779.jpg?w=1200&#038;ssl=1\"><img data-recalc-dims=\"1\" decoding=\"async\" src=\"https:\/\/i0.wp.com\/ae01.alicdn.com\/kf\/Sd6c7f83eaa894f32a6fa31535cbd10fbq.jpg?w=1200&#038;ssl=1\"><img data-recalc-dims=\"1\" decoding=\"async\" src=\"https:\/\/i0.wp.com\/ae01.alicdn.com\/kf\/S2823317344eb474e8e6eb8e1e75f0e78E.jpg?w=1200&#038;ssl=1\"><img data-recalc-dims=\"1\" decoding=\"async\" src=\"https:\/\/i0.wp.com\/ae01.alicdn.com\/kf\/S67ec3e9d874b4d8884e7f91110c076ac2.jpg?w=1200&#038;ssl=1\"><img data-recalc-dims=\"1\" decoding=\"async\" src=\"https:\/\/i0.wp.com\/ae01.alicdn.com\/kf\/Sf75de5dfb16a4822b540a47aa4ca214es.jpg?w=1200&#038;ssl=1\"><img data-recalc-dims=\"1\" decoding=\"async\" src=\"https:\/\/i0.wp.com\/ae01.alicdn.com\/kf\/S2f63714cdfb2476296ee6c63c2f95cacb.jpg?w=1200&#038;ssl=1\"><img data-recalc-dims=\"1\" decoding=\"async\" src=\"https:\/\/i0.wp.com\/ae01.alicdn.com\/kf\/Sf396d03521c84fe7b8bb8ffffce6fb1av.jpg?w=1200&#038;ssl=1\"><img data-recalc-dims=\"1\" decoding=\"async\" src=\"https:\/\/i0.wp.com\/ae01.alicdn.com\/kf\/S5d454c1ba94d45548a3c251243aa02dfI.jpg?w=1200&#038;ssl=1\"><img data-recalc-dims=\"1\" decoding=\"async\" src=\"https:\/\/i0.wp.com\/ae01.alicdn.com\/kf\/S1bc89000ed97408987d56d0c6fffa80aX.jpg?w=1200&#038;ssl=1\"><img data-recalc-dims=\"1\" decoding=\"async\" src=\"https:\/\/i0.wp.com\/ae01.alicdn.com\/kf\/S35ce6502576f4e3eb2b80b365f5a85a0X.jpg?w=1200&#038;ssl=1\"><img data-recalc-dims=\"1\" decoding=\"async\" src=\"https:\/\/i0.wp.com\/ae01.alicdn.com\/kf\/Sa094617de8d44e36a9e56e5662da8f20N.jpg?w=1200&#038;ssl=1\"><\/p>\n<\/p>\n<p><\/p>\n<p><\/div>\n<\/div>\n","protected":false},"excerpt":{"rendered":"<p>Novo design de seta LED luzes piscantes sequenciais \u00e2mbar (luz de sinaliza\u00e7\u00e3o) e interruptor branco (DRL).Light Strip aumenta sua seguran\u00e7a e adiciona a apar\u00eancia elegante de alto desempenho visto nos ve\u00edculos de alto desempenho de hoje.Permite que voc\u00ea mude do uso dos far\u00f3is padr\u00e3o para uma fonte de luz LED durante o dia.Especifica\u00e7\u00e3o: Cada faixa&hellip;&nbsp;<\/p>\n","protected":false},"featured_media":41711,"template":"","meta":{"neve_meta_sidebar":"","neve_meta_container":"","neve_meta_enable_content_width":"","neve_meta_content_width":0,"neve_meta_title_alignment":"","neve_meta_author_avatar":"","neve_post_elements_order":"","neve_meta_disable_header":"","neve_meta_disable_footer":"","neve_meta_disable_title":""},"product_brand":[],"product_cat":[72,19,17],"product_tag":[],"class_list":{"0":"post-41717","1":"product","2":"type-product","3":"status-publish","4":"has-post-thumbnail","6":"product_cat-lampada-sinalizadora","7":"product_cat-luzes-automotivas","8":"product_cat-pecas-e-acessorios-automotivos","10":"first","11":"instock","12":"shipping-taxable","13":"purchasable","14":"product-type-variable","15":"has-default-attributes"},"jetpack_sharing_enabled":true,"_links":{"self":[{"href":"https:\/\/listman.shop\/autoparts-br\/wp-json\/wp\/v2\/product\/41717","targetHints":{"allow":["GET"]}}],"collection":[{"href":"https:\/\/listman.shop\/autoparts-br\/wp-json\/wp\/v2\/product"}],"about":[{"href":"https:\/\/listman.shop\/autoparts-br\/wp-json\/wp\/v2\/types\/product"}],"wp:featuredmedia":[{"embeddable":true,"href":"https:\/\/listman.shop\/autoparts-br\/wp-json\/wp\/v2\/media\/41711"}],"wp:attachment":[{"href":"https:\/\/listman.shop\/autoparts-br\/wp-json\/wp\/v2\/media?parent=41717"}],"wp:term":[{"taxonomy":"product_brand","embeddable":true,"href":"https:\/\/listman.shop\/autoparts-br\/wp-json\/wp\/v2\/product_brand?post=41717"},{"taxonomy":"product_cat","embeddable":true,"href":"https:\/\/listman.shop\/autoparts-br\/wp-json\/wp\/v2\/product_cat?post=41717"},{"taxonomy":"product_tag","embeddable":true,"href":"https:\/\/listman.shop\/autoparts-br\/wp-json\/wp\/v2\/product_tag?post=41717"}],"curies":[{"name":"wp","href":"https:\/\/api.w.org\/{rel}","templated":true}]}}