{"id":42226,"date":"2025-03-27T08:57:51","date_gmt":"2025-03-26T23:57:51","guid":{"rendered":"https:\/\/listman.shop\/autoparts-br\/product\/1005005953144552\/"},"modified":"2026-05-04T15:50:05","modified_gmt":"2026-05-04T06:50:05","slug":"1005005953144552","status":"publish","type":"product","link":"https:\/\/listman.shop\/autoparts-br\/product\/1005005953144552\/","title":{"rendered":"Luz refletora do para-choque traseiro ANGRONG L&amp;R para Mitsubishi Pajero Montero Shogun V73 V77 2002-2006"},"content":{"rendered":"<div class=\"detailmodule_html\">\n<div class=\"detail-desc-decorate-richtext\">\n<div class=\"detailmodule_html\">\n<div class=\"detail-desc-decorate-richtext\">\n<p style=\"font-family:Arial;font-size:16px;line-height:inherit;border:0px;margin:0px;margin-bottom:0px;margin-top:0px;margin-left:0px;margin-right:0px;padding:0px;padding-bottom:0px;padding-top:0px;padding-left:0px;padding-right:0px\"><span style=\"font-size:14px;font-family:inherit\"><span style=\"font-size:inherit;font-family:arial, helvetica, sans-serif\"><u><span style=\"font-size:inherit;font-family:inherit\">Descri\u00e7\u00e3o<\/span><\/u><\/span><\/span><span style=\"font-size:14px;font-family:inherit\"><span style=\"font-size:inherit;font-family:arial, helvetica, sans-serif\">:<\/span><\/span><\/p>\n<ul style=\"font-family:Arial;font-size:16px;line-height:inherit;border:0px;margin:0px 0px 0px 20px;margin-bottom:0px;margin-top:0px;margin-left:20px;margin-right:0px;padding-left:0px;padding-right:0px\">\n<li style=\"font-family:inherit;font-size:inherit;font-weight:inherit;line-height:inherit;border:0px;margin:0px;margin-bottom:0px;margin-top:0px;margin-left:0px;margin-right:0px;padding:0px;padding-bottom:0px;padding-top:0px;padding-left:0px;padding-right:0px\">\n<p><span style=\"font-size:14px;font-family:inherit\"><span style=\"font-size:inherit;font-family:arial, helvetica, sans-serif\">Um par (esquerda e direita) de luz refletora de para-choque de neblina traseira de terceiros para Mitsubishi Pajero 2002-2006<\/span><\/span><\/p>\n<\/li>\n<li style=\"font-family:inherit;font-size:inherit;font-weight:inherit;line-height:inherit;border:0px;margin:0px;margin-bottom:0px;margin-top:0px;margin-left:0px;margin-right:0px;padding:0px;padding-bottom:0px;padding-top:0px;padding-left:0px;padding-right:0px\">\n<p><span style=\"font-size:14px;font-family:inherit\"><span style=\"font-size:inherit;font-family:arial, helvetica, sans-serif\">Temperatura de cor vermelha brilhante e \u00e2mbar.luz<\/span><\/span><\/p>\n<\/li>\n<li style=\"font-family:inherit;font-size:inherit;font-weight:inherit;line-height:inherit;border:0px;margin:0px;margin-bottom:0px;margin-top:0px;margin-left:0px;margin-right:0px;padding:0px;padding-bottom:0px;padding-top:0px;padding-left:0px;padding-right:0px\">\n<p><span style=\"font-size:14px;font-family:inherit\"><span style=\"font-size:inherit;font-family:arial, helvetica, sans-serif\">Com<\/span><\/span><span style=\"font-size:14px;font-family:inherit\"><span style=\"font-size:inherit;font-family:arial, helvetica, sans-serif\"><span style=\"font-size:inherit;font-family:inherit\">tampa de lente vermelha e transparente<\/span><\/span><\/span><\/p>\n<\/li>\n<li style=\"font-family:inherit;font-size:inherit;font-weight:inherit;line-height:inherit;border:0px;margin:0px;margin-bottom:0px;margin-top:0px;margin-left:0px;margin-right:0px;padding:0px;padding-bottom:0px;padding-top:0px;padding-left:0px;padding-right:0px\">\n<p><span style=\"font-size:14px;font-family:inherit\"><span style=\"font-size:inherit;font-family:arial, helvetica, sans-serif\">Tens\u00e3o: 12V CC<\/span><\/span><\/p>\n<\/li>\n<li style=\"font-family:inherit;font-size:inherit;font-weight:inherit;line-height:inherit;border:0px;margin:0px;margin-bottom:0px;margin-top:0px;margin-left:0px;margin-right:0px;padding:0px;padding-bottom:0px;padding-top:0px;padding-left:0px;padding-right:0px\">\n<p><span style=\"font-size:14px;font-family:inherit\"><span style=\"font-size:inherit;font-family:arial, helvetica, sans-serif\">L\u00e2mpada hal\u00f3gena inclu\u00edda<\/span><\/span><\/p>\n<\/li>\n<li style=\"font-family:inherit;font-size:inherit;font-weight:inherit;line-height:inherit;border:0px;margin:0px;margin-bottom:0px;margin-top:0px;margin-left:0px;margin-right:0px;padding:0px;padding-bottom:0px;padding-top:0px;padding-left:0px;padding-right:0px\">\n<p><span style=\"font-size:14px;font-family:inherit\"><span style=\"font-size:inherit;font-family:arial, helvetica, sans-serif\">L\u00e2mpada de montagem do refletor<\/span><\/span><\/p>\n<\/li>\n<li style=\"font-family:inherit;font-size:inherit;font-weight:inherit;line-height:inherit;border:0px;margin:0px;margin-bottom:0px;margin-top:0px;margin-left:0px;margin-right:0px;padding:0px;padding-bottom:0px;padding-top:0px;padding-left:0px;padding-right:0px\">\n<p><span style=\"font-size:14px;font-family:inherit\"><span style=\"font-size:inherit;font-family:arial, helvetica, sans-serif\">Ele pode substituir diretamente a luz refletora do para-choque de neblina traseiro original<\/span><\/span><\/p>\n<\/li>\n<\/ul>\n<p style=\"font-family:Arial;font-size:16px;line-height:inherit;border:0px;margin:0px;margin-bottom:0px;margin-top:0px;margin-left:0px;margin-right:0px;padding:0px;padding-bottom:0px;padding-top:0px;padding-left:0px;padding-right:0px\"><span style=\"font-size:14px;font-family:inherit\"><span style=\"font-size:inherit;font-family:arial, helvetica, sans-serif\"><span style=\"font-size:inherit;font-family:inherit\"><u><span style=\"font-size:inherit;font-family:inherit\">Aplica\u00e7\u00f5es Montagem desta luz refletora do para-choque traseiro:<\/span><\/u><\/span><\/span><\/span><\/p>\n<p><\/p>\n<p style=\"font-family:Arial;font-size:16px;line-height:inherit;border:0px;margin:0px;margin-bottom:0px;margin-top:0px;margin-left:0px;margin-right:0px;padding:0px;padding-bottom:0px;padding-top:0px;padding-left:0px;padding-right:0px\"><span style=\"font-size:14px;font-family:inherit\"><span style=\"font-size:inherit;font-family:arial, helvetica, sans-serif\">Estoque OEM original\/n\u00fameros de pe\u00e7as:<\/span><\/span><\/p>\n<p style=\"font-family:Arial;font-size:16px;line-height:inherit;border:0px;margin:0px;margin-bottom:0px;margin-top:0px;margin-left:0px;margin-right:0px;padding:0px;padding-bottom:0px;padding-top:0px;padding-left:0px;padding-right:0px\"><span style=\"font-size:inherit;font-family:inherit\"><span style=\"font-size:14px;font-family:inherit\"><span style=\"font-size:inherit;font-family:arial, helvetica, sans-serif\">MN133775,<\/span><\/span><\/span><span style=\"font-size:14px;font-family:arial, helvetica, sans-serif\">MN133776<\/span><\/p>\n<p style=\"font-family:Arial;font-size:16px;line-height:inherit;border:0px;margin:0px;margin-bottom:0px;margin-top:0px;margin-left:0px;margin-right:0px;padding:0px;padding-bottom:0px;padding-top:0px;padding-left:0px;padding-right:0px\"><u><span style=\"font-size:inherit;font-family:inherit\">Para Mitsubishi:<\/span><\/u><\/p>\n<p><\/p>\n<p style=\"font-family:Arial;font-size:16px;line-height:inherit;border:0px;margin:0px;margin-bottom:0px;margin-top:0px;margin-left:0px;margin-right:0px;padding:0px;padding-bottom:0px;padding-top:0px;padding-left:0px;padding-right:0px\"><span style=\"font-size:14px;font-family:inherit\"><span style=\"font-size:inherit;font-family:arial, helvetica, sans-serif\">Para Mitsubishi Pajero Montero Shogun V73 V77<\/span><\/span><span style=\"font-size:14px;font-family:arial, helvetica, sans-serif\">10\/2002 &#8211; 08\/2006<\/span><\/p>\n<p><\/p>\n<p style=\"font-family:Arial;font-size:16px;line-height:inherit;border:0px;margin:0px;margin-bottom:0px;margin-top:0px;margin-left:0px;margin-right:0px;padding:0px;padding-bottom:0px;padding-top:0px;padding-left:0px;padding-right:0px\"><span style=\"font-size:inherit;font-family:arial, helvetica, sans-serif\"><span style=\"font-size:14px;font-family:inherit\"><span style=\"font-size:inherit;font-family:inherit\"><span style=\"font-size:inherit;font-family:inherit\">VERIFIQUE O MONTAGEM CORRETO ANTES DE COMPRAR!!!<\/span><\/span><\/span><\/span><\/p>\n<p><\/p>\n<p style=\"font-family:Arial;font-size:16px;line-height:inherit;border:0px;margin:0px;margin-bottom:0px;margin-top:0px;margin-left:0px;margin-right:0px;padding:0px;padding-bottom:0px;padding-top:0px;padding-left:0px;padding-right:0px\"><span style=\"font-size:inherit;font-family:arial, helvetica, sans-serif\"><span style=\"font-size:14px;font-family:inherit\"><u><span style=\"font-size:inherit;font-family:inherit\">Pacote inclu\u00eddo:<\/span><\/u><\/span><\/span><\/p>\n<p style=\"font-family:Arial;font-size:16px;line-height:inherit;border:0px;margin:0px;margin-bottom:0px;margin-top:0px;margin-left:0px;margin-right:0px;padding:0px;padding-bottom:0px;padding-top:0px;padding-left:0px;padding-right:0px\"><span style=\"font-size:inherit;font-family:arial, helvetica, sans-serif\"><span style=\"font-size:14px;font-family:inherit\">1x para Mitsubishi Pajero Montero Shogun luz refletora de para-choque de neblina traseira esquerda e direita (par)<\/span><\/span><br \/><img data-recalc-dims=\"1\" decoding=\"async\" src=\"https:\/\/i0.wp.com\/ae01.alicdn.com\/kf\/H7682d262159843b7907240215a15abc5w.jpg?w=1200\"><br \/><img data-recalc-dims=\"1\" decoding=\"async\" src=\"https:\/\/i0.wp.com\/ae01.alicdn.com\/kf\/Ha510cb384ff847b58c021a914a705536t.jpg?w=1200\"><br \/><img data-recalc-dims=\"1\" decoding=\"async\" src=\"https:\/\/i0.wp.com\/ae01.alicdn.com\/kf\/Hbe5824f8074e493388f849f987d122b6B.jpg?w=1200\"><\/p>\n<p><img data-recalc-dims=\"1\" decoding=\"async\" src=\"https:\/\/i0.wp.com\/ae01.alicdn.com\/kf\/H3618cfcb64464435a797719c9e5d814ci.jpg?w=1200\"><br \/><img data-recalc-dims=\"1\" decoding=\"async\" src=\"https:\/\/i0.wp.com\/ae01.alicdn.com\/kf\/H42667333bf5b4f9896b0eda3e9485e56U.jpg?w=1200\"><br \/><img data-recalc-dims=\"1\" decoding=\"async\" src=\"https:\/\/i0.wp.com\/ae01.alicdn.com\/kf\/Hef72118e935746e2b615b5dcad6635abj.jpg?w=1200\"><br \/><img data-recalc-dims=\"1\" decoding=\"async\" src=\"https:\/\/i0.wp.com\/ae01.alicdn.com\/kf\/H4b3569262e9e410a9a7b4f1b1b072fbaS.jpg?w=1200\"><br \/><img data-recalc-dims=\"1\" decoding=\"async\" src=\"https:\/\/i0.wp.com\/ae01.alicdn.com\/kf\/H57f47e080d614744acb557d1f22c519fW.jpg?w=1200\"><\/p>\n<\/div>\n<\/div>\n<p><\/div>\n<\/div>\n","protected":false},"excerpt":{"rendered":"<p>Descri\u00e7\u00e3o: Um par (esquerda e direita) de luz refletora de para-choque de neblina traseira de terceiros para Mitsubishi Pajero 2002-2006 Temperatura de cor vermelha brilhante e \u00e2mbar.luz Comtampa de lente vermelha e transparente Tens\u00e3o: 12V CC L\u00e2mpada hal\u00f3gena inclu\u00edda L\u00e2mpada de montagem do refletor Ele pode substituir diretamente a luz refletora do para-choque de neblina&hellip;&nbsp;<\/p>\n","protected":false},"featured_media":42220,"template":"","meta":{"neve_meta_sidebar":"","neve_meta_container":"","neve_meta_enable_content_width":"","neve_meta_content_width":0,"neve_meta_title_alignment":"","neve_meta_author_avatar":"","neve_post_elements_order":"","neve_meta_disable_header":"","neve_meta_disable_footer":"","neve_meta_disable_title":""},"product_brand":[],"product_cat":[95,19,17],"product_tag":[],"class_list":{"0":"post-42226","1":"product","2":"type-product","3":"status-publish","4":"has-post-thumbnail","6":"product_cat-assembleia-lampada-sinal","7":"product_cat-luzes-automotivas","8":"product_cat-pecas-e-acessorios-automotivos","10":"first","11":"instock","12":"shipping-taxable","13":"purchasable","14":"product-type-variable"},"jetpack_sharing_enabled":true,"_links":{"self":[{"href":"https:\/\/listman.shop\/autoparts-br\/wp-json\/wp\/v2\/product\/42226","targetHints":{"allow":["GET"]}}],"collection":[{"href":"https:\/\/listman.shop\/autoparts-br\/wp-json\/wp\/v2\/product"}],"about":[{"href":"https:\/\/listman.shop\/autoparts-br\/wp-json\/wp\/v2\/types\/product"}],"wp:featuredmedia":[{"embeddable":true,"href":"https:\/\/listman.shop\/autoparts-br\/wp-json\/wp\/v2\/media\/42220"}],"wp:attachment":[{"href":"https:\/\/listman.shop\/autoparts-br\/wp-json\/wp\/v2\/media?parent=42226"}],"wp:term":[{"taxonomy":"product_brand","embeddable":true,"href":"https:\/\/listman.shop\/autoparts-br\/wp-json\/wp\/v2\/product_brand?post=42226"},{"taxonomy":"product_cat","embeddable":true,"href":"https:\/\/listman.shop\/autoparts-br\/wp-json\/wp\/v2\/product_cat?post=42226"},{"taxonomy":"product_tag","embeddable":true,"href":"https:\/\/listman.shop\/autoparts-br\/wp-json\/wp\/v2\/product_tag?post=42226"}],"curies":[{"name":"wp","href":"https:\/\/api.w.org\/{rel}","templated":true}]}}